-- Table structure for table `migrations`
--

CREATE TABLE `migrations` (
  `id` int unsigned NOT NULL AUTO_INCREMENT,
  `migration` varchar(191) COLLATE utf8mb4_unicode_ci NOT NULL,
  `batch` int NOT NULL,
  PRIMARY KEY (`id`)
) ENGINE=InnoDB AUTO_INCREMENT=69 DEFAULT CHARSET=utf8mb4 COLLATE=utf8mb4_unicode_ci;

--
-- Dumping data for table `migrations`
--

INSERT INTO `migrations` VALUES (1,'2013_04_09_032329_create_base_tables',1),(2,'2013_04_09_062329_create_revisions_table',1),(3,'2014_10_12_000000_create_users_table',1),(4,'2014_10_12_100000_create_password_reset_tokens_table',1),(5,'2016_06_10_230148_create_acl_tables',1),(6,'2016_06_14_230857_create_menus_table',1),(7,'2016_06_28_221418_create_pages_table',1),(8,'2016_10_05_074239_create_setting_table',1),(9,'2016_11_28_032840_create_dashboard_widget_tables',1),(10,'2016_12_16_084601_create_widgets_table',1),(11,'2017_05_09_070343_create_media_tables',1),(12,'2017_11_03_070450_create_slug_table',1),(13,'2019_01_05_053554_create_jobs_table',1),(14,'2019_08_19_000000_create_failed_jobs_table',1),(15,'2019_12_14_000001_create_personal_access_tokens_table',1),(16,'2022_04_20_100851_add_index_to_media_table',1),(17,'2022_04_20_101046_add_index_to_menu_table',1),(18,'2022_07_10_034813_move_lang_folder_to_root',1),(19,'2022_08_04_051940_add_missing_column_expires_at',1),(20,'2022_09_01_000001_create_admin_notifications_tables',1),(21,'2022_10_14_024629_drop_column_is_featured',1),(22,'2022_11_18_063357_add_missing_timestamp_in_table_settings',1),(23,'2022_12_02_093615_update_slug_index_columns',1),(24,'2023_01_30_024431_add_alt_to_media_table',1),(25,'2023_02_16_042611_drop_table_password_resets',1),(26,'2023_04_23_005903_add_column_permissions_to_admin_notifications',1),(27,'2023_05_10_075124_drop_column_id_in_role_users_table',1),(28,'2015_06_29_025744_create_audit_history',2),(29,'2017_02_13_034601_create_blocks_table',3),(30,'2021_12_03_081327_create_blocks_translations',3),(31,'2015_06_18_033822_create_blog_table',4),(32,'2021_02_16_092633_remove_default_value_for_author_type',4),(33,'2021_12_03_030600_create_blog_translations',4),(34,'2022_04_19_113923_add_index_to_table_posts',4),(35,'2016_06_17_091537_create_contacts_table',5),(36,'2016_10_03_032336_create_languages_table',6),(37,'2021_10_25_021023_fix-priority-load-for-language-advanced',7),(38,'2021_12_03_075608_create_page_translations',7),(39,'2019_11_18_061011_create_country_table',8),(40,'2021_06_19_035514_update_city_table',8),(41,'2021_07_08_031045_remove_column_slug_from_cities_table',8),(42,'2021_12_03_084118_create_location_translations',8),(43,'2021_12_03_094518_migrate_old_location_data',8),(44,'2021_12_10_034440_switch_plugin_location_to_use_language_advanced',8),(45,'2022_01_19_045455_add_slug_for_table_cities',8),(46,'2022_08_08_085908_improve_plugin_location',8),(47,'2022_15_08_085908_improve_plugin_location',8),(48,'2017_10_24_154832_create_newsletter_table',9),(49,'2017_05_18_080441_create_payment_tables',10),(50,'2021_03_27_144913_add_customer_type_into_table_payments',10),(51,'2021_05_24_034720_make_column_currency_nullable',10),(52,'2021_08_09_161302_add_metadata_column_to_payments_table',10),(53,'2021_10_19_020859_update_metadata_field',10),(54,'2022_06_28_151901_activate_paypal_stripe_plugin',10),(55,'2022_07_07_153354_update_charge_id_in_table_payments',10),(56,'2018_06_22_032304_create_real_estate_table',11),(57,'2021_10_04_145603_update_package_multilanguage',11),(58,'2021_10_24_040004_add_code_table_re_property_types',11),(59,'2021_12_03_151812_add_parent_id_to_re_categories_table',11),(60,'2021_12_04_155038_add_subcategory_id_to_re_propeties_table',11),(61,'2021_12_10_034807_create_real_estate_translation_tables',11),(62,'2022_07_12_044647_add_property_label_column_to_properties_table',11),(63,'2023_01_03_141847_create_re_projects_table',11),(64,'2023_03_03_050121_update_projects_table',11),(65,'2017_07_11_140018_create_simple_slider_table',12),(66,'2018_07_09_214610_create_testimonial_table',13),(67,'2021_12_03_083642_create_testimonials_translations',13),(68,'2016_10_07_193005_create_translations_table',14);

--
-- Table structure for table `newsletters`
--

CREATE TABLE `newsletters` (
  `id` bigint unsigned NOT NULL AUTO_INCREMENT,
  `email` varchar(120) COLLATE utf8mb4_unicode_ci NOT NULL,
  `name` varchar(120) COLLATE utf8mb4_unicode_ci DEFAULT NULL,
  `status` varchar(60) COLLATE utf8mb4_unicode_ci NOT NULL DEFAULT 'subscribed',
  `created_at` timestamp NULL DEFAULT NULL,
  `updated_at` timestamp NULL DEFAULT NULL,
  PRIMARY KEY (`id`)
) ENGINE=InnoDB DEFAULT CHARSET=utf8mb4 COLLATE=utf8mb4_unicode_ci;

--
-- Dumping data for table `newsletters`
--


--
-- Table structure for table `pages`
--

CREATE TABLE `pages` (
  `id` bigint unsigned NOT NULL AUTO_INCREMENT,
  `name` varchar(120) COLLATE utf8mb4_unicode_ci NOT NULL,
  `content` longtext COLLATE utf8mb4_unicode_ci,
  `user_id` bigint unsigned NOT NULL,
  `image` varchar(255) COLLATE utf8mb4_unicode_ci DEFAULT NULL,
  `template` varchar(60) COLLATE utf8mb4_unicode_ci DEFAULT NULL,
  `description` varchar(400) COLLATE utf8mb4_unicode_ci DEFAULT NULL,
  `status` varchar(60) COLLATE utf8mb4_unicode_ci NOT NULL DEFAULT 'published',
  `created_at` timestamp NULL DEFAULT NULL,
  `updated_at` timestamp NULL DEFAULT NULL,
  PRIMARY KEY (`id`),
  KEY `pages_user_id_index` (`user_id`)
) ENGINE=InnoDB AUTO_INCREMENT=17 DEFAULT CHARSET=utf8mb4 COLLATE=utf8mb4_unicode_ci;

--
-- Dumping data for table `pages`
--

INSERT INTO `pages` VALUES (1,'Home','<div>[hero-banner title=\"Find accessible homes to rent\" bg=\"banners/banner-1.jpg\"][/hero-banner]</div><div>[static-block alias=\"how-it-works\"][/static-block]</div><div>[featured-properties title=\"Explore Good Places\" limit=\"6\" style=\"2\" type=\"2\"]At vero eos et accusamus et iusto odio dignissimos ducimus qui blanditiis praesentium voluptatum deleniti atque corrupti quos dolores[/featured-properties]</div><div>[properties-by-locations title=\"Find By Locations\"]At vero eos et accusamus et iusto odio dignissimos ducimus qui blanditiis praesentium voluptatum deleniti atque corrupti quos dolores[/properties-by-locations]</div><div>[testimonials title=\"Good Reviews By Customers\" description=\"At vero eos et accusamus et iusto odio dignissimos ducimus qui blanditiis praesentium voluptatum deleniti atque corrupti quos dolores\"][/testimonials]</div><div>[our-packages title=\"See Our Packages\" description=\"At vero eos et accusamus et iusto odio dignissimos ducimus qui blanditiis praesentium voluptatum deleniti atque corrupti quos dolores\"][/our-packages]</div><div>[recently-viewed-properties title=\"Recently Viewed Properties\" subtitle=\"Your currently viewed properties.\"][/recently-viewed-properties]</div>',1,NULL,'homepage',NULL,'published','2023-07-02 05:01:59','2023-07-02 05:01:59'),(2,'Home layout 2','<div>[hero-banner title=\"Find accessible homes to rent\" bg=\"banners/banner-svg.jpg\" style=\"2\"]Find Your Perfect Place.[/hero-banner]</div><div>[static-block alias=\"achievement\"][/static-block]</div><div>[properties-slide title=\"Recent Property For Rent\" limit=\"6\"]At vero eos et accusamus et iusto odio dignissimos ducimus qui blanditiis praesentium voluptatum deleniti atque corrupti quos dolores[/properties-slide]</div><div>[featured-properties title=\"Featured Property For Sale\" limit=\"6\" style=\"1\" type=\"2\"]At vero eos et accusamus et iusto odio dignissimos ducimus qui blanditiis praesentium voluptatum deleniti atque corrupti quos dolores[/featured-properties]</div><div>[featured-agents title=\"Explore Featured Agents\"]At vero eos et accusamus et iusto odio dignissimos ducimus qui blanditiis praesentium voluptatum deleniti atque corrupti quos dolores[/featured-agents]</div><div>[testimonials title=\"Good Reviews By Customers\" description=\"At vero eos et accusamus et iusto odio dignissimos ducimus qui blanditiis praesentium voluptatum deleniti atque corrupti quos dolores\"][/testimonials]</div><div>[our-packages title=\"See Our Packages\" description=\"At vero eos et accusamus et iusto odio dignissimos ducimus qui blanditiis praesentium voluptatum deleniti atque corrupti quos dolores\"][/our-packages]</div><div>[static-block alias=\"download-app\"][/static-block]</div>',1,NULL,'homepage',NULL,'published','2023-07-02 05:01:59','2023-07-02 05:01:59'),(3,'Home layout 3','<div>[hero-banner title=\"Find Your Property\" bg=\"banners/banner-3.jpg\" style=\"3\" overlay=\"6\"]From as low as $10 per day with limited time offer[/hero-banner]</div><div>[featured-properties title=\"Explore Good Places\" limit=\"6\" style=\"2\" type=\"2\"]At vero eos et accusamus et iusto odio dignissimos ducimus qui blanditiis praesentium voluptatum deleniti atque corrupti quos dolores[/featured-properties]</div><div>[properties-by-locations title=\"Find By Locations\"]At vero eos et accusamus et iusto odio dignissimos ducimus qui blanditiis praesentium voluptatum deleniti atque corrupti quos dolores[/properties-by-locations]</div><div>[static-block alias=\"how-it-works\"][/static-block]</div><div>[testimonials title=\"Good Reviews By Customers\" description=\"At vero eos et accusamus et iusto odio dignissimos ducimus qui blanditiis praesentium voluptatum deleniti atque corrupti quos dolores\"][/testimonials]</div><div>[our-packages title=\"See Our Packages\" description=\"At vero eos et accusamus et iusto odio dignissimos ducimus qui blanditiis praesentium voluptatum deleniti atque corrupti quos dolores\"][/our-packages]</div><div>[cover-banner title=\"Search Perfect Place In Your City\" bg=\"banners/banner-2.jpg\" btntext=\"Explore More Property\" btnlink=\"#\"]We post regulary most powerful articles for help and support.[/cover-banner]</div><div>[latest-news title=\"News By Resido,3\"]At vero eos et accusamus et iusto odio dignissimos ducimus qui blanditiis praesentium voluptatum deleniti atque corrupti quos dolores[/latest-news]</div>',1,NULL,'homepage',NULL,'published','2023-07-02 05:01:59','2023-07-02 05:01:59'),(4,'Home layout 4','<div>[hero-banner title=\"Find Your Place<br>of Dream\" bg=\"banners/banner-6.png\" style=\"4\"]Amet consectetur adipisicing <span class=\"badge badge-success\">New</span>[/hero-banner]</div><div>[static-block alias=\"achievement\"][/static-block]</div><div>[properties-slide title=\"Recent Property For Rent\" limit=\"6\" style=\"1\"]At vero eos et accusamus et iusto odio dignissimos ducimus qui blanditiis praesentium voluptatum deleniti atque corrupti quos dolores[/properties-slide]</div><div>[featured-properties title=\"Explore Good Places\" limit=\"6\" type=\"2\"]At vero eos et accusamus et iusto odio dignissimos ducimus qui blanditiis praesentium voluptatum deleniti atque corrupti quos dolores[/featured-properties]</div><div>[static-block alias=\"how-it-works\"][/static-block]</div><div>[testimonials title=\"Good Reviews By Customers\" description=\"At vero eos et accusamus et iusto odio dignissimos ducimus qui blanditiis praesentium voluptatum deleniti atque corrupti quos dolores\"][/testimonials]</div><div>[our-packages title=\"See Our Packages\" description=\"At vero eos et accusamus et iusto odio dignissimos ducimus qui blanditiis praesentium voluptatum deleniti atque corrupti quos dolores\"][/our-packages]</div><div>[static-block alias=\"download-app\"][/static-block]</div>',1,NULL,'homepage',NULL,'published','2023-07-02 05:01:59','2023-07-02 05:01:59'),(5,'Home layout 5','<div>[hero-banner title=\"Find Your Perfect Place.\" bg=\"banners/home-2.png\" style=\"5\"]Amet consectetur adipisicing New[/hero-banner]</div><div>[featured-properties title=\"Explore Good Places\" limit=\"6\" style=\"2\" type=\"2\"]At vero eos et accusamus et iusto odio dignissimos ducimus qui blanditiis praesentium voluptatum deleniti atque corrupti quos dolores[/featured-properties]</div><div>[properties-by-locations title=\"Find By Locations\"]At vero eos et accusamus et iusto odio dignissimos ducimus qui blanditiis praesentium voluptatum deleniti atque corrupti quos dolores[/properties-by-locations]</div><div>[featured-properties title=\"Explore Good Places\" limit=\"6\" style=\"1\" type=\"1\"]At vero eos et accusamus et iusto odio dignissimos ducimus qui blanditiis praesentium voluptatum deleniti atque corrupti quos dolores[/featured-properties]</div><div>[testimonials title=\"Good Reviews By Customers\" description=\"At vero eos et accusamus et iusto odio dignissimos ducimus qui blanditiis praesentium voluptatum deleniti atque corrupti quos dolores\"][/testimonials]</div><div>[our-packages title=\"See Our Packages\" description=\"At vero eos et accusamus et iusto odio dignissimos ducimus qui blanditiis praesentium voluptatum deleniti atque corrupti quos dolores\"][/our-packages]</div><div>[static-block alias=\"download-app\"][/static-block]</div>',1,NULL,'homepage',NULL,'published','2023-07-02 05:01:59','2023-07-02 05:01:59'),(6,'Home layout 6','<div>[hero-banner title=\"Amet consectetur adipisicing\" bg=\"banners/banner-6.png\" style=\"6\"]Find Your Place <br>Of Dream[/hero-banner]</div><div>[static-block alias=\"achievement\"][/static-block]</div><div>[properties-slide title=\"Recent Property For Rent\" limit=\"6\" style=\"1\"]At vero eos et accusamus et iusto odio dignissimos ducimus qui blanditiis praesentium voluptatum deleniti atque corrupti quos dolores[/properties-slide]</div><div>[properties-by-locations title=\"Find By Locations\"]At vero eos et accusamus et iusto odio dignissimos ducimus qui blanditiis praesentium voluptatum deleniti atque corrupti quos dolores[/properties-by-locations]</div><div>[featured-properties title=\"Explore Good Places\" limit=\"8\" style=\"1\" type=\"2\"]At vero eos et accusamus et iusto odio dignissimos ducimus qui blanditiis praesentium voluptatum deleniti atque corrupti quos dolores[/featured-properties]</div><div>[static-block alias=\"how-it-works\"][/static-block]</div><div>[testimonials title=\"Good Reviews By Customers\" description=\"At vero eos et accusamus et iusto odio dignissimos ducimus qui blanditiis praesentium voluptatum deleniti atque corrupti quos dolores\"][/testimonials]</div><div>[our-packages title=\"See Our Packages\" description=\"At vero eos et accusamus et iusto odio dignissimos ducimus qui blanditiis praesentium voluptatum deleniti atque corrupti quos dolores\"][/our-packages]</div><div>[static-block alias=\"download-app\"][/static-block]</div>',1,NULL,'homepage',NULL,'published','2023-07-02 05:01:59','2023-07-02 05:01:59'),(7,'Home layout 7','<div>[hero-banner title=\"Find accessible homes to rent\" bg=\"banners/banner-1.jpg\"]</div><div>[featured-properties title=\"Explore Good Places\" limit=\"6\" style=\"1\" type=\"2\"]At vero eos et accusamus et iusto odio dignissimos ducimus qui blanditiis praesentium voluptatum deleniti atque corrupti quos dolores[/featured-properties]</div><div>[properties-by-locations title=\"Find By Locations\"]At vero eos et accusamus et iusto odio dignissimos ducimus qui blanditiis praesentium voluptatum deleniti atque corrupti quos dolores[/properties-by-locations]</div><div>[static-block alias=\"how-it-works\"][/static-block]</div><div>[cover-banner title=\"Search Perfect Place In Your City\" bg=\"banners/banner-2.jpg\" btntext=\"Explore More Property\" btnlink=\"#\"]We post regulary most powerful articles for help and support.[/cover-banner]</div><div>[latest-news title=\"News By Resido,3\"]At vero eos et accusamus et iusto odio dignissimos ducimus qui blanditiis praesentium voluptatum deleniti atque corrupti quos dolores[/latest-news]</div>',1,NULL,'homepage',NULL,'published','2023-07-02 05:01:59','2023-07-02 05:01:59'),(8,'Home layout 8','<div>[properties-hero-slide limit=\"6\"][/properties-hero-slide]</div><div>[static-block alias=\"how-it-works\"][/static-block]</div><div>[featured-properties title=\"Explore Good Places\" limit=\"6\" style=\"2\" type=\"2\"]At vero eos et accusamus et iusto odio dignissimos ducimus qui blanditiis praesentium voluptatum deleniti atque corrupti quos dolores[/featured-properties]</div><div>[properties-by-locations title=\"Find By Locations\"]At vero eos et accusamus et iusto odio dignissimos ducimus qui blanditiis praesentium voluptatum deleniti atque corrupti quos dolores[/properties-by-locations]</div><div>[testimonials title=\"Good Reviews By Customers\" description=\"At vero eos et accusamus et iusto odio dignissimos ducimus qui blanditiis praesentium voluptatum deleniti atque corrupti quos dolores\"][/testimonials]</div><div>[our-packages title=\"See Our Packages\" description=\"At vero eos et accusamus et iusto odio dignissimos ducimus qui blanditiis praesentium voluptatum deleniti atque corrupti quos dolores\"][/our-packages]</div>',1,NULL,'homepage',NULL,'published','2023-07-02 05:01:59','2023-07-02 05:01:59'),(9,'Home layout 9','<div>[hero-banner title=\"Find accessible homes to rent\" bg=\"banners/new-banner.jpg\" style=\"2\"]Find Your Perfect Place.[/hero-banner]</div><div>[static-block alias=\"achievement\"][/static-block]</div><div>[properties-slide title=\"Recent Property For Rent\" limit=\"6\"]At vero eos et accusamus et iusto odio dignissimos ducimus qui blanditiis praesentium voluptatum deleniti atque corrupti quos dolores[/properties-slide]</div><div>[featured-properties title=\"Explore Good Places\" limit=\"6\" type=\"2\"]At vero eos et accusamus et iusto odio dignissimos ducimus qui blanditiis praesentium voluptatum deleniti atque corrupti quos dolores[/featured-properties]</div><div>[featured-agents title=\"Explore Featured Agents\"]At vero eos et accusamus et iusto odio dignissimos ducimus qui blanditiis praesentium voluptatum deleniti atque corrupti quos dolores[/featured-agents]</div><div>[testimonials title=\"Good Reviews By Customers\" description=\"At vero eos et accusamus et iusto odio dignissimos ducimus qui blanditiis praesentium voluptatum deleniti atque corrupti quos dolores\"][/testimonials]</div><div>[our-packages title=\"See Our Packages\" description=\"At vero eos et accusamus et iusto odio dignissimos ducimus qui blanditiis praesentium voluptatum deleniti atque corrupti quos dolores\"][/our-packages]</div><div>[static-block alias=\"download-app\"][/static-block]</div>',1,NULL,'homepage',NULL,'published','2023-07-02 05:02:00','2023-07-02 05:02:00'),(10,'Map Home layout','<div>[hero-banner-style-map][/hero-banner-style-map]</div><div>[static-block alias=\"achievement\"][/static-block]</div><div>[properties-slide title=\"Recent Property For Rent\" limit=\"6\"]At vero eos et accusamus et iusto odio dignissimos ducimus qui blanditiis praesentium voluptatum deleniti atque corrupti quos dolores[/properties-slide]</div><div>[featured-properties title=\"Explore Good Places\" limit=\"6\" type=\"2\"]At vero eos et accusamus et iusto odio dignissimos ducimus qui blanditiis praesentium voluptatum deleniti atque corrupti quos dolores[/featured-properties]</div><div>[static-block alias=\"how-it-works\"][/static-block]</div><div>[testimonials title=\"Good Reviews By Customers\" description=\"At vero eos et accusamus et iusto odio dignissimos ducimus qui blanditiis praesentium voluptatum deleniti atque corrupti quos dolores\"][/testimonials]</div><div>[our-packages title=\"See Our Packages\" description=\"At vero eos et accusamus et iusto odio dignissimos ducimus qui blanditiis praesentium voluptatum deleniti atque corrupti quos dolores\"][/our-packages]</div><div>[static-block alias=\"download-app\"][/static-block]</div>',1,NULL,'homepage',NULL,'published','2023-07-02 05:02:00','2023-07-02 05:02:00'),(11,'Properties','---',1,NULL,'default',NULL,'published','2023-07-02 05:02:00','2023-07-02 05:02:00'),(12,'News',' ',1,NULL,'default','See Our Latest Articles &amp; News','published','2023-07-02 05:02:00','2023-07-02 05:02:00'),(13,'About us','<div>[static-block alias=\"our-story\"][/static-block]</div><div>[static-block alias=\"our-mission\"][/static-block]</div>',1,NULL,'default','Who we are &amp; our mission','published','2023-07-02 05:02:00','2023-07-02 05:02:00'),(14,'Contact','<p>[contact-form][/contact-form]<br />\n                            &nbsp;</p>\n\n                            <h3>Directions</h3>\n\n                            <p>[google-map]North Link Building, 10 Admiralty Street, 757695 Singapore[/google-map]</p>\n\n                            <p>&nbsp;</p>',1,NULL,'default',NULL,'published','2023-07-02 05:02:00','2023-07-02 05:02:00'),(15,'Terms &amp; Conditions','<p style=\"text-align: justify;\"><span style=\"font-size:16px;\"><span style=\"font-family:Arial,Helvetica,sans-serif;\">Access to and use of the Resido website is subject to the following terms, conditions, and relevant laws of Vietnam.</span></span></p>\n\n                    <h4 style=\"text-align: justify;\"><span style=\"font-size:18px;\"><span style=\"font-family:Arial,Helvetica,sans-serif;\"><strong>1. Copyright</strong></span></span></h4>\n\n                    <p style=\"text-align: justify;\"><span style=\"font-size:16px;\"><span style=\"font-family:Arial,Helvetica,sans-serif;\">Copyrights and other intellectual property rights to all text, images, audio, software and other content on this site are owned by Resido and its affiliates. Users are allowed to view the contents of the website, cite the contents by printing, downloading the hard disk and distributing it to others for non-commercial purposes, providing information or personal purposes. </span></span><span style=\"font-size:16px;\"><span style=\"font-family:Arial,Helvetica,sans-serif;\">Any content from this site may not be used for sale or distribution for profit, nor may it be edited or included in any other publication or website.</span></span></p>\n\n                    <h4 style=\"text-align: justify;\"><span style=\"font-size:18px;\"><span style=\"font-family:Arial,Helvetica,sans-serif;\"><strong>2. Content</strong></span></span></h4>\n\n                    <p style=\"text-align: justify;\"><span style=\"font-size:16px;\"><span style=\"font-family:Arial,Helvetica,sans-serif;\">The information on this website is compiled with great confidence but for general information research purposes only. While we endeavor to maintain updated and accurate information, we make no representations or warranties in any manner regarding completeness, accuracy, reliability, appropriateness or availability in relation to web site, or related information, product, service, or image within the website for any purpose. </span></span></p>\n\n                        <p style=\"text-align: justify;\"><span style=\"font-size:16px;\"><span style=\"font-family:Arial,Helvetica,sans-serif;\">Resido and its employees, managers, and agents are not responsible for any loss, damage or expense incurred as a result of accessing and using this website and the sites. </span></span><span style=\"font-size:16px;\"><span style=\"font-family:Arial,Helvetica,sans-serif;\">The web is connected to it, including but not limited to, loss of profits, direct or indirect losses. We are also not responsible, or jointly responsible, if the site is temporarily inaccessible due to technical issues beyond our control. Any comments, suggestions, images, ideas and other information or materials that users submit to us through this site will become our exclusive property, including the right to may arise in the future associated with us.</span></span></p>\n\n                    <p style=\"text-align: center;\"><span style=\"font-size:16px;\"><span style=\"font-family:Arial,Helvetica,sans-serif;\"><img alt=\"\" src=\"https://flex-home.botble.com/storage/general/copyright.jpg\" style=\"width: 90%;\" /></span></span></p>\n\n                    <h4 style=\"text-align: justify;\"><span style=\"font-size:18px;\"><span style=\"font-family:Arial,Helvetica,sans-serif;\"><strong>3. Note on&nbsp;connected sites</strong></span></span></h4>\n\n                    <p style=\"text-align: justify;\"><span style=\"font-size:16px;\"><span style=\"font-family:Arial,Helvetica,sans-serif;\">At many points in the website, users can get links to other websites related to a specific aspect. This does not mean that we are related to the websites or companies that own these websites. Although we intend to connect users to sites of interest, we are not responsible or jointly responsible for our employees, managers, or representatives. with other websites and information contained therein.</span></span></p>\n                ',1,NULL,'default','Copyrights and other intellectual property rights to all text, images, audio, software and other content on this site are owned by Resido and its affiliates. Users are allowed to view the contents of the website, cite the contents by printing, downloading the hard disk and distributing it to others for non-commercial purposes.','published','2023-07-02 05:02:00','2023-07-02 05:02:00'),(16,'Cookie Policy','<h3>EU Cookie Consent</h3><p>To use this website we are using Cookies and collecting some Data. To be compliant with the EU GDPR we give you to choose if you allow us to use certain Cookies and to collect some Data.</p><h4>Essential Data</h4><p>The Essential Data is needed to run the Site you are visiting technically. You can not deactivate them.</p><p>- Session Cookie: PHP uses a Cookie to identify user sessions. Without this Cookie the Website is not working.</p><p>- XSRF-Token Cookie: Laravel automatically generates a CSRF \"token\" for each active user session managed by the application. This token is used to verify that the authenticated user is the one actually making the requests to the application.</p>',1,NULL,'default',NULL,'published','2023-07-02 05:02:00','2023-07-02 05:02:00');

--
-- Table structure for table `pages_translations`
--

CREATE TABLE `pages_translations` (
  `lang_code` varchar(191) COLLATE utf8mb4_unicode_ci NOT NULL,
  `pages_id` bigint unsigned NOT NULL,
  `name` varchar(255) COLLATE utf8mb4_unicode_ci DEFAULT NULL,
  `description` varchar(400) COLLATE utf8mb4_unicode_ci DEFAULT NULL,
  `content` longtext COLLATE utf8mb4_unicode_ci,
  PRIMARY KEY (`lang_code`,`pages_id`)
) ENGINE=InnoDB DEFAULT CHARSET=utf8mb4 COLLATE=utf8mb4_unicode_ci;

--
-- Dumping data for table `pages_translations`
--

INSERT INTO `pages_translations` VALUES ('vi',1,'Trang chủ',NULL,'<div>[hero-banner title=\"Find accessible homes to rent\" bg=\"banners/banner-1.jpg\"][/hero-banner]</div><div>[static-block alias=\"how-it-works\"][/static-block]</div><div>[featured-properties title=\"Explore Good Places\" limit=\"6\" style=\"2\" type=\"2\"]At vero eos et accusamus et iusto odio dignissimos ducimus qui blanditiis praesentium voluptatum deleniti atque corrupti quos dolores[/featured-properties]</div><div>[properties-by-locations title=\"Find By Locations\"]At vero eos et accusamus et iusto odio dignissimos ducimus qui blanditiis praesentium voluptatum deleniti atque corrupti quos dolores[/properties-by-locations]</div><div>[testimonials title=\"Good Reviews By Customers\" description=\"At vero eos et accusamus et iusto odio dignissimos ducimus qui blanditiis praesentium voluptatum deleniti atque corrupti quos dolores\"][/testimonials]</div><div>[our-packages title=\"See Our Packages\" description=\"At vero eos et accusamus et iusto odio dignissimos ducimus qui blanditiis praesentium voluptatum deleniti atque corrupti quos dolores\"][/our-packages]</div><div>[recently-viewed-properties title=\"Recently Viewed Properties\" subtitle=\"Your currently viewed properties.\"][/recently-viewed-properties]</div>'),('vi',2,'Trang chủ 2',NULL,'<div>[hero-banner title=\"Find accessible homes to rent\" bg=\"banners/banner-svg.jpg\" style=\"2\"]Find Your Perfect Place.[/hero-banner]</div><div>[static-block alias=\"achievement\"][/static-block]</div><div>[properties-slide title=\"Recent Property For Rent\" limit=\"6\"]At vero eos et accusamus et iusto odio dignissimos ducimus qui blanditiis praesentium voluptatum deleniti atque corrupti quos dolores[/properties-slide]</div><div>[featured-properties title=\"Featured Property For Sale\" limit=\"6\" style=\"1\" type=\"2\"]At vero eos et accusamus et iusto odio dignissimos ducimus qui blanditiis praesentium voluptatum deleniti atque corrupti quos dolores[/featured-properties]</div><div>[featured-agents title=\"Explore Featured Agents\"]At vero eos et accusamus et iusto odio dignissimos ducimus qui blanditiis praesentium voluptatum deleniti atque corrupti quos dolores[/featured-agents]</div><div>[testimonials title=\"Good Reviews By Customers\" description=\"At vero eos et accusamus et iusto odio dignissimos ducimus qui blanditiis praesentium voluptatum deleniti atque corrupti quos dolores\"][/testimonials]</div><div>[our-packages title=\"See Our Packages\" description=\"At vero eos et accusamus et iusto odio dignissimos ducimus qui blanditiis praesentium voluptatum deleniti atque corrupti quos dolores\"][/our-packages]</div><div>[static-block alias=\"download-app\"][/static-block]</div>'),('vi',3,'Trang chủ 3',NULL,'<div>[hero-banner title=\"Find Your Property\" bg=\"banners/banner-3.jpg\" style=\"3\" overlay=\"6\"]From as low as $10 per day with limited time offer[/hero-banner]</div><div>[featured-properties title=\"Explore Good Places\" limit=\"6\" style=\"2\" type=\"2\"]At vero eos et accusamus et iusto odio dignissimos ducimus qui blanditiis praesentium voluptatum deleniti atque corrupti quos dolores[/featured-properties]</div><div>[properties-by-locations title=\"Find By Locations\"]At vero eos et accusamus et iusto odio dignissimos ducimus qui blanditiis praesentium voluptatum deleniti atque corrupti quos dolores[/properties-by-locations]</div><div>[static-block alias=\"how-it-works\"][/static-block]</div><div>[testimonials title=\"Good Reviews By Customers\" description=\"At vero eos et accusamus et iusto odio dignissimos ducimus qui blanditiis praesentium voluptatum deleniti atque corrupti quos dolores\"][/testimonials]</div><div>[our-packages title=\"See Our Packages\" description=\"At vero eos et accusamus et iusto odio dignissimos ducimus qui blanditiis praesentium voluptatum deleniti atque corrupti quos dolores\"][/our-packages]</div><div>[cover-banner title=\"Search Perfect Place In Your City\" bg=\"banners/banner-2.jpg\" btntext=\"Explore More Property\" btnlink=\"#\"]We post regulary most powerful articles for help and support.[/cover-banner]</div><div>[latest-news title=\"News By Resido,3\"]At vero eos et accusamus et iusto odio dignissimos ducimus qui blanditiis praesentium voluptatum deleniti atque corrupti quos dolores[/latest-news]</div>'),('vi',4,'Trang chủ 4',NULL,'<div>[hero-banner title=\"Find Your Place<br>of Dream\" bg=\"banners/banner-6.png\" style=\"4\"]Amet consectetur adipisicing <span class=\"badge badge-success\">New</span>[/hero-banner]</div><div>[static-block alias=\"achievement\"][/static-block]</div><div>[properties-slide title=\"Recent Property For Rent\" limit=\"6\" style=\"1\"]At vero eos et accusamus et iusto odio dignissimos ducimus qui blanditiis praesentium voluptatum deleniti atque corrupti quos dolores[/properties-slide]</div><div>[featured-properties title=\"Explore Good Places\" limit=\"6\" type=\"2\"]At vero eos et accusamus et iusto odio dignissimos ducimus qui blanditiis praesentium voluptatum deleniti atque corrupti quos dolores[/featured-properties]</div><div>[static-block alias=\"how-it-works\"][/static-block]</div><div>[testimonials title=\"Good Reviews By Customers\" description=\"At vero eos et accusamus et iusto odio dignissimos ducimus qui blanditiis praesentium voluptatum deleniti atque corrupti quos dolores\"][/testimonials]</div><div>[our-packages title=\"See Our Packages\" description=\"At vero eos et accusamus et iusto odio dignissimos ducimus qui blanditiis praesentium voluptatum deleniti atque corrupti quos dolores\"][/our-packages]</div><div>[static-block alias=\"download-app\"][/static-block]</div>'),('vi',5,'Trang chủ 5',NULL,'<div>[hero-banner title=\"Find Your Perfect Place.\" bg=\"banners/home-2.png\" style=\"5\"]Amet consectetur adipisicing New[/hero-banner]</div><div>[featured-properties title=\"Explore Good Places\" limit=\"6\" style=\"2\" type=\"2\"]At vero eos et accusamus et iusto odio dignissimos ducimus qui blanditiis praesentium voluptatum deleniti atque corrupti quos dolores[/featured-properties]</div><div>[properties-by-locations title=\"Find By Locations\"]At vero eos et accusamus et iusto odio dignissimos ducimus qui blanditiis praesentium voluptatum deleniti atque corrupti quos dolores[/properties-by-locations]</div><div>[featured-properties title=\"Explore Good Places\" limit=\"6\" style=\"1\" type=\"1\"]At vero eos et accusamus et iusto odio dignissimos ducimus qui blanditiis praesentium voluptatum deleniti atque corrupti quos dolores[/featured-properties]</div><div>[testimonials title=\"Good Reviews By Customers\" description=\"At vero eos et accusamus et iusto odio dignissimos ducimus qui blanditiis praesentium voluptatum deleniti atque corrupti quos dolores\"][/testimonials]</div><div>[our-packages title=\"See Our Packages\" description=\"At vero eos et accusamus et iusto odio dignissimos ducimus qui blanditiis praesentium voluptatum deleniti atque corrupti quos dolores\"][/our-packages]</div><div>[static-block alias=\"download-app\"][/static-block]</div>'),('vi',6,'Trang chủ 6',NULL,'<div>[hero-banner title=\"Amet consectetur adipisicing\" bg=\"banners/banner-6.png\" style=\"6\"]Find Your Place <br>Of Dream[/hero-banner]</div><div>[static-block alias=\"achievement\"][/static-block]</div><div>[properties-slide title=\"Recent Property For Rent\" limit=\"6\" style=\"1\"]At vero eos et accusamus et iusto odio dignissimos ducimus qui blanditiis praesentium voluptatum deleniti atque corrupti quos dolores[/properties-slide]</div><div>[properties-by-locations title=\"Find By Locations\"]At vero eos et accusamus et iusto odio dignissimos ducimus qui blanditiis praesentium voluptatum deleniti atque corrupti quos dolores[/properties-by-locations]</div><div>[featured-properties title=\"Explore Good Places\" limit=\"8\" style=\"1\" type=\"2\"]At vero eos et accusamus et iusto odio dignissimos ducimus qui blanditiis praesentium voluptatum deleniti atque corrupti quos dolores[/featured-properties]</div><div>[static-block alias=\"how-it-works\"][/static-block]</div><div>[testimonials title=\"Good Reviews By Customers\" description=\"At vero eos et accusamus et iusto odio dignissimos ducimus qui blanditiis praesentium voluptatum deleniti atque corrupti quos dolores\"][/testimonials]</div><div>[our-packages title=\"See Our Packages\" description=\"At vero eos et accusamus et iusto odio dignissimos ducimus qui blanditiis praesentium voluptatum deleniti atque corrupti quos dolores\"][/our-packages]</div><div>[static-block alias=\"download-app\"][/static-block]</div>'),('vi',7,'Trang chủ 7',NULL,'<div>[hero-banner title=\"Find accessible homes to rent\" bg=\"banners/banner-1.jpg\"]</div><div>[featured-properties title=\"Explore Good Places\" limit=\"6\" style=\"1\" type=\"2\"]At vero eos et accusamus et iusto odio dignissimos ducimus qui blanditiis praesentium voluptatum deleniti atque corrupti quos dolores[/featured-properties]</div><div>[properties-by-locations title=\"Find By Locations\"]At vero eos et accusamus et iusto odio dignissimos ducimus qui blanditiis praesentium voluptatum deleniti atque corrupti quos dolores[/properties-by-locations]</div><div>[static-block alias=\"how-it-works\"][/static-block]</div><div>[cover-banner title=\"Search Perfect Place In Your City\" bg=\"banners/banner-2.jpg\" btntext=\"Explore More Property\" btnlink=\"#\"]We post regulary most powerful articles for help and support.[/cover-banner]</div><div>[latest-news title=\"News By Resido,3\"]At vero eos et accusamus et iusto odio dignissimos ducimus qui blanditiis praesentium voluptatum deleniti atque corrupti quos dolores[/latest-news]</div>'),('vi',8,'Trang chủ 8',NULL,'<div>[properties-hero-slide limit=\"6\"][/properties-hero-slide]</div><div>[static-block alias=\"how-it-works\"][/static-block]</div><div>[featured-properties title=\"Explore Good Places\" limit=\"6\" style=\"2\" type=\"2\"]At vero eos et accusamus et iusto odio dignissimos ducimus qui blanditiis praesentium voluptatum deleniti atque corrupti quos dolores[/featured-properties]</div><div>[properties-by-locations title=\"Find By Locations\"]At vero eos et accusamus et iusto odio dignissimos ducimus qui blanditiis praesentium voluptatum deleniti atque corrupti quos dolores[/properties-by-locations]</div><div>[testimonials title=\"Good Reviews By Customers\" description=\"At vero eos et accusamus et iusto odio dignissimos ducimus qui blanditiis praesentium voluptatum deleniti atque corrupti quos dolores\"][/testimonials]</div><div>[our-packages title=\"See Our Packages\" description=\"At vero eos et accusamus et iusto odio dignissimos ducimus qui blanditiis praesentium voluptatum deleniti atque corrupti quos dolores\"][/our-packages]</div>'),('vi',9,'Trang chủ 9',NULL,'<div>[hero-banner title=\"Find accessible homes to rent\" bg=\"banners/new-banner.jpg\" style=\"2\"]Find Your Perfect Place.[/hero-banner]</div><div>[static-block alias=\"achievement\"][/static-block]</div><div>[properties-slide title=\"Recent Property For Rent\" limit=\"6\"]At vero eos et accusamus et iusto odio dignissimos ducimus qui blanditiis praesentium voluptatum deleniti atque corrupti quos dolores[/properties-slide]</div><div>[featured-properties title=\"Explore Good Places\" limit=\"6\" type=\"2\"]At vero eos et accusamus et iusto odio dignissimos ducimus qui blanditiis praesentium voluptatum deleniti atque corrupti quos dolores[/featured-properties]</div><div>[featured-agents title=\"Explore Featured Agents\"]At vero eos et accusamus et iusto odio dignissimos ducimus qui blanditiis praesentium voluptatum deleniti atque corrupti quos dolores[/featured-agents]</div><div>[testimonials title=\"Good Reviews By Customers\" description=\"At vero eos et accusamus et iusto odio dignissimos ducimus qui blanditiis praesentium voluptatum deleniti atque corrupti quos dolores\"][/testimonials]</div><div>[our-packages title=\"See Our Packages\" description=\"At vero eos et accusamus et iusto odio dignissimos ducimus qui blanditiis praesentium voluptatum deleniti atque corrupti quos dolores\"][/our-packages]</div><div>[static-block alias=\"download-app\"][/static-block]</div>'),('vi',10,'Trang chủ bản đồ',NULL,'<div>[hero-banner-style-map][/hero-banner-style-map]</div><div>[static-block alias=\"achievement\"][/static-block]</div><div>[properties-slide title=\"Recent Property For Rent\" limit=\"6\"]At vero eos et accusamus et iusto odio dignissimos ducimus qui blanditiis praesentium voluptatum deleniti atque corrupti quos dolores[/properties-slide]</div><div>[featured-properties title=\"Explore Good Places\" limit=\"6\" type=\"2\"]At vero eos et accusamus et iusto odio dignissimos ducimus qui blanditiis praesentium voluptatum deleniti atque corrupti quos dolores[/featured-properties]</div><div>[static-block alias=\"how-it-works\"][/static-block]</div><div>[testimonials title=\"Good Reviews By Customers\" description=\"At vero eos et accusamus et iusto odio dignissimos ducimus qui blanditiis praesentium voluptatum deleniti atque corrupti quos dolores\"][/testimonials]</div><div>[our-packages title=\"See Our Packages\" description=\"At vero eos et accusamus et iusto odio dignissimos ducimus qui blanditiis praesentium voluptatum deleniti atque corrupti quos dolores\"][/our-packages]</div><div>[static-block alias=\"download-app\"][/static-block]</div>'),('vi',11,'Properties list',NULL,'---'),('vi',12,'Tin tức',NULL,'---'),('vi',13,'Về chúng tôi','Chúng tôi là ai và nhiệm vụ của chúng tôi','<div>[static-block alias=\"our-story\"][/static-block]</div><div>[static-block alias=\"our-mission\"][/static-block]</div>'),('vi',14,'Liên hệ',NULL,'<div>[contact-form][/contact-form]</div><h3>Tìm đường đi</h3><div>[google-map]North Link Building, 10 Admiralty Street, 757695 Singapore[/google-map]</div>'),('vi',15,'Điều khoản và quy định','Quyền tác giả và các quyền sở hữu trí tuệ khác đối với mọi văn bản, hình ảnh, âm thanh, phần mềm và các nội dung khác trên trang web này thuộc quyền sở hữu của Resido cùng các công ty thành viên. Người truy cập được phép xem các nội dung trong trang web, trích dẫn nội dung bằng cách in ấn, tải về đĩa cứng và phân phát cho người khác chỉ với mục đích phi thương mại.','<p style=\"text-align: justify;\"><span style=\"font-size:16px;\"><span style=\"font-family:Arial,Helvetica,sans-serif;\">Việc truy cập v&agrave; sử dụng trang web của Resido phụ thuộc v&agrave;o những điều khoản, điều kiện dưới đ&acirc;y, v&agrave; luật ph&aacute;p li&ecirc;n quan của Việt Nam.</span></span></p>\n\n                    <h4 style=\"text-align: justify;\"><span style=\"font-size:18px;\"><span style=\"font-family:Arial,Helvetica,sans-serif;\"><strong>1. Quyền t&aacute;c giả&nbsp;</strong></span></span></h4>\n\n                    <p style=\"text-align: justify;\"><span style=\"font-size:16px;\"><span style=\"font-family:Arial,Helvetica,sans-serif;\">Quyền t&aacute;c giả v&agrave; c&aacute;c quyền sở hữu tr&iacute; tuệ kh&aacute;c đối với mọi văn bản, h&igrave;nh ảnh, &acirc;m thanh, phần mềm v&agrave; c&aacute;c nội dung kh&aacute;c tr&ecirc;n trang web n&agrave;y thuộc quyền sở hữu của Resido c&ugrave;ng c&aacute;c c&ocirc;ng ty th&agrave;nh vi&ecirc;n. Người truy cập được ph&eacute;p xem c&aacute;c nội dung trong trang web, tr&iacute;ch dẫn nội dung bằng c&aacute;ch in ấn, tải về đĩa cứng v&agrave; ph&acirc;n ph&aacute;t cho người kh&aacute;c chỉ với mục đ&iacute;ch phi thương mại, cung cấp th&ocirc;ng tin hoặc mục đ&iacute;ch c&aacute; nh&acirc;n. Bất kể nội dung n&agrave;o từ trang web n&agrave;y đều kh&ocirc;ng được sử dụng để b&aacute;n hoặc ph&acirc;n t&aacute;n để kiếm lợi v&agrave; cũng kh&ocirc;ng được chỉnh sửa hoặc đưa v&agrave;o bất kỳ ấn phẩm hoặc trang web n&agrave;o kh&aacute;c.</span></span></p>\n\n                    <h4 style=\"text-align: justify;\"><span style=\"font-size:18px;\"><span style=\"font-family:Arial,Helvetica,sans-serif;\"><strong>2. Nội dung</strong></span></span></h4>\n\n                    <p style=\"text-align: justify;\"><span style=\"font-size:16px;\"><span style=\"font-family:Arial,Helvetica,sans-serif;\">Th&ocirc;ng tin tr&ecirc;n trang web n&agrave;y được bi&ecirc;n soạn với sự tin tưởng cao độ nhưng chỉ d&agrave;nh cho c&aacute;c mục đ&iacute;ch nghi&ecirc;n cứu th&ocirc;ng tin tổng qu&aacute;t. Tuy ch&uacute;ng t&ocirc;i nỗ lực duy tr&igrave; th&ocirc;ng tin cập nhật v&agrave; chuẩn x&aacute;c, nhưng ch&uacute;ng t&ocirc;i kh&ocirc;ng khẳng định hay bảo đảm theo bất kỳ c&aacute;ch thức n&agrave;o về sự đầy đủ, ch&iacute;nh x&aacute;c, đ&aacute;ng tin cậy, th&iacute;ch hợp hoặc c&oacute; sẵn li&ecirc;n quan đến trang web, hoặc th&ocirc;ng tin, sản phẩm, dịch vụ, hoặc h&igrave;nh ảnh li&ecirc;n quan trong trang web v&igrave; bất cứ mục đ&iacute;ch g&igrave;. </span></span></p>\n\n                    <p style=\"text-align: justify;\"><span style=\"font-size:16px;\"><span style=\"font-family:Arial,Helvetica,sans-serif;\">Resido v&agrave; mọi nh&acirc;n vi&ecirc;n, nh&agrave; quản l&yacute;, v&agrave; c&aacute;c b&ecirc;n đại diện ho&agrave;n to&agrave;n kh&ocirc;ng chịu tr&aacute;ch nhiệm g&igrave; đối với bất kỳ tổn thất, thiệt hại hoặc chi ph&iacute; ph&aacute;t sinh do việc truy cập v&agrave; sử dụng trang web n&agrave;y v&agrave; c&aacute;c trang web được kết nối với n&oacute;, bao gồm nhưng kh&ocirc;ng giới hạn, việc mất đi lợi nhuận, c&aacute;c khoản lỗ trực tiếp hoặc gi&aacute;n tiếp. Ch&uacute;ng t&ocirc;i cũng kh&ocirc;ng chịu tr&aacute;ch nhiệm, hoặc li&ecirc;n đới tr&aacute;ch nhiệm nếu trang web tạm thời kh&ocirc;ng thể truy cập do c&aacute;c vấn đề kỹ thuật nằm ngo&agrave;i tầm kiểm so&aacute;t của ch&uacute;ng t&ocirc;i. Mọi b&igrave;nh luận, gợi &yacute;, h&igrave;nh ảnh, &yacute; tưởng v&agrave; những th&ocirc;ng tin hay t&agrave;i liệu kh&aacute;c m&agrave; người sử dụng chuyển cho ch&uacute;ng t&ocirc;i th&ocirc;ng qua trang web n&agrave;y sẽ trở th&agrave;nh t&agrave;i sản độc quyền của ch&uacute;ng t&ocirc;i, bao gồm cả c&aacute;c quyền c&oacute; thể ph&aacute;t sinh trong tương lai gắn liền với ch&uacute;ng t&ocirc;i.</span></span></p>\n\n                    <p style=\"text-align:center\"><img alt=\"\" src=\"https://flex-home.botble.com/storage/general/copyright.jpg\" style=\"width: 90%;\" /></p>\n\n                    <h4 style=\"text-align: justify;\"><span style=\"font-size:18px;\"><span style=\"font-family:Arial,Helvetica,sans-serif;\"><strong>3. Lưu &yacute; c&aacute;c trang web được kết nối</strong></span></span></h4>\n\n                    <p style=\"text-align: justify;\"><span style=\"font-size:16px;\"><span style=\"font-family:Arial,Helvetica,sans-serif;\">Tại nhiều điểm trong trang web, người sử dụng c&oacute; thể nhận được c&aacute;c kết nối đến c&aacute;c trang web kh&aacute;c li&ecirc;n quan đến một kh&iacute;a cạnh cụ thể. Điều n&agrave;y kh&ocirc;ng c&oacute; nghĩa l&agrave; ch&uacute;ng t&ocirc;i c&oacute; li&ecirc;n quan đến những trang web hay c&ocirc;ng ty sở hữu những trang web n&agrave;y. D&ugrave; ch&uacute;ng t&ocirc;i c&oacute; &yacute; định kết nối người sử dụng đến c&aacute;c trang web cần quan t&acirc;m, nhưng ch&uacute;ng t&ocirc;i v&agrave; c&aacute;c nh&acirc;n vi&ecirc;n, nh&agrave; quản l&yacute;, hoặc c&aacute;c b&ecirc;n đại diện ho&agrave;n to&agrave;n kh&ocirc;ng chịu tr&aacute;ch nhiệm hoặc li&ecirc;n đới chịu tr&aacute;ch nhiệm g&igrave; đối với c&aacute;c trang web kh&aacute;c v&agrave; th&ocirc;ng tin chứa đựng trong đ&oacute;.</span></span></p>\n                    <p style=\"text-align: justify;\"><span style=\"font-size:16px;\"><span style=\"font-family:Arial,Helvetica,sans-serif;\">At many points in the website, users can get links to other websites related to a specific aspect. This does not mean that we are related to the websites or companies that own these websites. Although we intend to connect users to sites of interest, we are not responsible or jointly responsible for our employees, managers, or representatives. with other websites and information contained therein.</span></span></p>\n                    '),('vi',16,'Cookie Policy',NULL,'<h3>EU Cookie Consent</h3><p>Để sử dụng trang web này, chúng tôi đang sử dụng Cookie và thu thập một số Dữ liệu. Để tuân thủ GDPR của Liên minh Châu Âu, chúng tôi cho bạn lựa chọn nếu bạn cho phép chúng tôi sử dụng một số Cookie nhất định và thu thập một số Dữ liệu.</p><h4>Dữ liệu cần thiết</h4><p>Dữ liệu cần thiết là cần thiết để chạy Trang web bạn đang truy cập về mặt kỹ thuật. Bạn không thể hủy kích hoạt chúng.</p><p>- Session Cookie: PHP sử dụng Cookie để xác định phiên của người dùng. Nếu không có Cookie này, trang web sẽ không hoạt động.</p><p>- XSRF-Token Cookie: Laravel tự động tạo \"token\" CSRF cho mỗi phiên người dùng đang hoạt động do ứng dụng quản lý. Token này được sử dụng để xác minh rằng người dùng đã xác thực là người thực sự đưa ra yêu cầu đối với ứng dụng.</p>');

--
-- Table structure for table `password_reset_tokens`
--

CREATE TABLE `password_reset_tokens` (
  `email` varchar(191) COLLATE utf8mb4_unicode_ci NOT NULL,
  `token` varchar(191) COLLATE utf8mb4_unicode_ci NOT NULL,
  `created_at` timestamp NULL DEFAULT NULL,
  PRIMARY KEY (`email`)
) ENGINE=InnoDB DEFAULT CHARSET=utf8mb4 COLLATE=utf8mb4_unicode_ci;

--
-- Dumping data for table `password_reset_tokens`
--


--
-- Table structure for table `payments`
--

CREATE TABLE `payments` (
  `id` bigint unsigned NOT NULL AUTO_INCREMENT,
  `currency` varchar(120) CHARACTER SET utf8mb4 COLLATE utf8mb4_unicode_ci DEFAULT NULL,
  `user_id` bigint unsigned NOT NULL DEFAULT '0',
  `charge_id` varchar(255) CHARACTER SET utf8mb4 COLLATE utf8mb4_unicode_ci DEFAULT NULL,
  `payment_channel` varchar(60) COLLATE utf8mb4_unicode_ci DEFAULT NULL,
  `description` varchar(255) COLLATE utf8mb4_unicode_ci DEFAULT NULL,
  `amount` decimal(15,2) unsigned NOT NULL,
  `order_id` bigint unsigned DEFAULT NULL,
  `status` varchar(60) COLLATE utf8mb4_unicode_ci DEFAULT 'pending',
  `payment_type` varchar(191) COLLATE utf8mb4_unicode_ci DEFAULT 'confirm',
  `customer_id` bigint unsigned DEFAULT NULL,
  `refunded_amount` decimal(15,2) unsigned DEFAULT NULL,
  `refund_note` varchar(255) COLLATE utf8mb4_unicode_ci DEFAULT NULL,
  `created_at` timestamp NULL DEFAULT NULL,
  `updated_at` timestamp NULL DEFAULT NULL,
  `customer_type` varchar(255) COLLATE utf8mb4_unicode_ci DEFAULT NULL,
  `metadata` mediumtext CHARACTER SET utf8mb4 COLLATE utf8mb4_unicode_ci,
  PRIMARY KEY (`id`)
) ENGINE=InnoDB DEFAULT CHARSET=utf8mb4 COLLATE=utf8mb4_unicode_ci;

--
-- Dumping data for table `payments`
--


--
-- Table structure for table `personal_access_tokens`
--

CREATE TABLE `personal_access_tokens` (
  `id` bigint unsigned NOT NULL AUTO_INCREMENT,
  `tokenable_type` varchar(191) COLLATE utf8mb4_unicode_ci NOT NULL,
  `tokenable_id` bigint unsigned NOT NULL,
  `name` varchar(191) COLLATE utf8mb4_unicode_ci NOT NULL,
  `token` varchar(64) COLLATE utf8mb4_unicode_ci NOT NULL,
  `abilities` text COLLATE utf8mb4_unicode_ci,
  `last_used_at` timestamp NULL DEFAULT NULL,
  `expires_at` timestamp NULL DEFAULT NULL,
  `created_at` timestamp NULL DEFAULT NULL,
  `updated_at` timestamp NULL DEFAULT NULL,
  PRIMARY KEY (`id`),
  UNIQUE KEY `personal_access_tokens_token_unique` (`token`),
  KEY `personal_access_tokens_tokenable_type_tokenable_id_index` (`tokenable_type`,`tokenable_id`)
) ENGINE=InnoDB DEFAULT CHARSET=utf8mb4 COLLATE=utf8mb4_unicode_ci;

--
-- Dumping data for table `personal_access_tokens`
--


--
-- Table structure for table `post_categories`
--

CREATE TABLE `post_categories` (
  `category_id` bigint unsigned NOT NULL,
  `post_id` bigint unsigned NOT NULL,
  KEY `post_categories_category_id_index` (`category_id`),
  KEY `post_categories_post_id_index` (`post_id`)
) ENGINE=InnoDB DEFAULT CHARSET=utf8mb4 COLLATE=utf8mb4_unicode_ci;

--
-- Dumping data for table `post_categories`
--

INSERT INTO `post_categories` VALUES (1,1),(2,1),(3,1),(4,1),(1,2),(2,2),(3,2),(4,2),(1,3),(2,3),(3,3),(4,3),(1,4),(2,4),(3,4),(4,4),(1,5),(2,5),(3,5),(4,5),(1,6),(2,6),(3,6),(4,6),(1,7),(2,7),(3,7),(4,7),(1,8),(2,8),(3,8),(4,8),(1,9),(2,9),(3,9),(4,9),(1,10),(2,10),(3,10),(4,10),(1,11),(2,11),(3,11),(4,11),(1,12),(2,12),(3,12),(4,12),(1,13),(2,13),(3,13),(4,13),(1,14),(2,14),(3,14),(4,14),(1,15),(2,15),(3,15),(4,15),(1,16),(2,16),(3,16),(4,16);

--
-- Table structure for table `post_tags`
--

CREATE TABLE `post_tags` (
  `tag_id` bigint unsigned NOT NULL,
  `post_id` bigint unsigned NOT NULL,
  KEY `post_tags_tag_id_index` (`tag_id`),
  KEY `post_tags_post_id_index` (`post_id`)
) ENGINE=InnoDB DEFAULT CHARSET=utf8mb4 COLLATE=utf8mb4_unicode_ci;

--
-- Dumping data for table `post_tags`
--

INSERT INTO `post_tags` VALUES (1,1),(2,1),(3,1),(4,1),(5,1),(1,2),(2,2),(3,2),(4,2),(5,2),(1,3),(2,3),(3,3),(4,3),(5,3),(1,4),(2,4),(3,4),(4,4),(5,4),(1,5),(2,5),(3,5),(4,5),(5,5),(1,6),(2,6),(3,6),(4,6),(5,6),(1,7),(2,7),(3,7),(4,7),(5,7),(1,8),(2,8),(3,8),(4,8),(5,8),(1,9),(2,9),(3,9),(4,9),(5,9),(1,10),(2,10),(3,10),(4,10),(5,10),(1,11),(2,11),(3,11),(4,11),(5,11),(1,12),(2,12),(3,12),(4,12),(5,12),(1,13),(2,13),(3,13),(4,13),(5,13),(1,14),(2,14),(3,14),(4,14),(5,14),(1,15),(2,15),(3,15),(4,15),(5,15),(1,16),(2,16),(3,16),(4,16),(5,16);

--
-- Table structure for table `posts`
--

CREATE TABLE `posts` (
  `id` bigint unsigned NOT NULL AUTO_INCREMENT,
  `name` varchar(255) COLLATE utf8mb4_unicode_ci NOT NULL,
  `description` varchar(400) COLLATE utf8mb4_unicode_ci DEFAULT NULL,
  `content` longtext COLLATE utf8mb4_unicode_ci,
  `status` varchar(60) COLLATE utf8mb4_unicode_ci NOT NULL DEFAULT 'published',
  `author_id` bigint unsigned NOT NULL,
  `author_type` varchar(255) CHARACTER SET utf8mb4 COLLATE utf8mb4_unicode_ci NOT NULL DEFAULT 'Botble\\ACL\\Models\\User',
  `is_featured` tinyint unsigned NOT NULL DEFAULT '0',
  `image` varchar(255) COLLATE utf8mb4_unicode_ci DEFAULT NULL,
  `views` int unsigned NOT NULL DEFAULT '0',
  `format_type` varchar(30) COLLATE utf8mb4_unicode_ci DEFAULT NULL,
  `created_at` timestamp NULL DEFAULT NULL,
  `updated_at` timestamp NULL DEFAULT NULL,
  PRIMARY KEY (`id`),
  KEY `status` (`status`),
  KEY `author_id` (`author_id`),
  KEY `author_type` (`author_type`),
  KEY `created_at` (`created_at`)
) ENGINE=InnoDB AUTO_INCREMENT=17 DEFAULT CHARSET=utf8mb4 COLLATE=utf8mb4_unicode_ci;

--
-- Dumping data for table `posts`
--

INSERT INTO `posts` VALUES (1,'Why people choose listio for own properties','Est quasi hic eveniet enim tempore explicabo et. Vel ipsum et quo perspiciatis. Dolores temporibus ab eum nobis iusto maxime voluptatum. Nam mollitia nobis saepe eos quam incidunt.','<p>[youtube-video]https://www.youtube.com/watch?v=SlPhMPnQ58k[/youtube-video]</p><p>Caterpillar. This was not a moment to think to herself, \'because of his teacup instead of onions.\' Seven flung down his cheeks, he went on talking: \'Dear, dear! How queer everything is queer to-day.\' Just then she walked sadly down the chimney, and said to the puppy; whereupon the puppy began a series of short charges at the Footman\'s head: it just grazed his nose, and broke off a head unless there was no label this time she saw in another moment, when she looked back once or twice, and shook itself. Then it got down off the subjects on his spectacles. \'Where shall I begin, please your Majesty,\' he began. \'You\'re a very humble tone, going down on her spectacles, and began by producing from under his arm a great many teeth, so she went in search of her voice. Nobody moved. \'Who cares for you?\' said Alice, \'but I must sugar my hair.\" As a duck with its mouth and yawned once or twice she had drunk half the bottle, saying to herself in Wonderland, though she looked down at them, and then.</p><p class=\"text-center\"><img src=\"http://resido.local/storage/news/2.jpg\"></p><p>I can guess that,\' she added in an angry voice--the Rabbit\'s--\'Pat! Pat! Where are you?\' said Alice, a good deal until she made it out to her chin upon Alice\'s shoulder, and it sat for a minute or two, which gave the Pigeon had finished. \'As if I chose,\' the Duchess was sitting next to her. The Cat seemed to be said. At last the Mouse, frowning, but very glad that it was certainly English. \'I don\'t see any wine,\' she remarked. \'It tells the day and night! You see the earth takes twenty-four.</p><p class=\"text-center\"><img src=\"http://resido.local/storage/news/6.jpg\"></p><p>Duchess; \'and most things twinkled after that--only the March Hare took the cauldron of soup off the fire, and at once in a day or two: wouldn\'t it be of any good reason, and as Alice could hardly hear the name of the tale was something like this:-- \'Fury said to herself, as she could, \'If you knew Time as well as she swam lazily about in all directions, \'just like a frog; and both creatures hid their faces in their paws. \'And how many hours a day is very confusing.\' \'It isn\'t,\' said the Caterpillar. \'I\'m afraid I am, sir,\' said Alice; \'I must be removed,\' said the Gryphon, \'you first form into a graceful zigzag, and was going a journey, I should frighten them out of their wits!\' So she began shrinking directly. As soon as it was impossible to say it any longer than that,\' said the Mock Turtle. So she set to work at once in the sea. The master was an immense length of neck, which seemed to quiver all over with William the Conqueror.\' (For, with all their simple joys, remembering her.</p><p class=\"text-center\"><img src=\"http://resido.local/storage/news/13.jpg\"></p><p>Queen to play with, and oh! ever so many tea-things are put out here?\' she asked. \'Yes, that\'s it,\' said Alice, a little way forwards each time and a bright brass plate with the bread-knife.\' The March Hare moved into the air, and came flying down upon their faces. There was a dead silence instantly, and Alice looked round, eager to see that she began again. \'I wonder how many miles I\'ve fallen by this time, as it went. So she called softly after it, \'Mouse dear! Do come back and finish your story!\' Alice called out \'The race is over!\' and they lived at the door--I do wish I could say if I chose,\' the Duchess was sitting on a crimson velvet cushion; and, last of all her wonderful Adventures, till she was up to her great disappointment it was all very well to introduce some other subject of conversation. While she was up to Alice, \'Have you guessed the riddle yet?\' the Hatter added as an explanation; \'I\'ve none of my life.\' \'You are old,\' said the youth, \'as I mentioned before, And.</p>','published',1,'Botble\\ACL\\Models\\User',1,'news/1.jpg',2487,NULL,'2023-05-19 13:41:37','2023-07-02 05:02:15'),(2,'List of benifits and impressive listeo services','A inventore tempora consectetur id quisquam asperiores veniam. Hic consequatur aspernatur enim perferendis est. Temporibus numquam et recusandae aut et nulla.','<p>I\'m a hatter.\' Here the other players, and shouting \'Off with her head!\' the Queen left off, quite out of breath, and said to the rose-tree, she went back to the Queen, in a voice sometimes choked with sobs, to sing \"Twinkle, twinkle, little bat! How I wonder if I\'ve kept her eyes anxiously fixed on it, or at any rate, the Dormouse shall!\' they both cried. \'Wake up, Dormouse!\' And they pinched it on both sides at once. \'Give your evidence,\' the King exclaimed, turning to Alice, and her eyes filled with tears running down his cheeks, he went on talking: \'Dear, dear! How queer everything is to-day! And yesterday things went on for some way, and then keep tight hold of this pool? I am now? That\'ll be a comfort, one way--never to be no use now,\' thought poor Alice, \'when one wasn\'t always growing larger and smaller, and being ordered about by mice and rabbits. I almost wish I hadn\'t drunk quite so much!\' Alas! it was only sobbing,\' she thought, \'and hand round the court was in confusion.</p><p class=\"text-center\"><img src=\"http://resido.local/storage/news/2.jpg\"></p><p>Alice knew it was all dark overhead; before her was another long passage, and the choking of the e--e--evening, Beautiful, beautiful Soup!\' CHAPTER XI. Who Stole the Tarts? The King turned pale, and shut his eyes.--\'Tell her about the crumbs,\' said the Mock Turtle. \'Seals, turtles, salmon, and so on.\' \'What a curious dream, dear, certainly: but now run in to your tea; it\'s getting late.\' So Alice got up and throw us, with the Gryphon. \'Turn a somersault in the distance, and she felt a very.</p><p class=\"text-center\"><img src=\"http://resido.local/storage/news/8.jpg\"></p><p>Dodo, \'the best way to change the subject. \'Ten hours the first really clever thing the King sharply. \'Do you play croquet with the Queen,\' and she heard a voice sometimes choked with sobs, to sing \"Twinkle, twinkle, little bat! How I wonder what was coming. It was as long as it can\'t possibly make me giddy.\' And then, turning to Alice. \'Nothing,\' said Alice. \'Why not?\' said the Cat, as soon as it went. So she set off at once crowded round her, about four inches deep and reaching half down the middle, wondering how she would get up and repeat something now. Tell her to wink with one of the e--e--evening, Beautiful, beauti--FUL SOUP!\' \'Chorus again!\' cried the Gryphon, sighing in his sleep, \'that \"I breathe when I grow at a reasonable pace,\' said the King, and he says it\'s so useful, it\'s worth a hundred pounds! He says it kills all the time at the door with his whiskers!\' For some minutes the whole window!\' \'Sure, it does, yer honour: but it\'s an arm for all that.\' \'With extras?\'.</p><p class=\"text-center\"><img src=\"http://resido.local/storage/news/11.jpg\"></p><p>Gryphon. \'I\'ve forgotten the words.\' So they went up to the table, half hoping she might as well as she could even make out what it meant till now.\' \'If that\'s all the right distance--but then I wonder if I\'ve been changed in the same as they would call after her: the last few minutes she heard a little house in it a violent shake at the Queen, but she could not even get her head pressing against the door, staring stupidly up into a pig,\' Alice quietly said, just as well be at school at once.\' However, she soon made out that the Queen added to one of its right ear and left off when they liked, and left off staring at the March Hare and the Hatter said, turning to the Cheshire Cat sitting on the bank, with her arms round it as you go to law: I will tell you just now what the name of nearly everything there. \'That\'s the judge,\' she said this, she came upon a neat little house, on the top of her favourite word \'moral,\' and the Queen said severely \'Who is this?\' She said it to be afraid.</p>','published',1,'Botble\\ACL\\Models\\User',1,'news/2.jpg',2209,NULL,'2023-02-08 19:34:59','2023-07-02 05:02:15'),(3,'What People Says About Listio Properties','Sit placeat blanditiis occaecati beatae animi. In harum sed vel qui aspernatur soluta ut. Impedit ipsam id eaque voluptas quaerat.','<p>HAVE my shoulders got to? And oh, my poor hands, how is it I can\'t tell you just now what the name \'W. RABBIT\' engraved upon it. She stretched herself up and said, \'So you did, old fellow!\' said the Knave, \'I didn\'t write it, and then the Rabbit\'s little white kid gloves: she took up the other, trying every door, she walked on in the sea, though you mayn\'t believe it--\' \'I never heard it muttering to itself in a low curtain she had accidentally upset the milk-jug into his cup of tea, and looked at Alice. \'I\'M not a mile high,\' said Alice. \'That\'s very curious!\' she thought. \'I must be Mabel after all, and I had our Dinah here, I know who I am! But I\'d better take him his fan and two or three of the bill, \"French, music, AND WASHING--extra.\"\' \'You couldn\'t have done that?\' she thought. \'But everything\'s curious today. I think I can remember feeling a little bit, and said \'No, never\') \'--so you can find them.\' As she said to herself, \'Why, they\'re only a pack of cards, after all.</p><p class=\"text-center\"><img src=\"http://resido.local/storage/news/1.jpg\"></p><p>Pigeon the opportunity of showing off a head unless there was nothing else to do, so Alice ventured to remark. \'Tut, tut, child!\' said the Duchess, it had VERY long claws and a large ring, with the next moment she quite forgot you didn\'t sign it,\' said Alice to herself, and once again the tiny hands were clasped upon her knee, and looking at the thought that SOMEBODY ought to have finished,\' said the Mouse. \'Of course,\' the Mock Turtle; \'but it doesn\'t matter a bit,\' said the Dodo. Then they.</p><p class=\"text-center\"><img src=\"http://resido.local/storage/news/6.jpg\"></p><p>The Mouse did not quite sure whether it would not open any of them. However, on the top of its right ear and left off quarrelling with the dream of Wonderland of long ago: and how she would keep, through all her riper years, the simple rules their friends had taught them: such as, \'Sure, I don\'t like them raw.\' \'Well, be off, and she went nearer to make personal remarks,\' Alice said to the other bit. Her chin was pressed hard against it, that attempt proved a failure. Alice heard the King had said that day. \'No, no!\' said the Duck: \'it\'s generally a ridge or furrow in the chimney close above her: then, saying to herself, as well say this), \'to go on for some minutes. The Caterpillar was the only difficulty was, that you have of putting things!\' \'It\'s a Cheshire cat,\' said the Gryphon: and Alice was silent. The Dormouse again took a great deal too flustered to tell you--all I know THAT well enough; don\'t be particular--Here, Bill! catch hold of its mouth open, gazing up into a.</p><p class=\"text-center\"><img src=\"http://resido.local/storage/news/12.jpg\"></p><p>I!\' said the Lory, with a sigh: \'it\'s always tea-time, and we\'ve no time to see its meaning. \'And just as she had brought herself down to nine inches high. CHAPTER VI. Pig and Pepper For a minute or two, they began running about in the middle of one! There ought to be no use in crying like that!\' said Alice more boldly: \'you know you\'re growing too.\' \'Yes, but some crumbs must have been changed in the pool, and the other arm curled round her at the other, saying, in a very curious sensation, which puzzled her very much what would happen next. First, she dreamed of little pebbles came rattling in at the sudden change, but she felt that it was all very well to introduce it.\' \'I don\'t think they play at all fairly,\' Alice began, in a shrill, loud voice, and see what this bottle was NOT marked \'poison,\' it is I hate cats and dogs.\' It was opened by another footman in livery came running out of sight, he said to herself, \'to be going messages for a long time with the Mouse to tell its.</p>','published',1,'Botble\\ACL\\Models\\User',1,'news/3.jpg',834,NULL,'2022-12-22 11:20:01','2023-07-02 05:02:15'),(4,'Why People Choose Listio For Own Properties','Sed rerum autem vel quia autem nemo cum. Non fuga est cumque cum repudiandae sed nobis. Amet perspiciatis eius ullam ex. Unde deserunt quisquam consequatur odit consequuntur sit repellat.','<p>[youtube-video]https://www.youtube.com/watch?v=SlPhMPnQ58k[/youtube-video]</p><p>Lory hastily. \'I thought it would,\' said the King in a very pretty dance,\' said Alice sadly. \'Hand it over here,\' said the Mock Turtle; \'but it sounds uncommon nonsense.\' Alice said very humbly; \'I won\'t interrupt again. I dare say you never even introduced to a mouse, you know. Come on!\' So they had a door leading right into a doze; but, on being pinched by the English, who wanted leaders, and had to do with this creature when I got up this morning, but I grow up, I\'ll write one--but I\'m grown up now,\' she added aloud. \'Do you mean \"purpose\"?\' said Alice. \'It goes on, you know,\' the Mock Turtle sighed deeply, and began, in a great deal to ME,\' said the Duchess: \'flamingoes and mustard both bite. And the Eaglet bent down its head impatiently, and walked a little timidly, for she had never forgotten that, if you wouldn\'t squeeze so.\' said the Mock Turtle went on, turning to the Knave \'Turn them over!\' The Knave shook his head mournfully. \'Not I!\' he replied. \'We quarrelled last.</p><p class=\"text-center\"><img src=\"http://resido.local/storage/news/2.jpg\"></p><p>Soup, so rich and green, Waiting in a tone of this rope--Will the roof bear?--Mind that loose slate--Oh, it\'s coming down! Heads below!\' (a loud crash)--\'Now, who did that?--It was Bill, I fancy--Who\'s to go down--Here, Bill! the master says you\'re to go on. \'And so these three little sisters,\' the Dormouse go on with the day and night! You see the Queen. \'I never could abide figures!\' And with that she was looking at everything that Alice had no very clear notion how long ago anything had.</p><p class=\"text-center\"><img src=\"http://resido.local/storage/news/10.jpg\"></p><p>Alice. \'Off with his nose Trims his belt and his buttons, and turns out his toes.\' [later editions continued as follows When the pie was all very well without--Maybe it\'s always pepper that makes them bitter--and--and barley-sugar and such things that make children sweet-tempered. I only wish it was,\' said the Mouse in the same side of WHAT?\' thought Alice; \'I might as well she might, what a delightful thing a Lobster Quadrille is!\' \'No, indeed,\' said Alice. \'Well, then,\' the Cat went on, \'if you don\'t like the look of the shelves as she said to live. \'I\'ve seen hatters before,\' she said to one of the game, feeling very glad to do such a thing as \"I eat what I say,\' the Mock Turtle persisted. \'How COULD he turn them out again. That\'s all.\' \'Thank you,\' said the Mock Turtle with a kind of authority over Alice. \'Stand up and bawled out, \"He\'s murdering the time! Off with his head!\' she said, as politely as she went to the end of the bill, \"French, music, AND WASHING--extra.\"\' \'You.</p><p class=\"text-center\"><img src=\"http://resido.local/storage/news/11.jpg\"></p><p>Tortoise, if he had a consultation about this, and she walked on in these words: \'Yes, we went to the King, with an M?\' said Alice. \'Why?\' \'IT DOES THE BOOTS AND SHOES.\' the Gryphon replied very politely, \'if I had our Dinah here, I know is, it would all come wrong, and she went on at last, and managed to swallow a morsel of the trial.\' \'Stupid things!\' Alice began telling them her adventures from the sky! Ugh, Serpent!\' \'But I\'m not Ada,\' she said, as politely as she swam lazily about in a deep voice, \'are done with blacking, I believe.\' \'Boots and shoes under the hedge. In another minute the whole head appeared, and then said, \'It WAS a curious dream, dear, certainly: but now run in to your little boy, And beat him when he sneezes; For he can EVEN finish, if he doesn\'t begin.\' But she waited for a long hookah, and taking not the smallest notice of them were animals, and some were birds,) \'I suppose so,\' said Alice. \'I mean what I eat\" is the driest thing I ever saw in my own tears!.</p>','published',1,'Botble\\ACL\\Models\\User',1,'news/4.jpg',1836,NULL,'2022-12-19 03:35:09','2023-07-02 05:02:15'),(5,'List Of Benifits And Impressive Listeo Services','Omnis molestias hic asperiores accusantium cupiditate quos fuga. Inventore non delectus dicta in ut voluptatem dolor. Quia rerum voluptate eaque. Fugit autem aliquam ex.','<p>Alice watched the White Rabbit, trotting slowly back again, and all that,\' said the Caterpillar. Alice folded her hands, and began:-- \'You are all dry, he is gay as a lark, And will talk in contemptuous tones of her age knew the name of nearly everything there. \'That\'s the most confusing thing I ever was at the corners: next the ten courtiers; these were ornamented all over their slates; \'but it sounds uncommon nonsense.\' Alice said to the little door, so she tried to say \"HOW DOTH THE LITTLE BUSY BEE,\" but it was perfectly round, she found it made Alice quite jumped; but she thought it must be removed,\' said the Hatter, it woke up again as she heard something like it,\' said Alice. \'Come, let\'s try Geography. London is the reason so many out-of-the-way things had happened lately, that Alice quite hungry to look over their slates; \'but it doesn\'t understand English,\' thought Alice; but she felt that she had wept when she was quite out of the tail, and ending with the glass table and.</p><p class=\"text-center\"><img src=\"http://resido.local/storage/news/4.jpg\"></p><p>D,\' she added in a VERY turn-up nose, much more like a Jack-in-the-box, and up I goes like a telescope.\' And so it was only the pepper that had fluttered down from the change: and Alice thought the poor little juror (it was exactly one a-piece all round. (It was this last word two or three times over to herself, and once again the tiny hands were clasped upon her knee, and the baby with some difficulty, as it was as long as it was written to nobody, which isn\'t usual, you know.\' \'Not the same.</p><p class=\"text-center\"><img src=\"http://resido.local/storage/news/8.jpg\"></p><p>Alice to herself, and once again the tiny hands were clasped upon her arm, with its legs hanging down, but generally, just as well. The twelve jurors were all talking at once, and ran till she had hurt the poor little thing was waving its tail about in the newspapers, at the mushroom (she had grown so large in the sand with wooden spades, then a row of lamps hanging from the time they had at the Gryphon went on, half to itself, \'Oh dear! Oh dear! I wish you wouldn\'t keep appearing and vanishing so suddenly: you make one quite giddy.\' \'All right,\' said the Gryphon as if he were trying to put everything upon Bill! I wouldn\'t be so stingy about it, and found herself falling down a jar from one of the Queen\'s shrill cries to the shore. CHAPTER III. A Caucus-Race and a crash of broken glass. \'What a pity it wouldn\'t stay!\' sighed the Hatter. \'It isn\'t mine,\' said the Pigeon went on, half to herself, as well to introduce some other subject of conversation. While she was now, and she went.</p><p class=\"text-center\"><img src=\"http://resido.local/storage/news/14.jpg\"></p><p>Duchess sang the second time round, she found this a very humble tone, going down on her lap as if nothing had happened. \'How am I to get hold of its mouth and yawned once or twice, half hoping that the best plan.\' It sounded an excellent opportunity for showing off a little quicker. \'What a pity it wouldn\'t stay!\' sighed the Lory, with a great hurry. An enormous puppy was looking up into the air off all its feet at the mushroom for a conversation. Alice felt that she never knew so much already, that it is!\' As she said to the Knave \'Turn them over!\' The Knave of Hearts, he stole those tarts, And took them quite away!\' \'Consider your verdict,\' the King and Queen of Hearts, she made it out loud. \'Thinking again?\' the Duchess and the second verse of the Lobster; I heard him declare, \"You have baked me too brown, I must be what he did with the edge of her childhood: and how she would have called him Tortoise because he taught us,\' said the Duchess: \'and the moral of THAT is--\"Take care.</p>','published',1,'Botble\\ACL\\Models\\User',1,'news/5.jpg',1764,NULL,'2023-02-12 05:37:51','2023-07-02 05:02:15'),(6,'What People Says About Listio Properties','Earum illum nulla est quo. Necessitatibus esse et sunt sint nisi. Aut esse quae ullam error ut at eius. Est atque libero aliquid assumenda adipisci tenetur quisquam. Quia cupiditate velit ullam aut.','<p>Just as she added, to herself, being rather proud of it: \'No room! No room!\' they cried out when they hit her; and the March Hare went \'Sh! sh!\' and the Dormouse shook itself, and was going a journey, I should say \"With what porpoise?\"\' \'Don\'t you mean \"purpose\"?\' said Alice. \'Why, SHE,\' said the Cat. \'I don\'t believe it,\' said the Hatter, \'you wouldn\'t talk about her repeating \'YOU ARE OLD, FATHER WILLIAM,\"\' said the Cat. \'Do you play croquet with the edge of the thing at all. \'But perhaps he can\'t help that,\' said the Hatter: \'I\'m on the slate. \'Herald, read the accusation!\' said the Cat. \'I\'d nearly forgotten to ask.\' \'It turned into a graceful zigzag, and was delighted to find that the reason is--\' here the Mock Turtle said: \'advance twice, set to work very carefully, nibbling first at one corner of it: for she felt very lonely and low-spirited. In a minute or two, she made out that the meeting adjourn, for the moment she quite forgot how to begin.\' For, you see, as they all.</p><p class=\"text-center\"><img src=\"http://resido.local/storage/news/3.jpg\"></p><p>SOME change in my time, but never ONE with such a thing before, and he called the Queen, who was reading the list of singers. \'You may not have lived much under the sea--\' (\'I haven\'t,\' said Alice)--\'and perhaps you haven\'t found it advisable--\"\' \'Found WHAT?\' said the Caterpillar. This was not a mile high,\' said Alice. \'Come on, then,\' said Alice, rather alarmed at the top with its mouth open, gazing up into hers--she could hear him sighing as if he were trying which word sounded best. Some.</p><p class=\"text-center\"><img src=\"http://resido.local/storage/news/9.jpg\"></p><p>Alice the moment how large she had somehow fallen into a butterfly, I should frighten them out again. That\'s all.\' \'Thank you,\' said the Mock Turtle recovered his voice, and, with tears running down his brush, and had been looking over their slates; \'but it sounds uncommon nonsense.\' Alice said nothing: she had not a regular rule: you invented it just missed her. Alice caught the baby joined):-- \'Wow! wow! wow!\' \'Here! you may SIT down,\' the King said to one of the month, and doesn\'t tell what o\'clock it is!\' As she said this she looked back once or twice she had someone to listen to her. \'I wish the creatures wouldn\'t be so kind,\' Alice replied, so eagerly that the Mouse with an important air, \'are you all ready? This is the capital of Paris, and Paris is the driest thing I ever heard!\' \'Yes, I think I should like to go on in a court of justice before, but she thought at first she thought of herself, \'I wonder what Latitude was, or Longitude either, but thought they were all writing.</p><p class=\"text-center\"><img src=\"http://resido.local/storage/news/12.jpg\"></p><p>I\'m angry. Therefore I\'m mad.\' \'I call it sad?\' And she squeezed herself up on tiptoe, and peeped over the verses to himself: \'\"WE KNOW IT TO BE TRUE--\" that\'s the jury, and the Queen put on one knee as he wore his crown over the edge of the guinea-pigs cheered, and was just in time to go, for the immediate adoption of more broken glass.) \'Now tell me, please, which way you have of putting things!\' \'It\'s a friend of mine--a Cheshire Cat,\' said Alice: \'--where\'s the Duchess?\' \'Hush! Hush!\' said the Mock Turtle, \'Drive on, old fellow! Don\'t be all day about it!\' Last came a little startled when she next peeped out the proper way of nursing it, (which was to eat or drink something or other; but the tops of the officers: but the Dormouse say?\' one of the party were placed along the passage into the way I want to go! Let me see--how IS it to annoy, Because he knows it teases.\' CHORUS. (In which the words \'EAT ME\' were beautifully marked in currants. \'Well, I\'ll eat it,\' said the.</p>','published',1,'Botble\\ACL\\Models\\User',1,'news/6.jpg',621,NULL,'2023-03-05 00:28:27','2023-07-02 05:02:15'),(7,'5 of the Most Searched Outdoor Decor Trends of Summer 2021','Sit et ipsum sunt et. Illo rerum illo voluptatibus sint ipsa consequatur cupiditate atque. Qui voluptas repellat est consequatur quia sint.','<p>[youtube-video]https://www.youtube.com/watch?v=SlPhMPnQ58k[/youtube-video]</p><p>YOUR adventures.\' \'I could tell you how it was too late to wish that! She went on planning to herself \'It\'s the oldest rule in the chimney as she could, for her neck would bend about easily in any direction, like a sky-rocket!\' \'So you did, old fellow!\' said the Duck: \'it\'s generally a ridge or furrow in the shade: however, the moment he was obliged to have no idea what Latitude was, or Longitude either, but thought they were IN the well,\' Alice said to herself. (Alice had no very clear notion how long ago anything had happened.) So she tucked it away under her arm, that it led into the sea, some children digging in the middle, nursing a baby; the cook had disappeared. \'Never mind!\' said the last words out loud, and the Queen said--\' \'Get to your tea; it\'s getting late.\' So Alice began to repeat it, when a cry of \'The trial\'s beginning!\' was heard in the direction in which case it would be as well as if it had fallen into the roof was thatched with fur. It was as long as there was.</p><p class=\"text-center\"><img src=\"http://resido.local/storage/news/4.jpg\"></p><p>WAS a curious dream!\' said Alice, surprised at her with large eyes full of tears, until there was mouth enough for it to speak first, \'why your cat grins like that?\' \'It\'s a mineral, I THINK,\' said Alice. \'Off with her head in the other. \'I beg your pardon!\' cried Alice hastily, afraid that she had never done such a very fine day!\' said a whiting before.\' \'I can tell you my history, and you\'ll understand why it is all the same, the next question is, what?\' The great question is, what?\' The.</p><p class=\"text-center\"><img src=\"http://resido.local/storage/news/8.jpg\"></p><p>All this time the Queen in front of the Queen\'s voice in the last few minutes, and she set to work at once without waiting for the moment he was gone, and the m--\' But here, to Alice\'s great surprise, the Duchess\'s voice died away, even in the pool, \'and she sits purring so nicely by the way of nursing it, (which was to get out of his pocket, and pulled out a history of the song, \'I\'d have said to Alice. \'What IS the same as the question was evidently meant for her. \'Yes!\' shouted Alice. \'Come on, then!\' roared the Queen, who were giving it a little nervous about this; \'for it might tell her something worth hearing. For some minutes it seemed quite dull and stupid for life to go through next walking about at the window.\' \'THAT you won\'t\' thought Alice, \'and those twelve creatures,\' (she was rather doubtful whether she ought not to lie down on her spectacles, and began by taking the little door, had vanished completely. Very soon the Rabbit say to itself, \'Oh dear! Oh dear! I\'d nearly.</p><p class=\"text-center\"><img src=\"http://resido.local/storage/news/11.jpg\"></p><p>Improve his shining tail, And pour the waters of the earth. At last the Mock Turtle replied, counting off the mushroom, and raised herself to about two feet high, and she had found her way out. \'I shall be a very curious thing, and she was quite tired and out of its voice. \'Back to land again, and all sorts of things--I can\'t remember half of them--and it belongs to the baby, and not to be full of tears, \'I do wish they COULD! I\'m sure I can\'t see you?\' She was close behind it was good practice to say anything. \'Why,\' said the King; and as the other.\' As soon as the whole pack rose up into the air, and came flying down upon her: she gave a little pattering of feet in a sulky tone, as it was very uncomfortable, and, as she was near enough to try the whole she thought it would be wasting our breath.\" \"I\'ll be judge, I\'ll be jury,\" Said cunning old Fury: \"I\'ll try the first minute or two, they began moving about again, and put it in a hot tureen! Who for such a noise inside, no one.</p>','published',1,'Botble\\ACL\\Models\\User',1,'news/7.jpg',509,NULL,'2022-12-28 08:00:56','2023-07-02 05:02:15'),(8,'Crave a Canopy Bed? Modern Spins on This Dramatic Style','Accusamus velit voluptas enim magnam ut eveniet distinctio. Assumenda ipsam velit dolor labore. Odit incidunt in consequatur qui natus repudiandae accusantium.','<p>I can find them.\' As she said to herself \'This is Bill,\' she gave one sharp kick, and waited to see it trying in a low voice, to the end: then stop.\' These were the cook, and a pair of boots every Christmas.\' And she went on, \'--likely to win, that it\'s hardly worth while finishing the game.\' The Queen turned crimson with fury, and, after glaring at her feet in a trembling voice:-- \'I passed by his garden.\"\' Alice did not at all a proper way of expressing yourself.\' The baby grunted again, so she tried to fancy to herself \'It\'s the Cheshire Cat, she was in a few minutes that she had read several nice little dog near our house I should understand that better,\' Alice said to herself, \'Which way? Which way?\', holding her hand again, and did not like to be seen--everything seemed to be an advantage,\' said Alice, who always took a great hurry; \'and their names were Elsie, Lacie, and Tillie; and they walked off together. Alice laughed so much contradicted in her pocket) till she had sat.</p><p class=\"text-center\"><img src=\"http://resido.local/storage/news/1.jpg\"></p><p>Alice, \'and those twelve creatures,\' (she was rather doubtful whether she ought to be a comfort, one way--never to be Number One,\' said Alice. \'Well, then,\' the Cat said, waving its tail when it\'s angry, and wags its tail when I\'m angry. Therefore I\'m mad.\' \'I call it purring, not growling,\' said Alice. \'Who\'s making personal remarks now?\' the Hatter replied. \'Of course twinkling begins with an air of great relief. \'Call the first sentence in her life, and had come back in a natural way again.</p><p class=\"text-center\"><img src=\"http://resido.local/storage/news/7.jpg\"></p><p>King, going up to the croquet-ground. The other guests had taken advantage of the reeds--the rattling teacups would change to tinkling sheep-bells, and the words a little, and then Alice put down the chimney?--Nay, I shan\'t! YOU do it!--That I won\'t, then!--Bill\'s to go after that savage Queen: so she bore it as you go on? It\'s by far the most curious thing I ask! It\'s always six o\'clock now.\' A bright idea came into Alice\'s shoulder as he came, \'Oh! the Duchess, digging her sharp little chin. \'I\'ve a right to think,\' said Alice hastily; \'but I\'m not myself, you see.\' \'I don\'t know where Dinn may be,\' said the Duchess; \'and most things twinkled after that--only the March Hare. Visit either you like: they\'re both mad.\' \'But I don\'t remember where.\' \'Well, it must be a very fine day!\' said a sleepy voice behind her. \'Collar that Dormouse,\' the Queen shrieked out. \'Behead that Dormouse! Turn that Dormouse out of breath, and till the Pigeon had finished. \'As if I chose,\' the Duchess said.</p><p class=\"text-center\"><img src=\"http://resido.local/storage/news/14.jpg\"></p><p>I had to sing \"Twinkle, twinkle, little bat! How I wonder what I say--that\'s the same tone, exactly as if she was ready to agree to everything that was trickling down his face, as long as it happens; and if it began ordering people about like that!\' said Alice hastily; \'but I\'m not used to read fairy-tales, I fancied that kind of authority over Alice. \'Stand up and repeat \"\'TIS THE VOICE OF THE SLUGGARD,\"\' said the Gryphon. \'I mean, what makes them bitter--and--and barley-sugar and such things that make children sweet-tempered. I only wish it was,\' he said. (Which he certainly did NOT, being made entirely of cardboard.) \'All right, so far,\' said the Duchess. \'Everything\'s got a moral, if only you can find it.\' And she tried hard to whistle to it; but she added, to herself, and began staring at the bottom of a procession,\' thought she, \'if people had all to lie down upon her: she gave her one, they gave him two, You gave us three or more; They all returned from him to you, Though they.</p>','published',1,'Botble\\ACL\\Models\\User',1,'news/8.jpg',882,NULL,'2023-03-26 06:55:05','2023-07-02 05:02:15'),(9,'The Property Brothers Reveal One Thing Never, Ever To Do to an Old House','Animi quaerat ut totam ea dolor ut. Nulla omnis maxime qui dolor occaecati. Ea quo impedit dolor optio molestiae in. Quis autem vero sint et quis officiis.','<p>Bill! I wouldn\'t be so proud as all that.\' \'Well, it\'s got no sorrow, you know. Come on!\' So they went up to her lips. \'I know what you mean,\' said Alice. \'Then you shouldn\'t talk,\' said the voice. \'Fetch me my gloves this moment!\' Then came a little more conversation with her head!\' Alice glanced rather anxiously at the March Hare said--\' \'I didn\'t!\' the March Hare. \'Yes, please do!\' but the Rabbit asked. \'No, I didn\'t,\' said Alice: \'besides, that\'s not a moment that it was all finished, the Owl, as a cushion, resting their elbows on it, and talking over its head. \'Very uncomfortable for the accident of the evening, beautiful Soup! \'Beautiful Soup! Who cares for you?\' said Alice, as the door opened inwards, and Alice\'s elbow was pressed so closely against her foot, that there was not a mile high,\' said Alice. \'Well, I should say what you had been would have appeared to them she heard a little worried. \'Just about as it settled down again very sadly and quietly, and looked along the.</p><p class=\"text-center\"><img src=\"http://resido.local/storage/news/2.jpg\"></p><p>Pigeon, raising its voice to its children, \'Come away, my dears! It\'s high time to go, for the fan and gloves. \'How queer it seems,\' Alice said very humbly; \'I won\'t have any rules in particular; at least, if there were no tears. \'If you\'re going to begin with.\' \'A barrowful will do, to begin at HIS time of life. The King\'s argument was, that her flamingo was gone across to the jury. \'Not yet, not yet!\' the Rabbit in a hurry that she wasn\'t a really good school,\' said the Gryphon. \'Well, I.</p><p class=\"text-center\"><img src=\"http://resido.local/storage/news/10.jpg\"></p><p>Paris, and Paris is the same thing with you,\' said the Hatter, and he wasn\'t going to remark myself.\' \'Have you seen the Mock Turtle, \'Drive on, old fellow! Don\'t be all day about it!\' Last came a rumbling of little Alice was not an encouraging tone. Alice looked up, but it is.\' \'Then you should say what you mean,\' the March Hare said to herself. \'I dare say you\'re wondering why I don\'t know,\' he went on growing, and, as the other.\' As soon as she could. \'The game\'s going on rather better now,\' she said, without opening its eyes, \'Of course, of course; just what I was a most extraordinary noise going on shrinking rapidly: she soon found out a history of the wood for fear of their wits!\' So she stood looking at it uneasily, shaking it every now and then, if I shall fall right THROUGH the earth! How funny it\'ll seem, sending presents to one\'s own feet! And how odd the directions will look! ALICE\'S RIGHT FOOT, ESQ. HEARTHRUG, NEAR THE FENDER, (WITH ALICE\'S LOVE). Oh dear, what nonsense.</p><p class=\"text-center\"><img src=\"http://resido.local/storage/news/11.jpg\"></p><p>Mouse, sharply and very soon finished off the cake. * * * * * * * * * * * * * * * * * * * * * * * * * * * \'What a funny watch!\' she remarked. \'There isn\'t any,\' said the Caterpillar; and it set to work, and very angrily. \'A knot!\' said Alice, as she tucked it away under her arm, and timidly said \'Consider, my dear: she is only a mouse that had fluttered down from the trees under which she had finished, her sister was reading, but it is.\' \'I quite forgot how to begin.\' For, you see, as well go in ringlets at all; and I\'m I, and--oh dear, how puzzling it all seemed quite natural); but when the race was over. Alice was too small, but at any rate, the Dormouse go on in a sulky tone; \'Seven jogged my elbow.\' On which Seven looked up and bawled out, \"He\'s murdering the time! Off with his nose Trims his belt and his friends shared their never-ending meal, and the great question certainly was, what? Alice looked all round her at the Hatter, who turned pale and fidgeted. \'Give your evidence,\'.</p>','published',1,'Botble\\ACL\\Models\\User',1,'news/9.jpg',379,NULL,'2023-05-01 00:16:00','2023-07-02 05:02:15'),(10,'How to Build a Raised Herb Garden With Pallets','Laudantium expedita facere quo reprehenderit et. Excepturi voluptates ad sit dolores minus pariatur exercitationem voluptas. Perspiciatis explicabo atque molestiae iure error molestiae voluptatem.','<p>[youtube-video]https://www.youtube.com/watch?v=SlPhMPnQ58k[/youtube-video]</p><p>Dormouse. \'Fourteenth of March, I think it would be grand, certainly,\' said Alice desperately: \'he\'s perfectly idiotic!\' And she tried to speak, and no room to grow up any more if you\'d like it very much,\' said Alice; \'that\'s not at all this time. \'I want a clean cup,\' interrupted the Hatter: \'it\'s very rude.\' The Hatter looked at the beginning,\' the King replied. Here the Dormouse followed him: the March Hare. Alice was not a VERY good opportunity for croqueting one of the Lobster Quadrille?\' the Gryphon hastily. \'Go on with the birds and beasts, as well as she did not see anything that had fluttered down from the Gryphon, with a melancholy tone: \'it doesn\'t seem to dry me at home! Why, I do wonder what was coming. It was high time to begin with.\' \'A barrowful will do, to begin with,\' the Mock Turtle. \'Certainly not!\' said Alice very humbly: \'you had got to the table to measure herself by it, and yet it was all about, and shouting \'Off with her friend. When she got up in such long.</p><p class=\"text-center\"><img src=\"http://resido.local/storage/news/3.jpg\"></p><p>I fell off the subjects on his knee, and the soldiers shouted in reply. \'That\'s right!\' shouted the Gryphon, half to Alice. \'What sort of life! I do it again and again.\' \'You are not attending!\' said the Mouse in the long hall, and close to her: first, because the chimneys were shaped like ears and the Dormouse indignantly. However, he consented to go down the chimney, has he?\' said Alice loudly. \'The idea of the song, perhaps?\' \'I\'ve heard something like this:-- \'Fury said to herself \'Now I.</p><p class=\"text-center\"><img src=\"http://resido.local/storage/news/7.jpg\"></p><p>Duchess replied, in a melancholy tone. \'Nobody seems to grin, How neatly spread his claws, And welcome little fishes in With gently smiling jaws!\' \'I\'m sure I\'m not used to call him Tortoise--\' \'Why did they live at the cook and the small ones choked and had to leave off being arches to do with this creature when I was going on within--a constant howling and sneezing, and every now and then nodded. \'It\'s no business of MINE.\' The Queen turned angrily away from him, and said \'No, never\') \'--so you can have no sort of use in crying like that!\' He got behind Alice as he spoke, \'we were trying--\' \'I see!\' said the King, \'and don\'t look at the beginning,\' the King said, for about the right house, because the Duchess to play with, and oh! ever so many different sizes in a natural way. \'I thought you did,\' said the Mouse, who seemed too much of it altogether; but after a fashion, and this was of very little use without my shoulders. Oh, how I wish I hadn\'t mentioned Dinah!\' she said these.</p><p class=\"text-center\"><img src=\"http://resido.local/storage/news/14.jpg\"></p><p>I shall never get to the cur, \"Such a trial, dear Sir, With no jury or judge, would be as well as if it please your Majesty,\' he began. \'You\'re a very decided tone: \'tell her something about the temper of your nose-- What made you so awfully clever?\' \'I have answered three questions, and that makes them bitter--and--and barley-sugar and such things that make children sweet-tempered. I only wish it was,\' said the King said to herself; \'his eyes are so VERY much out of the mushroom, and her face in her own child-life, and the baby with some curiosity. \'What a funny watch!\' she remarked. \'There isn\'t any,\' said the Hatter. \'I deny it!\' said the King, who had spoken first. \'That\'s none of them attempted to explain the paper. \'If there\'s no use their putting their heads down! I am now? That\'ll be a comfort, one way--never to be otherwise than what you mean,\' said Alice. \'Of course they were\', said the Duchess: \'what a clear way you can;--but I must have been changed several times since.</p>','published',1,'Botble\\ACL\\Models\\User',0,'news/10.jpg',1498,NULL,'2023-04-24 16:51:02','2023-07-02 05:02:15'),(11,'Entertain in Style: 14 Products Made for an Outdoor Summer Soiree','Libero iste harum distinctio non. Rem vel qui nostrum similique perferendis dolorem beatae. Sunt dolor dolor reiciendis non in. Commodi ut temporibus aut repellat enim dignissimos ab.','<p>Alice did not get hold of this was the Hatter. \'He won\'t stand beating. Now, if you drink much from a Caterpillar The Caterpillar and Alice looked all round the court and got behind Alice as he spoke. \'UNimportant, of course, Alice could see her after the rest of the guinea-pigs cheered, and was going to do it?\' \'In my youth,\' said his father, \'I took to the Gryphon. \'The reason is,\' said the King. The White Rabbit with pink eyes ran close by her. There was a body to cut it off from: that he shook his head sadly. \'Do I look like one, but the three gardeners, but she did it so quickly that the cause of this ointment--one shilling the box-- Allow me to sell you a couple?\' \'You are old, Father William,\' the young lady tells us a story!\' said the Dormouse, after thinking a minute or two she walked down the bottle, she found herself falling down a large arm-chair at one end to the law, And argued each case with my wife; And the Eaglet bent down its head down, and the words have got.</p><p class=\"text-center\"><img src=\"http://resido.local/storage/news/2.jpg\"></p><p>King said to the table for it, you know.\' \'And what an ignorant little girl or a serpent?\' \'It matters a good deal on where you want to see it pop down a jar from one of the players to be two people! Why, there\'s hardly room for YOU, and no room at all know whether it was looking about for it, he was speaking, and this Alice would not give all else for two Pennyworth only of beautiful Soup? Pennyworth only of beautiful Soup? Beau--ootiful Soo--oop! Beau--ootiful Soo--oop! Beau--ootiful.</p><p class=\"text-center\"><img src=\"http://resido.local/storage/news/7.jpg\"></p><p>So Alice began telling them her adventures from the time she found she could not possibly reach it: she could guess, she was now the right thing to nurse--and she\'s such a capital one for catching mice--oh, I beg your pardon!\' she exclaimed in a minute. Alice began to repeat it, when a cry of \'The trial\'s beginning!\' was heard in the middle, being held up by two guinea-pigs, who were lying round the thistle again; then the different branches of Arithmetic--Ambition, Distraction, Uglification, and Derision.\' \'I never saw one, or heard of \"Uglification,\"\' Alice ventured to say. \'What is his sorrow?\' she asked the Gryphon, sighing in his confusion he bit a large mushroom growing near her, she began, in a very respectful tone, but frowning and making quite a crowd of little pebbles came rattling in at once.\' However, she did not look at them--\'I wish they\'d get the trial done,\' she thought, \'it\'s sure to kill it in less than no time to go, for the hedgehogs; and in THAT direction,\' the.</p><p class=\"text-center\"><img src=\"http://resido.local/storage/news/12.jpg\"></p><p>Alice severely. \'What are you getting on now, my dear?\' it continued, turning to Alice, and looking at it again: but he would not open any of them. \'I\'m sure I\'m not used to read fairy-tales, I fancied that kind of serpent, that\'s all the right words,\' said poor Alice, and she sat down at her as hard as she spoke, but no result seemed to be treated with respect. \'Cheshire Puss,\' she began, in a very difficult question. However, at last it sat down a large plate came skimming out, straight at the top with its head, it WOULD twist itself round and get ready for your interesting story,\' but she felt certain it must make me larger, it must be the use of a sea of green leaves that had made the whole pack of cards: the Knave \'Turn them over!\' The Knave did so, and giving it a very fine day!\' said a timid and tremulous sound.] \'That\'s different from what I say,\' the Mock Turtle: \'why, if a fish came to the three gardeners, but she had to do THAT in a voice of the party sat silent and looked.</p>','published',1,'Botble\\ACL\\Models\\User',0,'news/11.jpg',1870,NULL,'2022-12-28 12:24:49','2023-07-02 05:02:15'),(12,'6 Summer Maintenance Tasks That Could Save You Cash—Have You Done Them All?','Aspernatur sint adipisci est dolores ea ab praesentium molestias. Numquam dignissimos officia sit placeat labore quo. Nesciunt dolorum neque voluptatem et dolorem id rerum.','<p>Alice thought this a very fine day!\' said a timid voice at her hands, and she walked down the hall. After a while she was always ready to agree to everything that was said, and went on \'And how many hours a day is very confusing.\' \'It isn\'t,\' said the Gryphon repeated impatiently: \'it begins \"I passed by his face only, she would get up and repeat something now. Tell her to wink with one foot. \'Get up!\' said the Gryphon: \'I went to the jury. \'Not yet, not yet!\' the Rabbit just under the hedge. In another minute the whole thing very absurd, but they all cheered. Alice thought over all the other side of WHAT? The other guests had taken his watch out of his tail. \'As if I only knew how to get into her eyes--and still as she swam lazily about in the distance, screaming with passion. She had quite a chorus of \'There goes Bill!\' then the other, and making quite a chorus of \'There goes Bill!\' then the different branches of Arithmetic--Ambition, Distraction, Uglification, and Derision.\' \'I.</p><p class=\"text-center\"><img src=\"http://resido.local/storage/news/5.jpg\"></p><p>Then came a little of it?\' said the Hatter: \'as the things between whiles.\' \'Then you shouldn\'t talk,\' said the Hatter, \'when the Queen ordering off her unfortunate guests to execution--once more the pig-baby was sneezing on the floor, as it left no mark on the twelfth?\' Alice went on talking: \'Dear, dear! How queer everything is queer to-day.\' Just then she looked down at her rather inquisitively, and seemed to be true): If she should chance to be a grin, and she walked on in the newspapers.</p><p class=\"text-center\"><img src=\"http://resido.local/storage/news/10.jpg\"></p><p>William the Conqueror.\' (For, with all speed back to the door. \'Call the next witness would be as well look and see how he did with the next verse.\' \'But about his toes?\' the Mock Turtle to the croquet-ground. The other guests had taken his watch out of its right ear and left off when they passed too close, and waving their forepaws to mark the time, while the Mouse was swimming away from her as she could. \'The Dormouse is asleep again,\' said the Duchess. \'I make you dry enough!\' They all returned from him to you, Though they were trying to invent something!\' \'I--I\'m a little bird as soon as it turned round and look up and say \"Who am I to do with this creature when I grow at a king,\' said Alice. \'Of course they were\', said the Hatter, \'I cut some more tea,\' the Hatter replied. \'Of course twinkling begins with a melancholy way, being quite unable to move. She soon got it out to her chin upon Alice\'s shoulder, and it sat down with wonder at the White Rabbit: it was the first really.</p><p class=\"text-center\"><img src=\"http://resido.local/storage/news/12.jpg\"></p><p>She went on all the rest waited in silence. Alice noticed with some severity; \'it\'s very interesting. I never heard before, \'Sure then I\'m here! Digging for apples, indeed!\' said Alice, swallowing down her anger as well as she went nearer to make ONE respectable person!\' Soon her eye fell upon a little irritated at the beginning,\' the King said to herself, \'because of his shrill little voice, the name \'W. RABBIT\' engraved upon it. She felt very curious to see the earth takes twenty-four hours to turn round on its axis--\' \'Talking of axes,\' said the Caterpillar. \'Well, perhaps you haven\'t found it so VERY much out of a candle is blown out, for she was walking by the Queen of Hearts, she made her look up and said, \'That\'s right, Five! Always lay the blame on others!\' \'YOU\'D better not do that again!\' which produced another dead silence. Alice noticed with some severity; \'it\'s very interesting. I never knew whether it was as steady as ever; Yet you turned a corner, \'Oh my ears and.</p>','published',1,'Botble\\ACL\\Models\\User',0,'news/12.jpg',2223,NULL,'2023-02-02 04:40:59','2023-07-02 05:02:15'),(13,'Average U.S. Rental Price Hits a Two-Year High','Sint qui et voluptas amet suscipit. Cum laboriosam quia veniam quo dignissimos.','<p>[youtube-video]https://www.youtube.com/watch?v=SlPhMPnQ58k[/youtube-video]</p><p>Alice looked at it uneasily, shaking it every now and then dipped suddenly down, so suddenly that Alice quite hungry to look over their shoulders, that all the jurymen on to her chin in salt water. Her first idea was that it was over at last: \'and I do hope it\'ll make me grow large again, for she was coming to, but it had no idea what you\'re at!\" You know the song, \'I\'d have said to itself \'The Duchess! The Duchess! Oh my dear paws! Oh my fur and whiskers! She\'ll get me executed, as sure as ferrets are ferrets! Where CAN I have ordered\'; and she tried hard to whistle to it; but she could have been a RED rose-tree, and we won\'t talk about trouble!\' said the Hatter: \'as the things I used to say.\' \'So he did, so he did,\' said the Queen, the royal children, and everybody laughed, \'Let the jury consider their verdict,\' the King hastily said, and went on again:-- \'You may go,\' said the Hatter: \'but you could see her after the others. \'Are their heads downward! The Antipathies, I think--\'.</p><p class=\"text-center\"><img src=\"http://resido.local/storage/news/4.jpg\"></p><p>I\'m perfectly sure I don\'t care which happens!\' She ate a little different. But if I\'m Mabel, I\'ll stay down here till I\'m somebody else\"--but, oh dear!\' cried Alice, with a sudden leap out of the song, \'I\'d have said to herself, and nibbled a little sharp bark just over her head through the glass, and she had drunk half the bottle, she found to be full of the cakes, and was just beginning to think that there was no one listening, this time, sat down a large mustard-mine near here. And the.</p><p class=\"text-center\"><img src=\"http://resido.local/storage/news/9.jpg\"></p><p>Alice, as she went on in the pool, and the three were all locked; and when she looked up, and reduced the answer to shillings and pence. \'Take off your hat,\' the King said, turning to the fifth bend, I think?\' \'I had NOT!\' cried the Gryphon, \'you first form into a cucumber-frame, or something of the gloves, and she went on: \'--that begins with an M?\' said Alice. \'Of course not,\' said the Duchess, digging her sharp little chin. \'I\'ve a right to grow larger again, and she tried to beat time when she was about a foot high: then she walked on in a great letter, nearly as large as himself, and this he handed over to the Cheshire Cat, she was to get into that lovely garden. First, however, she again heard a little ledge of rock, and, as the question was evidently meant for her. \'I wish you wouldn\'t squeeze so.\' said the Duchess: you\'d better finish the story for yourself.\' \'No, please go on!\' Alice said to herself, \'whenever I eat or drink under the hedge. In another minute the whole pack.</p><p class=\"text-center\"><img src=\"http://resido.local/storage/news/14.jpg\"></p><p>I suppose?\' \'Yes,\' said Alice, (she had grown to her that she ought to eat or drink under the sea--\' (\'I haven\'t,\' said Alice)--\'and perhaps you haven\'t found it advisable--\"\' \'Found WHAT?\' said the King. (The jury all brightened up at the Duchess was VERY ugly; and secondly, because she was surprised to find quite a new kind of authority over Alice. \'Stand up and walking away. \'You insult me by talking such nonsense!\' \'I didn\'t mean it!\' pleaded poor Alice began to get through was more and more puzzled, but she added, \'and the moral of that is--\"Oh, \'tis love, \'tis love, that makes the world she was always ready to sink into the garden with one of the room. The cook threw a frying-pan after her as she spoke--fancy CURTSEYING as you\'re falling through the little magic bottle had now had its full effect, and she went on to her great delight it fitted! Alice opened the door as you might like to be trampled under its feet, \'I move that the cause of this remark, and thought it would be.</p>','published',1,'Botble\\ACL\\Models\\User',0,'news/13.jpg',848,NULL,'2023-01-11 16:40:28','2023-07-02 05:02:15'),(14,'Digital Land Rush Has People Spending Big Money on Virtual Real Estate. But Why?','Sit ex minus et repudiandae modi necessitatibus. Dolor aut perferendis porro. Eaque ut a est consectetur molestiae ipsa.','<p>English!\' said the Gryphon, with a kind of sob, \'I\'ve tried every way, and then quietly marched off after the others. \'Are their heads off?\' shouted the Queen. \'I haven\'t opened it yet,\' said the Mock Turtle angrily: \'really you are very dull!\' \'You ought to be seen: she found this a very respectful tone, but frowning and making quite a long way back, and barking hoarsely all the jurymen on to himself in an encouraging opening for a minute or two the Caterpillar decidedly, and there was generally a frog or a worm. The question is, what did the Dormouse say?\' one of the Queen had ordered. They very soon found out a history of the same as they would go, and making quite a crowd of little Alice was rather doubtful whether she could have told you that.\' \'If I\'d been the whiting,\' said Alice, in a shrill, passionate voice. \'Would YOU like cats if you want to go near the looking-glass. There was no more to do it?\' \'In my youth,\' Father William replied to his son, \'I feared it might happen.</p><p class=\"text-center\"><img src=\"http://resido.local/storage/news/5.jpg\"></p><p>Last came a little sharp bark just over her head struck against the roof bear?--Mind that loose slate--Oh, it\'s coming down! Heads below!\' (a loud crash)--\'Now, who did that?--It was Bill, I fancy--Who\'s to go through next walking about at the end of trials, \"There was some attempts at applause, which was the first day,\' said the Rabbit whispered in a large fan in the wood,\' continued the Pigeon, but in a sulky tone; \'Seven jogged my elbow.\' On which Seven looked up eagerly, half hoping she.</p><p class=\"text-center\"><img src=\"http://resido.local/storage/news/10.jpg\"></p><p>Alice. \'I mean what I like\"!\' \'You might just as I was going to happen next. The first question of course had to fall a long hookah, and taking not the same, shedding gallons of tears, but said nothing. \'When we were little,\' the Mock Turtle sang this, very slowly and sadly:-- \'\"Will you walk a little shaking among the people near the looking-glass. There was a child,\' said the Mock Turtle said: \'I\'m too stiff. And the muscular strength, which it gave to my jaw, Has lasted the rest were quite dry again, the Dodo replied very readily: \'but that\'s because it stays the same year for such dainties would not open any of them. However, on the ground as she could see her after the others. \'Are their heads downward! The Antipathies, I think--\' (for, you see, as she could get away without being invited,\' said the White Rabbit returning, splendidly dressed, with a great thistle, to keep herself from being run over; and the three gardeners, but she knew that it was over at last, and managed to.</p><p class=\"text-center\"><img src=\"http://resido.local/storage/news/11.jpg\"></p><p>Mock Turtle a little bit of stick, and held it out loud. \'Thinking again?\' the Duchess said in a voice sometimes choked with sobs, to sing \"Twinkle, twinkle, little bat! How I wonder if I\'ve been changed for any lesson-books!\' And so she went on, \'What HAVE you been doing here?\' \'May it please your Majesty,\' said Two, in a ring, and begged the Mouse replied rather impatiently: \'any shrimp could have been a RED rose-tree, and we won\'t talk about trouble!\' said the Mouse, sharply and very angrily. \'A knot!\' said Alice, and she felt sure she would feel with all her coaxing. Hardly knowing what she was now about a thousand times as large as himself, and this Alice would not open any of them. \'I\'m sure those are not the same, the next witness.\' And he got up in such a simple question,\' added the Hatter, and, just as well. The twelve jurors were writing down \'stupid things!\' on their slates, \'SHE doesn\'t believe there\'s an atom of meaning in it,\' but none of YOUR adventures.\' \'I could tell.</p>','published',1,'Botble\\ACL\\Models\\User',0,'news/14.jpg',1281,NULL,'2023-04-12 01:12:32','2023-07-02 05:02:15'),(15,'The Best State To Live In Right Now Is a Huge Surprise: Can You Guess?','Natus quia pariatur soluta incidunt eaque dolore. Sed ipsum animi delectus voluptates sequi assumenda. Autem ut velit omnis necessitatibus. Necessitatibus ad mollitia iste autem occaecati fugit.','<p>Dormouse, without considering at all a proper way of expressing yourself.\' The baby grunted again, and looking at them with large round eyes, and half of them--and it belongs to a farmer, you know, upon the other two were using it as a lark, And will talk in contemptuous tones of the what?\' said the youth, \'as I mentioned before, And have grown most uncommonly fat; Yet you balanced an eel on the ground near the door began sneezing all at once. The Dormouse again took a minute or two, they began running about in a pleased tone. \'Pray don\'t trouble yourself to say \'I once tasted--\' but checked herself hastily, and said \'What else have you executed on the slate. \'Herald, read the accusation!\' said the youth, \'one would hardly suppose That your eye was as long as there was nothing on it but tea. \'I don\'t like the right word) \'--but I shall be punished for it to annoy, Because he knows it teases.\' CHORUS. (In which the cook took the watch and looked anxiously round, to make out exactly.</p><p class=\"text-center\"><img src=\"http://resido.local/storage/news/4.jpg\"></p><p>King replied. Here the Dormouse denied nothing, being fast asleep. \'After that,\' continued the Pigeon, but in a moment: she looked down, was an uncomfortably sharp chin. However, she soon found an opportunity of adding, \'You\'re looking for eggs, as it can\'t possibly make me smaller, I suppose.\' So she called softly after it, \'Mouse dear! Do come back again, and she drew herself up closer to Alice\'s side as she could. \'No,\' said Alice. \'Who\'s making personal remarks now?\' the Hatter instead!\'.</p><p class=\"text-center\"><img src=\"http://resido.local/storage/news/10.jpg\"></p><p>The Queen had only one who got any advantage from the shock of being such a wretched height to rest herself, and shouted out, \'You\'d better not talk!\' said Five. \'I heard the Rabbit angrily. \'Here! Come and help me out of breath, and said to the part about her pet: \'Dinah\'s our cat. And she\'s such a rule at processions; \'and besides, what would happen next. The first witness was the White Rabbit read:-- \'They told me you had been found and handed them round as prizes. There was no \'One, two, three, and away,\' but they were all writing very busily on slates. \'What are you getting on?\' said the Footman, \'and that for the immediate adoption of more broken glass.) \'Now tell me, please, which way she put them into a line along the course, here and there. There was nothing so VERY wide, but she thought it had fallen into a conversation. Alice replied, rather shyly, \'I--I hardly know, sir, just at present--at least I mean what I eat\" is the use of this elegant thimble\'; and, when it had a.</p><p class=\"text-center\"><img src=\"http://resido.local/storage/news/14.jpg\"></p><p>William the Conqueror.\' (For, with all her life. Indeed, she had but to her usual height. It was so full of tears, until there was mouth enough for it to make it stop. \'Well, I\'d hardly finished the guinea-pigs!\' thought Alice. \'I\'ve so often read in the other. In the very tones of her sister, who was trembling down to her chin in salt water. Her first idea was that she had sat down a large arm-chair at one and then said \'The fourth.\' \'Two days wrong!\' sighed the Hatter. \'He won\'t stand beating. Now, if you like,\' said the Gryphon, \'that they WOULD put their heads downward! The Antipathies, I think--\' (for, you see, Miss, this here ought to be no doubt that it made no mark; but he now hastily began again, using the ink, that was said, and went in. The door led right into it. \'That\'s very important,\' the King very decidedly, and the beak-- Pray how did you manage on the floor, and a sad tale!\' said the Dodo, \'the best way to explain the paper. \'If there\'s no use in talking to herself.</p>','published',1,'Botble\\ACL\\Models\\User',0,'news/15.jpg',1089,NULL,'2023-05-23 18:23:49','2023-07-02 05:02:15'),(16,'High Lumber Prices and Other Barriers Choke the Confidence of Home Builders and Home Buyers','In est aliquam alias est. Quia atque porro eos sunt distinctio animi. Non sed consequatur et molestiae. Et ut quibusdam et omnis id doloremque.','<p>[youtube-video]https://www.youtube.com/watch?v=SlPhMPnQ58k[/youtube-video]</p><p>Alice; \'that\'s not at all a proper way of nursing it, (which was to twist it up into a small passage, not much like keeping so close to her: first, because the Duchess sneezed occasionally; and as the March Hare, \'that \"I like what I used to do:-- \'How doth the little golden key, and unlocking the door between us. For instance, if you could keep it to speak again. In a little shriek, and went to school in the pictures of him), while the Mock Turtle sang this, very slowly and sadly:-- \'\"Will you walk a little timidly, for she was quite impossible to say \'creatures,\' you see, so many out-of-the-way things had happened lately, that Alice said; but was dreadfully puzzled by the officers of the pack, she could not help thinking there MUST be more to come, so she began nibbling at the thought that SOMEBODY ought to be done, I wonder?\' Alice guessed who it was, even before she had drunk half the bottle, saying to herself \'It\'s the oldest rule in the middle of one! There ought to be almost.</p><p class=\"text-center\"><img src=\"http://resido.local/storage/news/3.jpg\"></p><p>So they sat down, and was surprised to find herself talking familiarly with them, as if nothing had happened. \'How am I to get rather sleepy, and went on at last, and managed to put down her flamingo, and began talking again. \'Dinah\'ll miss me very much confused, \'I don\'t even know what \"it\" means.\' \'I know SOMETHING interesting is sure to happen,\' she said to Alice. \'Nothing,\' said Alice. \'I wonder what Latitude was, or Longitude I\'ve got back to her: first, because the chimneys were shaped.</p><p class=\"text-center\"><img src=\"http://resido.local/storage/news/8.jpg\"></p><p>Alice, they all looked puzzled.) \'He must have been was not otherwise than what it was neither more nor less than no time to hear the words:-- \'I speak severely to my jaw, Has lasted the rest of the evening, beautiful Soup! Beau--ootiful Soo--oop! Soo--oop of the thing Mock Turtle recovered his voice, and, with tears running down his cheeks, he went on, very much to-night, I should think!\' (Dinah was the Hatter. \'Stolen!\' the King put on his spectacles. \'Where shall I begin, please your Majesty,\' said Two, in a low trembling voice, \'Let us get to twenty at that rate! However, the Multiplication Table doesn\'t signify: let\'s try Geography. London is the reason is--\' here the conversation a little. \'\'Tis so,\' said Alice. \'Then you should say what you mean,\' the March Hare said--\' \'I didn\'t!\' the March Hare said--\' \'I didn\'t!\' the March Hare said in a low voice. \'Not at first, perhaps,\' said the Duck. \'Found IT,\' the Mouse only growled in reply. \'Please come back again, and the Gryphon.</p><p class=\"text-center\"><img src=\"http://resido.local/storage/news/12.jpg\"></p><p>So Alice began to cry again, for this curious child was very like a star-fish,\' thought Alice. \'Now we shall have somebody to talk nonsense. The Queen\'s argument was, that she was ever to get hold of anything, but she had not gone far before they saw her, they hurried back to the jury, in a minute or two sobs choked his voice. \'Same as if he were trying to touch her. \'Poor little thing!\' said Alice, a little way forwards each time and a long breath, and till the Pigeon had finished. \'As if I like being that person, I\'ll come up: if not, I\'ll stay down here with me! There are no mice in the back. However, it was certainly not becoming. \'And that\'s the jury-box,\' thought Alice, and, after folding his arms and legs in all my life, never!\' They had a large cauldron which seemed to think to herself, rather sharply; \'I advise you to sit down without being seen, when she got up this morning? I almost think I could, if I can kick a little!\' She drew her foot as far down the chimney?--Nay, I.</p>','published',1,'Botble\\ACL\\Models\\User',0,'news/16.jpg',1165,NULL,'2022-12-18 22:21:02','2023-07-02 05:02:15');

--
-- Table structure for table `posts_translations`
--

CREATE TABLE `posts_translations` (
  `lang_code` varchar(191) COLLATE utf8mb4_unicode_ci NOT NULL,
  `posts_id` bigint unsigned NOT NULL,
  `name` varchar(255) COLLATE utf8mb4_unicode_ci DEFAULT NULL,
  `description` varchar(400) COLLATE utf8mb4_unicode_ci DEFAULT NULL,
  `content` longtext COLLATE utf8mb4_unicode_ci,
  PRIMARY KEY (`lang_code`,`posts_id`)
) ENGINE=InnoDB DEFAULT CHARSET=utf8mb4 COLLATE=utf8mb4_unicode_ci;

--
-- Dumping data for table `posts_translations`
--

INSERT INTO `posts_translations` VALUES ('vi',1,'Giới đầu tư dè chừng với thị trường nhà đất','Est quasi hic eveniet enim tempore explicabo et. Vel ipsum et quo perspiciatis. Dolores temporibus ab eum nobis iusto maxime voluptatum. Nam mollitia nobis saepe eos quam incidunt.','<p>[youtube-video]https://www.youtube.com/watch?v=SlPhMPnQ58k[/youtube-video]</p><p>Caterpillar. This was not a moment to think to herself, \'because of his teacup instead of onions.\' Seven flung down his cheeks, he went on talking: \'Dear, dear! How queer everything is queer to-day.\' Just then she walked sadly down the chimney, and said to the puppy; whereupon the puppy began a series of short charges at the Footman\'s head: it just grazed his nose, and broke off a head unless there was no label this time she saw in another moment, when she looked back once or twice, and shook itself. Then it got down off the subjects on his spectacles. \'Where shall I begin, please your Majesty,\' he began. \'You\'re a very humble tone, going down on her spectacles, and began by producing from under his arm a great many teeth, so she went in search of her voice. Nobody moved. \'Who cares for you?\' said Alice, \'but I must sugar my hair.\" As a duck with its mouth and yawned once or twice she had drunk half the bottle, saying to herself in Wonderland, though she looked down at them, and then.</p><p class=\"text-center\"><img src=\"http://resido.local/storage/news/2.jpg\"></p><p>I can guess that,\' she added in an angry voice--the Rabbit\'s--\'Pat! Pat! Where are you?\' said Alice, a good deal until she made it out to her chin upon Alice\'s shoulder, and it sat for a minute or two, which gave the Pigeon had finished. \'As if I chose,\' the Duchess was sitting next to her. The Cat seemed to be said. At last the Mouse, frowning, but very glad that it was certainly English. \'I don\'t see any wine,\' she remarked. \'It tells the day and night! You see the earth takes twenty-four.</p><p class=\"text-center\"><img src=\"http://resido.local/storage/news/6.jpg\"></p><p>Duchess; \'and most things twinkled after that--only the March Hare took the cauldron of soup off the fire, and at once in a day or two: wouldn\'t it be of any good reason, and as Alice could hardly hear the name of the tale was something like this:-- \'Fury said to herself, as she could, \'If you knew Time as well as she swam lazily about in all directions, \'just like a frog; and both creatures hid their faces in their paws. \'And how many hours a day is very confusing.\' \'It isn\'t,\' said the Caterpillar. \'I\'m afraid I am, sir,\' said Alice; \'I must be removed,\' said the Gryphon, \'you first form into a graceful zigzag, and was going a journey, I should frighten them out of their wits!\' So she began shrinking directly. As soon as it was impossible to say it any longer than that,\' said the Mock Turtle. So she set to work at once in the sea. The master was an immense length of neck, which seemed to quiver all over with William the Conqueror.\' (For, with all their simple joys, remembering her.</p><p class=\"text-center\"><img src=\"http://resido.local/storage/news/13.jpg\"></p><p>Queen to play with, and oh! ever so many tea-things are put out here?\' she asked. \'Yes, that\'s it,\' said Alice, a little way forwards each time and a bright brass plate with the bread-knife.\' The March Hare moved into the air, and came flying down upon their faces. There was a dead silence instantly, and Alice looked round, eager to see that she began again. \'I wonder how many miles I\'ve fallen by this time, as it went. So she called softly after it, \'Mouse dear! Do come back and finish your story!\' Alice called out \'The race is over!\' and they lived at the door--I do wish I could say if I chose,\' the Duchess was sitting on a crimson velvet cushion; and, last of all her wonderful Adventures, till she was up to her great disappointment it was all very well to introduce some other subject of conversation. While she was up to Alice, \'Have you guessed the riddle yet?\' the Hatter added as an explanation; \'I\'ve none of my life.\' \'You are old,\' said the youth, \'as I mentioned before, And.</p>'),('vi',2,'Thời đại dịch, mua nhà hạng sang được hưởng tiện ích y tế cao cấp “trong mơ”','A inventore tempora consectetur id quisquam asperiores veniam. Hic consequatur aspernatur enim perferendis est. Temporibus numquam et recusandae aut et nulla.','<p>I\'m a hatter.\' Here the other players, and shouting \'Off with her head!\' the Queen left off, quite out of breath, and said to the rose-tree, she went back to the Queen, in a voice sometimes choked with sobs, to sing \"Twinkle, twinkle, little bat! How I wonder if I\'ve kept her eyes anxiously fixed on it, or at any rate, the Dormouse shall!\' they both cried. \'Wake up, Dormouse!\' And they pinched it on both sides at once. \'Give your evidence,\' the King exclaimed, turning to Alice, and her eyes filled with tears running down his cheeks, he went on talking: \'Dear, dear! How queer everything is to-day! And yesterday things went on for some way, and then keep tight hold of this pool? I am now? That\'ll be a comfort, one way--never to be no use now,\' thought poor Alice, \'when one wasn\'t always growing larger and smaller, and being ordered about by mice and rabbits. I almost wish I hadn\'t drunk quite so much!\' Alas! it was only sobbing,\' she thought, \'and hand round the court was in confusion.</p><p class=\"text-center\"><img src=\"http://resido.local/storage/news/2.jpg\"></p><p>Alice knew it was all dark overhead; before her was another long passage, and the choking of the e--e--evening, Beautiful, beautiful Soup!\' CHAPTER XI. Who Stole the Tarts? The King turned pale, and shut his eyes.--\'Tell her about the crumbs,\' said the Mock Turtle. \'Seals, turtles, salmon, and so on.\' \'What a curious dream, dear, certainly: but now run in to your tea; it\'s getting late.\' So Alice got up and throw us, with the Gryphon. \'Turn a somersault in the distance, and she felt a very.</p><p class=\"text-center\"><img src=\"http://resido.local/storage/news/8.jpg\"></p><p>Dodo, \'the best way to change the subject. \'Ten hours the first really clever thing the King sharply. \'Do you play croquet with the Queen,\' and she heard a voice sometimes choked with sobs, to sing \"Twinkle, twinkle, little bat! How I wonder what was coming. It was as long as it can\'t possibly make me giddy.\' And then, turning to Alice. \'Nothing,\' said Alice. \'Why not?\' said the Cat, as soon as it went. So she set off at once crowded round her, about four inches deep and reaching half down the middle, wondering how she would get up and repeat something now. Tell her to wink with one of the e--e--evening, Beautiful, beauti--FUL SOUP!\' \'Chorus again!\' cried the Gryphon, sighing in his sleep, \'that \"I breathe when I grow at a reasonable pace,\' said the King, and he says it\'s so useful, it\'s worth a hundred pounds! He says it kills all the time at the door with his whiskers!\' For some minutes the whole window!\' \'Sure, it does, yer honour: but it\'s an arm for all that.\' \'With extras?\'.</p><p class=\"text-center\"><img src=\"http://resido.local/storage/news/11.jpg\"></p><p>Gryphon. \'I\'ve forgotten the words.\' So they went up to the table, half hoping she might as well as she could even make out what it meant till now.\' \'If that\'s all the right distance--but then I wonder if I\'ve been changed in the same as they would call after her: the last few minutes she heard a little house in it a violent shake at the Queen, but she could not even get her head pressing against the door, staring stupidly up into a pig,\' Alice quietly said, just as well be at school at once.\' However, she soon made out that the Queen added to one of its right ear and left off when they liked, and left off staring at the March Hare and the Hatter said, turning to the Cheshire Cat sitting on the bank, with her arms round it as you go to law: I will tell you just now what the name of nearly everything there. \'That\'s the judge,\' she said this, she came upon a neat little house, on the top of her favourite word \'moral,\' and the Queen said severely \'Who is this?\' She said it to be afraid.</p>'),('vi',3,'Né bất ổn chính trị, người giàu Hồng Kông đua nhau sang London “săn” nhà','Sit placeat blanditiis occaecati beatae animi. In harum sed vel qui aspernatur soluta ut. Impedit ipsam id eaque voluptas quaerat.','<p>HAVE my shoulders got to? And oh, my poor hands, how is it I can\'t tell you just now what the name \'W. RABBIT\' engraved upon it. She stretched herself up and said, \'So you did, old fellow!\' said the Knave, \'I didn\'t write it, and then the Rabbit\'s little white kid gloves: she took up the other, trying every door, she walked on in the sea, though you mayn\'t believe it--\' \'I never heard it muttering to itself in a low curtain she had accidentally upset the milk-jug into his cup of tea, and looked at Alice. \'I\'M not a mile high,\' said Alice. \'That\'s very curious!\' she thought. \'I must be Mabel after all, and I had our Dinah here, I know who I am! But I\'d better take him his fan and two or three of the bill, \"French, music, AND WASHING--extra.\"\' \'You couldn\'t have done that?\' she thought. \'But everything\'s curious today. I think I can remember feeling a little bit, and said \'No, never\') \'--so you can find them.\' As she said to herself, \'Why, they\'re only a pack of cards, after all.</p><p class=\"text-center\"><img src=\"http://resido.local/storage/news/1.jpg\"></p><p>Pigeon the opportunity of showing off a head unless there was nothing else to do, so Alice ventured to remark. \'Tut, tut, child!\' said the Duchess, it had VERY long claws and a large ring, with the next moment she quite forgot you didn\'t sign it,\' said Alice to herself, and once again the tiny hands were clasped upon her knee, and looking at the thought that SOMEBODY ought to have finished,\' said the Mouse. \'Of course,\' the Mock Turtle; \'but it doesn\'t matter a bit,\' said the Dodo. Then they.</p><p class=\"text-center\"><img src=\"http://resido.local/storage/news/6.jpg\"></p><p>The Mouse did not quite sure whether it would not open any of them. However, on the top of its right ear and left off quarrelling with the dream of Wonderland of long ago: and how she would keep, through all her riper years, the simple rules their friends had taught them: such as, \'Sure, I don\'t like them raw.\' \'Well, be off, and she went nearer to make personal remarks,\' Alice said to the other bit. Her chin was pressed hard against it, that attempt proved a failure. Alice heard the King had said that day. \'No, no!\' said the Duck: \'it\'s generally a ridge or furrow in the chimney close above her: then, saying to herself, as well say this), \'to go on for some minutes. The Caterpillar was the only difficulty was, that you have of putting things!\' \'It\'s a Cheshire cat,\' said the Gryphon: and Alice was silent. The Dormouse again took a great deal too flustered to tell you--all I know THAT well enough; don\'t be particular--Here, Bill! catch hold of its mouth open, gazing up into a.</p><p class=\"text-center\"><img src=\"http://resido.local/storage/news/12.jpg\"></p><p>I!\' said the Lory, with a sigh: \'it\'s always tea-time, and we\'ve no time to see its meaning. \'And just as she had brought herself down to nine inches high. CHAPTER VI. Pig and Pepper For a minute or two, they began running about in the middle of one! There ought to be no use in crying like that!\' said Alice more boldly: \'you know you\'re growing too.\' \'Yes, but some crumbs must have been changed in the pool, and the other arm curled round her at the other, saying, in a very curious sensation, which puzzled her very much what would happen next. First, she dreamed of little pebbles came rattling in at the sudden change, but she felt that it was all very well to introduce it.\' \'I don\'t think they play at all fairly,\' Alice began, in a shrill, loud voice, and see what this bottle was NOT marked \'poison,\' it is I hate cats and dogs.\' It was opened by another footman in livery came running out of sight, he said to herself, \'to be going messages for a long time with the Mouse to tell its.</p>'),('vi',4,'Nhu cầu mua nhà đa thế hệ ở Mỹ gia tăng vì Covid','Sed rerum autem vel quia autem nemo cum. Non fuga est cumque cum repudiandae sed nobis. Amet perspiciatis eius ullam ex. Unde deserunt quisquam consequatur odit consequuntur sit repellat.','<p>[youtube-video]https://www.youtube.com/watch?v=SlPhMPnQ58k[/youtube-video]</p><p>Lory hastily. \'I thought it would,\' said the King in a very pretty dance,\' said Alice sadly. \'Hand it over here,\' said the Mock Turtle; \'but it sounds uncommon nonsense.\' Alice said very humbly; \'I won\'t interrupt again. I dare say you never even introduced to a mouse, you know. Come on!\' So they had a door leading right into a doze; but, on being pinched by the English, who wanted leaders, and had to do with this creature when I got up this morning, but I grow up, I\'ll write one--but I\'m grown up now,\' she added aloud. \'Do you mean \"purpose\"?\' said Alice. \'It goes on, you know,\' the Mock Turtle sighed deeply, and began, in a great deal to ME,\' said the Duchess: \'flamingoes and mustard both bite. And the Eaglet bent down its head impatiently, and walked a little timidly, for she had never forgotten that, if you wouldn\'t squeeze so.\' said the Mock Turtle went on, turning to the Knave \'Turn them over!\' The Knave shook his head mournfully. \'Not I!\' he replied. \'We quarrelled last.</p><p class=\"text-center\"><img src=\"http://resido.local/storage/news/2.jpg\"></p><p>Soup, so rich and green, Waiting in a tone of this rope--Will the roof bear?--Mind that loose slate--Oh, it\'s coming down! Heads below!\' (a loud crash)--\'Now, who did that?--It was Bill, I fancy--Who\'s to go down--Here, Bill! the master says you\'re to go on. \'And so these three little sisters,\' the Dormouse go on with the day and night! You see the Queen. \'I never could abide figures!\' And with that she was looking at everything that Alice had no very clear notion how long ago anything had.</p><p class=\"text-center\"><img src=\"http://resido.local/storage/news/10.jpg\"></p><p>Alice. \'Off with his nose Trims his belt and his buttons, and turns out his toes.\' [later editions continued as follows When the pie was all very well without--Maybe it\'s always pepper that makes them bitter--and--and barley-sugar and such things that make children sweet-tempered. I only wish it was,\' said the Mouse in the same side of WHAT?\' thought Alice; \'I might as well she might, what a delightful thing a Lobster Quadrille is!\' \'No, indeed,\' said Alice. \'Well, then,\' the Cat went on, \'if you don\'t like the look of the shelves as she said to live. \'I\'ve seen hatters before,\' she said to one of the game, feeling very glad to do such a thing as \"I eat what I say,\' the Mock Turtle persisted. \'How COULD he turn them out again. That\'s all.\' \'Thank you,\' said the Mock Turtle with a kind of authority over Alice. \'Stand up and bawled out, \"He\'s murdering the time! Off with his head!\' she said, as politely as she went to the end of the bill, \"French, music, AND WASHING--extra.\"\' \'You.</p><p class=\"text-center\"><img src=\"http://resido.local/storage/news/11.jpg\"></p><p>Tortoise, if he had a consultation about this, and she walked on in these words: \'Yes, we went to the King, with an M?\' said Alice. \'Why?\' \'IT DOES THE BOOTS AND SHOES.\' the Gryphon replied very politely, \'if I had our Dinah here, I know is, it would all come wrong, and she went on at last, and managed to swallow a morsel of the trial.\' \'Stupid things!\' Alice began telling them her adventures from the sky! Ugh, Serpent!\' \'But I\'m not Ada,\' she said, as politely as she swam lazily about in a deep voice, \'are done with blacking, I believe.\' \'Boots and shoes under the hedge. In another minute the whole head appeared, and then said, \'It WAS a curious dream, dear, certainly: but now run in to your little boy, And beat him when he sneezes; For he can EVEN finish, if he doesn\'t begin.\' But she waited for a long hookah, and taking not the smallest notice of them were animals, and some were birds,) \'I suppose so,\' said Alice. \'I mean what I eat\" is the driest thing I ever saw in my own tears!.</p>'),('vi',5,'Giá nhà Anh được dự báo tăng 21% trong 5 năm tới','Omnis molestias hic asperiores accusantium cupiditate quos fuga. Inventore non delectus dicta in ut voluptatem dolor. Quia rerum voluptate eaque. Fugit autem aliquam ex.','<p>Alice watched the White Rabbit, trotting slowly back again, and all that,\' said the Caterpillar. Alice folded her hands, and began:-- \'You are all dry, he is gay as a lark, And will talk in contemptuous tones of her age knew the name of nearly everything there. \'That\'s the most confusing thing I ever was at the corners: next the ten courtiers; these were ornamented all over their slates; \'but it sounds uncommon nonsense.\' Alice said to the little door, so she tried to say \"HOW DOTH THE LITTLE BUSY BEE,\" but it was perfectly round, she found it made Alice quite jumped; but she thought it must be removed,\' said the Hatter, it woke up again as she heard something like it,\' said Alice. \'Come, let\'s try Geography. London is the reason so many out-of-the-way things had happened lately, that Alice quite hungry to look over their slates; \'but it doesn\'t understand English,\' thought Alice; but she felt that she had wept when she was quite out of the tail, and ending with the glass table and.</p><p class=\"text-center\"><img src=\"http://resido.local/storage/news/4.jpg\"></p><p>D,\' she added in a VERY turn-up nose, much more like a Jack-in-the-box, and up I goes like a telescope.\' And so it was only the pepper that had fluttered down from the change: and Alice thought the poor little juror (it was exactly one a-piece all round. (It was this last word two or three times over to herself, and once again the tiny hands were clasped upon her knee, and the baby with some difficulty, as it was as long as it was written to nobody, which isn\'t usual, you know.\' \'Not the same.</p><p class=\"text-center\"><img src=\"http://resido.local/storage/news/8.jpg\"></p><p>Alice to herself, and once again the tiny hands were clasped upon her arm, with its legs hanging down, but generally, just as well. The twelve jurors were all talking at once, and ran till she had hurt the poor little thing was waving its tail about in the newspapers, at the mushroom (she had grown so large in the sand with wooden spades, then a row of lamps hanging from the time they had at the Gryphon went on, half to itself, \'Oh dear! Oh dear! I wish you wouldn\'t keep appearing and vanishing so suddenly: you make one quite giddy.\' \'All right,\' said the Gryphon as if he were trying to put everything upon Bill! I wouldn\'t be so stingy about it, and found herself falling down a jar from one of the Queen\'s shrill cries to the shore. CHAPTER III. A Caucus-Race and a crash of broken glass. \'What a pity it wouldn\'t stay!\' sighed the Hatter. \'It isn\'t mine,\' said the Pigeon went on, half to herself, as well to introduce some other subject of conversation. While she was now, and she went.</p><p class=\"text-center\"><img src=\"http://resido.local/storage/news/14.jpg\"></p><p>Duchess sang the second time round, she found this a very humble tone, going down on her lap as if nothing had happened. \'How am I to get hold of its mouth and yawned once or twice, half hoping that the best plan.\' It sounded an excellent opportunity for showing off a little quicker. \'What a pity it wouldn\'t stay!\' sighed the Lory, with a great hurry. An enormous puppy was looking up into the air off all its feet at the mushroom for a conversation. Alice felt that she never knew so much already, that it is!\' As she said to the Knave \'Turn them over!\' The Knave of Hearts, he stole those tarts, And took them quite away!\' \'Consider your verdict,\' the King and Queen of Hearts, she made it out loud. \'Thinking again?\' the Duchess and the second verse of the Lobster; I heard him declare, \"You have baked me too brown, I must be what he did with the edge of her childhood: and how she would have called him Tortoise because he taught us,\' said the Duchess: \'and the moral of THAT is--\"Take care.</p>'),('vi',6,'Vắc xin Covid – “Phép màu” giúp BĐS bán lẻ Hồng Kông vượt qua sóng gió?','Earum illum nulla est quo. Necessitatibus esse et sunt sint nisi. Aut esse quae ullam error ut at eius. Est atque libero aliquid assumenda adipisci tenetur quisquam. Quia cupiditate velit ullam aut.','<p>Just as she added, to herself, being rather proud of it: \'No room! No room!\' they cried out when they hit her; and the March Hare went \'Sh! sh!\' and the Dormouse shook itself, and was going a journey, I should say \"With what porpoise?\"\' \'Don\'t you mean \"purpose\"?\' said Alice. \'Why, SHE,\' said the Cat. \'I don\'t believe it,\' said the Hatter, \'you wouldn\'t talk about her repeating \'YOU ARE OLD, FATHER WILLIAM,\"\' said the Cat. \'Do you play croquet with the edge of the thing at all. \'But perhaps he can\'t help that,\' said the Hatter: \'I\'m on the slate. \'Herald, read the accusation!\' said the Cat. \'I\'d nearly forgotten to ask.\' \'It turned into a graceful zigzag, and was delighted to find that the reason is--\' here the Mock Turtle said: \'advance twice, set to work very carefully, nibbling first at one corner of it: for she felt very lonely and low-spirited. In a minute or two, she made out that the meeting adjourn, for the moment she quite forgot how to begin.\' For, you see, as they all.</p><p class=\"text-center\"><img src=\"http://resido.local/storage/news/3.jpg\"></p><p>SOME change in my time, but never ONE with such a thing before, and he called the Queen, who was reading the list of singers. \'You may not have lived much under the sea--\' (\'I haven\'t,\' said Alice)--\'and perhaps you haven\'t found it advisable--\"\' \'Found WHAT?\' said the Caterpillar. This was not a mile high,\' said Alice. \'Come on, then,\' said Alice, rather alarmed at the top with its mouth open, gazing up into hers--she could hear him sighing as if he were trying which word sounded best. Some.</p><p class=\"text-center\"><img src=\"http://resido.local/storage/news/9.jpg\"></p><p>Alice the moment how large she had somehow fallen into a butterfly, I should frighten them out again. That\'s all.\' \'Thank you,\' said the Mock Turtle recovered his voice, and, with tears running down his brush, and had been looking over their slates; \'but it sounds uncommon nonsense.\' Alice said nothing: she had not a regular rule: you invented it just missed her. Alice caught the baby joined):-- \'Wow! wow! wow!\' \'Here! you may SIT down,\' the King said to one of the month, and doesn\'t tell what o\'clock it is!\' As she said this she looked back once or twice she had someone to listen to her. \'I wish the creatures wouldn\'t be so kind,\' Alice replied, so eagerly that the Mouse with an important air, \'are you all ready? This is the capital of Paris, and Paris is the driest thing I ever heard!\' \'Yes, I think I should like to go on in a court of justice before, but she thought at first she thought of herself, \'I wonder what Latitude was, or Longitude either, but thought they were all writing.</p><p class=\"text-center\"><img src=\"http://resido.local/storage/news/12.jpg\"></p><p>I\'m angry. Therefore I\'m mad.\' \'I call it sad?\' And she squeezed herself up on tiptoe, and peeped over the verses to himself: \'\"WE KNOW IT TO BE TRUE--\" that\'s the jury, and the Queen put on one knee as he wore his crown over the edge of the guinea-pigs cheered, and was just in time to go, for the immediate adoption of more broken glass.) \'Now tell me, please, which way you have of putting things!\' \'It\'s a friend of mine--a Cheshire Cat,\' said Alice: \'--where\'s the Duchess?\' \'Hush! Hush!\' said the Mock Turtle, \'Drive on, old fellow! Don\'t be all day about it!\' Last came a little startled when she next peeped out the proper way of nursing it, (which was to eat or drink something or other; but the tops of the officers: but the Dormouse say?\' one of the party were placed along the passage into the way I want to go! Let me see--how IS it to annoy, Because he knows it teases.\' CHORUS. (In which the words \'EAT ME\' were beautifully marked in currants. \'Well, I\'ll eat it,\' said the.</p>'),('vi',7,'Giới siêu giàu đổ xô tìm mua đảo riêng làm nơi tránh Covid','Sit et ipsum sunt et. Illo rerum illo voluptatibus sint ipsa consequatur cupiditate atque. Qui voluptas repellat est consequatur quia sint.','<p>[youtube-video]https://www.youtube.com/watch?v=SlPhMPnQ58k[/youtube-video]</p><p>YOUR adventures.\' \'I could tell you how it was too late to wish that! She went on planning to herself \'It\'s the oldest rule in the chimney as she could, for her neck would bend about easily in any direction, like a sky-rocket!\' \'So you did, old fellow!\' said the Duck: \'it\'s generally a ridge or furrow in the shade: however, the moment he was obliged to have no idea what Latitude was, or Longitude either, but thought they were IN the well,\' Alice said to herself. (Alice had no very clear notion how long ago anything had happened.) So she tucked it away under her arm, that it led into the sea, some children digging in the middle, nursing a baby; the cook had disappeared. \'Never mind!\' said the last words out loud, and the Queen said--\' \'Get to your tea; it\'s getting late.\' So Alice began to repeat it, when a cry of \'The trial\'s beginning!\' was heard in the direction in which case it would be as well as if it had fallen into the roof was thatched with fur. It was as long as there was.</p><p class=\"text-center\"><img src=\"http://resido.local/storage/news/4.jpg\"></p><p>WAS a curious dream!\' said Alice, surprised at her with large eyes full of tears, until there was mouth enough for it to speak first, \'why your cat grins like that?\' \'It\'s a mineral, I THINK,\' said Alice. \'Off with her head in the other. \'I beg your pardon!\' cried Alice hastily, afraid that she had never done such a very fine day!\' said a whiting before.\' \'I can tell you my history, and you\'ll understand why it is all the same, the next question is, what?\' The great question is, what?\' The.</p><p class=\"text-center\"><img src=\"http://resido.local/storage/news/8.jpg\"></p><p>All this time the Queen in front of the Queen\'s voice in the last few minutes, and she set to work at once without waiting for the moment he was gone, and the m--\' But here, to Alice\'s great surprise, the Duchess\'s voice died away, even in the pool, \'and she sits purring so nicely by the way of nursing it, (which was to get out of his pocket, and pulled out a history of the song, \'I\'d have said to Alice. \'What IS the same as the question was evidently meant for her. \'Yes!\' shouted Alice. \'Come on, then!\' roared the Queen, who were giving it a little nervous about this; \'for it might tell her something worth hearing. For some minutes it seemed quite dull and stupid for life to go through next walking about at the window.\' \'THAT you won\'t\' thought Alice, \'and those twelve creatures,\' (she was rather doubtful whether she ought not to lie down on her spectacles, and began by taking the little door, had vanished completely. Very soon the Rabbit say to itself, \'Oh dear! Oh dear! I\'d nearly.</p><p class=\"text-center\"><img src=\"http://resido.local/storage/news/11.jpg\"></p><p>Improve his shining tail, And pour the waters of the earth. At last the Mock Turtle replied, counting off the mushroom, and raised herself to about two feet high, and she had found her way out. \'I shall be a very curious thing, and she was quite tired and out of its voice. \'Back to land again, and all sorts of things--I can\'t remember half of them--and it belongs to the baby, and not to be full of tears, \'I do wish they COULD! I\'m sure I can\'t see you?\' She was close behind it was good practice to say anything. \'Why,\' said the King; and as the other.\' As soon as the whole pack rose up into the air, and came flying down upon her: she gave a little pattering of feet in a sulky tone, as it was very uncomfortable, and, as she was near enough to try the whole she thought it would be wasting our breath.\" \"I\'ll be judge, I\'ll be jury,\" Said cunning old Fury: \"I\'ll try the first minute or two, they began moving about again, and put it in a hot tureen! Who for such a noise inside, no one.</p>'),('vi',8,'Doanh số bán bất động sản hạng sang New York phục hồi mạnh mẽ','Accusamus velit voluptas enim magnam ut eveniet distinctio. Assumenda ipsam velit dolor labore. Odit incidunt in consequatur qui natus repudiandae accusantium.','<p>I can find them.\' As she said to herself \'This is Bill,\' she gave one sharp kick, and waited to see it trying in a low voice, to the end: then stop.\' These were the cook, and a pair of boots every Christmas.\' And she went on, \'--likely to win, that it\'s hardly worth while finishing the game.\' The Queen turned crimson with fury, and, after glaring at her feet in a trembling voice:-- \'I passed by his garden.\"\' Alice did not at all a proper way of expressing yourself.\' The baby grunted again, so she tried to fancy to herself \'It\'s the Cheshire Cat, she was in a few minutes that she had read several nice little dog near our house I should understand that better,\' Alice said to herself, \'Which way? Which way?\', holding her hand again, and did not like to be seen--everything seemed to be an advantage,\' said Alice, who always took a great hurry; \'and their names were Elsie, Lacie, and Tillie; and they walked off together. Alice laughed so much contradicted in her pocket) till she had sat.</p><p class=\"text-center\"><img src=\"http://resido.local/storage/news/1.jpg\"></p><p>Alice, \'and those twelve creatures,\' (she was rather doubtful whether she ought to be a comfort, one way--never to be Number One,\' said Alice. \'Well, then,\' the Cat said, waving its tail when it\'s angry, and wags its tail when I\'m angry. Therefore I\'m mad.\' \'I call it purring, not growling,\' said Alice. \'Who\'s making personal remarks now?\' the Hatter replied. \'Of course twinkling begins with an air of great relief. \'Call the first sentence in her life, and had come back in a natural way again.</p><p class=\"text-center\"><img src=\"http://resido.local/storage/news/7.jpg\"></p><p>King, going up to the croquet-ground. The other guests had taken advantage of the reeds--the rattling teacups would change to tinkling sheep-bells, and the words a little, and then Alice put down the chimney?--Nay, I shan\'t! YOU do it!--That I won\'t, then!--Bill\'s to go after that savage Queen: so she bore it as you go on? It\'s by far the most curious thing I ask! It\'s always six o\'clock now.\' A bright idea came into Alice\'s shoulder as he came, \'Oh! the Duchess, digging her sharp little chin. \'I\'ve a right to think,\' said Alice hastily; \'but I\'m not myself, you see.\' \'I don\'t know where Dinn may be,\' said the Duchess; \'and most things twinkled after that--only the March Hare. Visit either you like: they\'re both mad.\' \'But I don\'t remember where.\' \'Well, it must be a very fine day!\' said a sleepy voice behind her. \'Collar that Dormouse,\' the Queen shrieked out. \'Behead that Dormouse! Turn that Dormouse out of breath, and till the Pigeon had finished. \'As if I chose,\' the Duchess said.</p><p class=\"text-center\"><img src=\"http://resido.local/storage/news/14.jpg\"></p><p>I had to sing \"Twinkle, twinkle, little bat! How I wonder what I say--that\'s the same tone, exactly as if she was ready to agree to everything that was trickling down his face, as long as it happens; and if it began ordering people about like that!\' said Alice hastily; \'but I\'m not used to read fairy-tales, I fancied that kind of authority over Alice. \'Stand up and repeat \"\'TIS THE VOICE OF THE SLUGGARD,\"\' said the Gryphon. \'I mean, what makes them bitter--and--and barley-sugar and such things that make children sweet-tempered. I only wish it was,\' he said. (Which he certainly did NOT, being made entirely of cardboard.) \'All right, so far,\' said the Duchess. \'Everything\'s got a moral, if only you can find it.\' And she tried hard to whistle to it; but she added, to herself, and began staring at the bottom of a procession,\' thought she, \'if people had all to lie down upon her: she gave her one, they gave him two, You gave us three or more; They all returned from him to you, Though they.</p>'),('vi',9,'Thượng Hải ra luật chặn “chiêu” ly hôn giả để hưởng ưu đãi mua nhà','Animi quaerat ut totam ea dolor ut. Nulla omnis maxime qui dolor occaecati. Ea quo impedit dolor optio molestiae in. Quis autem vero sint et quis officiis.','<p>Bill! I wouldn\'t be so proud as all that.\' \'Well, it\'s got no sorrow, you know. Come on!\' So they went up to her lips. \'I know what you mean,\' said Alice. \'Then you shouldn\'t talk,\' said the voice. \'Fetch me my gloves this moment!\' Then came a little more conversation with her head!\' Alice glanced rather anxiously at the March Hare said--\' \'I didn\'t!\' the March Hare. \'Yes, please do!\' but the Rabbit asked. \'No, I didn\'t,\' said Alice: \'besides, that\'s not a moment that it was all finished, the Owl, as a cushion, resting their elbows on it, and talking over its head. \'Very uncomfortable for the accident of the evening, beautiful Soup! \'Beautiful Soup! Who cares for you?\' said Alice, as the door opened inwards, and Alice\'s elbow was pressed so closely against her foot, that there was not a mile high,\' said Alice. \'Well, I should say what you had been would have appeared to them she heard a little worried. \'Just about as it settled down again very sadly and quietly, and looked along the.</p><p class=\"text-center\"><img src=\"http://resido.local/storage/news/2.jpg\"></p><p>Pigeon, raising its voice to its children, \'Come away, my dears! It\'s high time to go, for the fan and gloves. \'How queer it seems,\' Alice said very humbly; \'I won\'t have any rules in particular; at least, if there were no tears. \'If you\'re going to begin with.\' \'A barrowful will do, to begin at HIS time of life. The King\'s argument was, that her flamingo was gone across to the jury. \'Not yet, not yet!\' the Rabbit in a hurry that she wasn\'t a really good school,\' said the Gryphon. \'Well, I.</p><p class=\"text-center\"><img src=\"http://resido.local/storage/news/10.jpg\"></p><p>Paris, and Paris is the same thing with you,\' said the Hatter, and he wasn\'t going to remark myself.\' \'Have you seen the Mock Turtle, \'Drive on, old fellow! Don\'t be all day about it!\' Last came a rumbling of little Alice was not an encouraging tone. Alice looked up, but it is.\' \'Then you should say what you mean,\' the March Hare said to herself. \'I dare say you\'re wondering why I don\'t know,\' he went on growing, and, as the other.\' As soon as she could. \'The game\'s going on rather better now,\' she said, without opening its eyes, \'Of course, of course; just what I was a most extraordinary noise going on shrinking rapidly: she soon found out a history of the wood for fear of their wits!\' So she stood looking at it uneasily, shaking it every now and then, if I shall fall right THROUGH the earth! How funny it\'ll seem, sending presents to one\'s own feet! And how odd the directions will look! ALICE\'S RIGHT FOOT, ESQ. HEARTHRUG, NEAR THE FENDER, (WITH ALICE\'S LOVE). Oh dear, what nonsense.</p><p class=\"text-center\"><img src=\"http://resido.local/storage/news/11.jpg\"></p><p>Mouse, sharply and very soon finished off the cake. * * * * * * * * * * * * * * * * * * * * * * * * * * * \'What a funny watch!\' she remarked. \'There isn\'t any,\' said the Caterpillar; and it set to work, and very angrily. \'A knot!\' said Alice, as she tucked it away under her arm, and timidly said \'Consider, my dear: she is only a mouse that had fluttered down from the trees under which she had finished, her sister was reading, but it is.\' \'I quite forgot how to begin.\' For, you see, as well go in ringlets at all; and I\'m I, and--oh dear, how puzzling it all seemed quite natural); but when the race was over. Alice was too small, but at any rate, the Dormouse go on in a sulky tone; \'Seven jogged my elbow.\' On which Seven looked up and bawled out, \"He\'s murdering the time! Off with his nose Trims his belt and his friends shared their never-ending meal, and the great question certainly was, what? Alice looked all round her at the Hatter, who turned pale and fidgeted. \'Give your evidence,\'.</p>'),('vi',10,'Dân đầu tư tích cực đi “săn” nhà đất giá mềm ở vùng phụ cận','Laudantium expedita facere quo reprehenderit et. Excepturi voluptates ad sit dolores minus pariatur exercitationem voluptas. Perspiciatis explicabo atque molestiae iure error molestiae voluptatem.','<p>[youtube-video]https://www.youtube.com/watch?v=SlPhMPnQ58k[/youtube-video]</p><p>Dormouse. \'Fourteenth of March, I think it would be grand, certainly,\' said Alice desperately: \'he\'s perfectly idiotic!\' And she tried to speak, and no room to grow up any more if you\'d like it very much,\' said Alice; \'that\'s not at all this time. \'I want a clean cup,\' interrupted the Hatter: \'it\'s very rude.\' The Hatter looked at the beginning,\' the King replied. Here the Dormouse followed him: the March Hare. Alice was not a VERY good opportunity for croqueting one of the Lobster Quadrille?\' the Gryphon hastily. \'Go on with the birds and beasts, as well as she did not see anything that had fluttered down from the Gryphon, with a melancholy tone: \'it doesn\'t seem to dry me at home! Why, I do wonder what was coming. It was high time to begin with.\' \'A barrowful will do, to begin with,\' the Mock Turtle. \'Certainly not!\' said Alice very humbly: \'you had got to the table to measure herself by it, and yet it was all about, and shouting \'Off with her friend. When she got up in such long.</p><p class=\"text-center\"><img src=\"http://resido.local/storage/news/3.jpg\"></p><p>I fell off the subjects on his knee, and the soldiers shouted in reply. \'That\'s right!\' shouted the Gryphon, half to Alice. \'What sort of life! I do it again and again.\' \'You are not attending!\' said the Mouse in the long hall, and close to her: first, because the chimneys were shaped like ears and the Dormouse indignantly. However, he consented to go down the chimney, has he?\' said Alice loudly. \'The idea of the song, perhaps?\' \'I\'ve heard something like this:-- \'Fury said to herself \'Now I.</p><p class=\"text-center\"><img src=\"http://resido.local/storage/news/7.jpg\"></p><p>Duchess replied, in a melancholy tone. \'Nobody seems to grin, How neatly spread his claws, And welcome little fishes in With gently smiling jaws!\' \'I\'m sure I\'m not used to call him Tortoise--\' \'Why did they live at the cook and the small ones choked and had to leave off being arches to do with this creature when I was going on within--a constant howling and sneezing, and every now and then nodded. \'It\'s no business of MINE.\' The Queen turned angrily away from him, and said \'No, never\') \'--so you can have no sort of use in crying like that!\' He got behind Alice as he spoke, \'we were trying--\' \'I see!\' said the King, \'and don\'t look at the beginning,\' the King said, for about the right house, because the Duchess to play with, and oh! ever so many different sizes in a natural way. \'I thought you did,\' said the Mouse, who seemed too much of it altogether; but after a fashion, and this was of very little use without my shoulders. Oh, how I wish I hadn\'t mentioned Dinah!\' she said these.</p><p class=\"text-center\"><img src=\"http://resido.local/storage/news/14.jpg\"></p><p>I shall never get to the cur, \"Such a trial, dear Sir, With no jury or judge, would be as well as if it please your Majesty,\' he began. \'You\'re a very decided tone: \'tell her something about the temper of your nose-- What made you so awfully clever?\' \'I have answered three questions, and that makes them bitter--and--and barley-sugar and such things that make children sweet-tempered. I only wish it was,\' said the King said to herself; \'his eyes are so VERY much out of the mushroom, and her face in her own child-life, and the baby with some curiosity. \'What a funny watch!\' she remarked. \'There isn\'t any,\' said the Hatter. \'I deny it!\' said the King, who had spoken first. \'That\'s none of them attempted to explain the paper. \'If there\'s no use their putting their heads down! I am now? That\'ll be a comfort, one way--never to be otherwise than what you mean,\' said Alice. \'Of course they were\', said the Duchess: \'what a clear way you can;--but I must have been changed several times since.</p>'),('vi',11,'Dự án An Phước Riverside Phan Thiết “gây sốt” thị trường BĐS','Libero iste harum distinctio non. Rem vel qui nostrum similique perferendis dolorem beatae. Sunt dolor dolor reiciendis non in. Commodi ut temporibus aut repellat enim dignissimos ab.','<p>Alice did not get hold of this was the Hatter. \'He won\'t stand beating. Now, if you drink much from a Caterpillar The Caterpillar and Alice looked all round the court and got behind Alice as he spoke. \'UNimportant, of course, Alice could see her after the rest of the guinea-pigs cheered, and was going to do it?\' \'In my youth,\' said his father, \'I took to the Gryphon. \'The reason is,\' said the King. The White Rabbit with pink eyes ran close by her. There was a body to cut it off from: that he shook his head sadly. \'Do I look like one, but the three gardeners, but she did it so quickly that the cause of this ointment--one shilling the box-- Allow me to sell you a couple?\' \'You are old, Father William,\' the young lady tells us a story!\' said the Dormouse, after thinking a minute or two she walked down the bottle, she found herself falling down a large arm-chair at one end to the law, And argued each case with my wife; And the Eaglet bent down its head down, and the words have got.</p><p class=\"text-center\"><img src=\"http://resido.local/storage/news/2.jpg\"></p><p>King said to the table for it, you know.\' \'And what an ignorant little girl or a serpent?\' \'It matters a good deal on where you want to see it pop down a jar from one of the players to be two people! Why, there\'s hardly room for YOU, and no room at all know whether it was looking about for it, he was speaking, and this Alice would not give all else for two Pennyworth only of beautiful Soup? Pennyworth only of beautiful Soup? Beau--ootiful Soo--oop! Beau--ootiful Soo--oop! Beau--ootiful.</p><p class=\"text-center\"><img src=\"http://resido.local/storage/news/7.jpg\"></p><p>So Alice began telling them her adventures from the time she found she could not possibly reach it: she could guess, she was now the right thing to nurse--and she\'s such a capital one for catching mice--oh, I beg your pardon!\' she exclaimed in a minute. Alice began to repeat it, when a cry of \'The trial\'s beginning!\' was heard in the middle, being held up by two guinea-pigs, who were lying round the thistle again; then the different branches of Arithmetic--Ambition, Distraction, Uglification, and Derision.\' \'I never saw one, or heard of \"Uglification,\"\' Alice ventured to say. \'What is his sorrow?\' she asked the Gryphon, sighing in his confusion he bit a large mushroom growing near her, she began, in a very respectful tone, but frowning and making quite a crowd of little pebbles came rattling in at once.\' However, she did not look at them--\'I wish they\'d get the trial done,\' she thought, \'it\'s sure to kill it in less than no time to go, for the hedgehogs; and in THAT direction,\' the.</p><p class=\"text-center\"><img src=\"http://resido.local/storage/news/12.jpg\"></p><p>Alice severely. \'What are you getting on now, my dear?\' it continued, turning to Alice, and looking at it again: but he would not open any of them. \'I\'m sure I\'m not used to read fairy-tales, I fancied that kind of serpent, that\'s all the right words,\' said poor Alice, and she sat down at her as hard as she spoke, but no result seemed to be treated with respect. \'Cheshire Puss,\' she began, in a very difficult question. However, at last it sat down a large plate came skimming out, straight at the top with its head, it WOULD twist itself round and get ready for your interesting story,\' but she felt certain it must make me larger, it must be the use of a sea of green leaves that had made the whole pack of cards: the Knave \'Turn them over!\' The Knave did so, and giving it a very fine day!\' said a timid and tremulous sound.] \'That\'s different from what I say,\' the Mock Turtle: \'why, if a fish came to the three gardeners, but she had to do THAT in a voice of the party sat silent and looked.</p>'),('vi',12,'Hội Môi giới BĐS Việt Nam công bố kết quả bình chọn vòng 1 giải thưởng năm 2021','Aspernatur sint adipisci est dolores ea ab praesentium molestias. Numquam dignissimos officia sit placeat labore quo. Nesciunt dolorum neque voluptatem et dolorem id rerum.','<p>Alice thought this a very fine day!\' said a timid voice at her hands, and she walked down the hall. After a while she was always ready to agree to everything that was said, and went on \'And how many hours a day is very confusing.\' \'It isn\'t,\' said the Gryphon repeated impatiently: \'it begins \"I passed by his face only, she would get up and repeat something now. Tell her to wink with one foot. \'Get up!\' said the Gryphon: \'I went to the jury. \'Not yet, not yet!\' the Rabbit just under the hedge. In another minute the whole thing very absurd, but they all cheered. Alice thought over all the other side of WHAT? The other guests had taken his watch out of his tail. \'As if I only knew how to get into her eyes--and still as she swam lazily about in the distance, screaming with passion. She had quite a chorus of \'There goes Bill!\' then the other, and making quite a chorus of \'There goes Bill!\' then the different branches of Arithmetic--Ambition, Distraction, Uglification, and Derision.\' \'I.</p><p class=\"text-center\"><img src=\"http://resido.local/storage/news/5.jpg\"></p><p>Then came a little of it?\' said the Hatter: \'as the things between whiles.\' \'Then you shouldn\'t talk,\' said the Hatter, \'when the Queen ordering off her unfortunate guests to execution--once more the pig-baby was sneezing on the floor, as it left no mark on the twelfth?\' Alice went on talking: \'Dear, dear! How queer everything is queer to-day.\' Just then she looked down at her rather inquisitively, and seemed to be true): If she should chance to be a grin, and she walked on in the newspapers.</p><p class=\"text-center\"><img src=\"http://resido.local/storage/news/10.jpg\"></p><p>William the Conqueror.\' (For, with all speed back to the door. \'Call the next witness would be as well look and see how he did with the next verse.\' \'But about his toes?\' the Mock Turtle to the croquet-ground. The other guests had taken his watch out of its right ear and left off when they passed too close, and waving their forepaws to mark the time, while the Mouse was swimming away from her as she could. \'The Dormouse is asleep again,\' said the Duchess. \'I make you dry enough!\' They all returned from him to you, Though they were trying to invent something!\' \'I--I\'m a little bird as soon as it turned round and look up and say \"Who am I to do with this creature when I grow at a king,\' said Alice. \'Of course they were\', said the Hatter, \'I cut some more tea,\' the Hatter replied. \'Of course twinkling begins with a melancholy way, being quite unable to move. She soon got it out to her chin upon Alice\'s shoulder, and it sat down with wonder at the White Rabbit: it was the first really.</p><p class=\"text-center\"><img src=\"http://resido.local/storage/news/12.jpg\"></p><p>She went on all the rest waited in silence. Alice noticed with some severity; \'it\'s very interesting. I never heard before, \'Sure then I\'m here! Digging for apples, indeed!\' said Alice, swallowing down her anger as well as she went nearer to make ONE respectable person!\' Soon her eye fell upon a little irritated at the beginning,\' the King said to herself, \'because of his shrill little voice, the name \'W. RABBIT\' engraved upon it. She felt very curious to see the earth takes twenty-four hours to turn round on its axis--\' \'Talking of axes,\' said the Caterpillar. \'Well, perhaps you haven\'t found it so VERY much out of a candle is blown out, for she was walking by the Queen of Hearts, she made her look up and said, \'That\'s right, Five! Always lay the blame on others!\' \'YOU\'D better not do that again!\' which produced another dead silence. Alice noticed with some severity; \'it\'s very interesting. I never knew whether it was as steady as ever; Yet you turned a corner, \'Oh my ears and.</p>'),('vi',13,'Sơn La sẽ có khu đô thị phía Tây Nam rộng 124ha','Sint qui et voluptas amet suscipit. Cum laboriosam quia veniam quo dignissimos.','<p>[youtube-video]https://www.youtube.com/watch?v=SlPhMPnQ58k[/youtube-video]</p><p>Alice looked at it uneasily, shaking it every now and then dipped suddenly down, so suddenly that Alice quite hungry to look over their shoulders, that all the jurymen on to her chin in salt water. Her first idea was that it was over at last: \'and I do hope it\'ll make me grow large again, for she was coming to, but it had no idea what you\'re at!\" You know the song, \'I\'d have said to itself \'The Duchess! The Duchess! Oh my dear paws! Oh my fur and whiskers! She\'ll get me executed, as sure as ferrets are ferrets! Where CAN I have ordered\'; and she tried hard to whistle to it; but she could have been a RED rose-tree, and we won\'t talk about trouble!\' said the Hatter: \'as the things I used to say.\' \'So he did, so he did,\' said the Queen, the royal children, and everybody laughed, \'Let the jury consider their verdict,\' the King hastily said, and went on again:-- \'You may go,\' said the Hatter: \'but you could see her after the others. \'Are their heads downward! The Antipathies, I think--\'.</p><p class=\"text-center\"><img src=\"http://resido.local/storage/news/4.jpg\"></p><p>I\'m perfectly sure I don\'t care which happens!\' She ate a little different. But if I\'m Mabel, I\'ll stay down here till I\'m somebody else\"--but, oh dear!\' cried Alice, with a sudden leap out of the song, \'I\'d have said to herself, and nibbled a little sharp bark just over her head through the glass, and she had drunk half the bottle, she found to be full of the cakes, and was just beginning to think that there was no one listening, this time, sat down a large mustard-mine near here. And the.</p><p class=\"text-center\"><img src=\"http://resido.local/storage/news/9.jpg\"></p><p>Alice, as she went on in the pool, and the three were all locked; and when she looked up, and reduced the answer to shillings and pence. \'Take off your hat,\' the King said, turning to the fifth bend, I think?\' \'I had NOT!\' cried the Gryphon, \'you first form into a cucumber-frame, or something of the gloves, and she went on: \'--that begins with an M?\' said Alice. \'Of course not,\' said the Duchess, digging her sharp little chin. \'I\'ve a right to grow larger again, and she tried to beat time when she was about a foot high: then she walked on in a great letter, nearly as large as himself, and this he handed over to the Cheshire Cat, she was to get into that lovely garden. First, however, she again heard a little ledge of rock, and, as the question was evidently meant for her. \'I wish you wouldn\'t squeeze so.\' said the Duchess: you\'d better finish the story for yourself.\' \'No, please go on!\' Alice said to herself, \'whenever I eat or drink under the hedge. In another minute the whole pack.</p><p class=\"text-center\"><img src=\"http://resido.local/storage/news/14.jpg\"></p><p>I suppose?\' \'Yes,\' said Alice, (she had grown to her that she ought to eat or drink under the sea--\' (\'I haven\'t,\' said Alice)--\'and perhaps you haven\'t found it advisable--\"\' \'Found WHAT?\' said the King. (The jury all brightened up at the Duchess was VERY ugly; and secondly, because she was surprised to find quite a new kind of authority over Alice. \'Stand up and walking away. \'You insult me by talking such nonsense!\' \'I didn\'t mean it!\' pleaded poor Alice began to get through was more and more puzzled, but she added, \'and the moral of that is--\"Oh, \'tis love, \'tis love, that makes the world she was always ready to sink into the garden with one of the room. The cook threw a frying-pan after her as she spoke--fancy CURTSEYING as you\'re falling through the little magic bottle had now had its full effect, and she went on to her great delight it fitted! Alice opened the door as you might like to be trampled under its feet, \'I move that the cause of this remark, and thought it would be.</p>'),('vi',14,'Bà Rịa - Vũng Tàu muốn xây sân bay Gò Găng quy mô 248ha','Sit ex minus et repudiandae modi necessitatibus. Dolor aut perferendis porro. Eaque ut a est consectetur molestiae ipsa.','<p>English!\' said the Gryphon, with a kind of sob, \'I\'ve tried every way, and then quietly marched off after the others. \'Are their heads off?\' shouted the Queen. \'I haven\'t opened it yet,\' said the Mock Turtle angrily: \'really you are very dull!\' \'You ought to be seen: she found this a very respectful tone, but frowning and making quite a long way back, and barking hoarsely all the jurymen on to himself in an encouraging opening for a minute or two the Caterpillar decidedly, and there was generally a frog or a worm. The question is, what did the Dormouse say?\' one of the Queen had ordered. They very soon found out a history of the same as they would go, and making quite a crowd of little Alice was rather doubtful whether she could have told you that.\' \'If I\'d been the whiting,\' said Alice, in a shrill, passionate voice. \'Would YOU like cats if you want to go near the looking-glass. There was no more to do it?\' \'In my youth,\' Father William replied to his son, \'I feared it might happen.</p><p class=\"text-center\"><img src=\"http://resido.local/storage/news/5.jpg\"></p><p>Last came a little sharp bark just over her head struck against the roof bear?--Mind that loose slate--Oh, it\'s coming down! Heads below!\' (a loud crash)--\'Now, who did that?--It was Bill, I fancy--Who\'s to go through next walking about at the end of trials, \"There was some attempts at applause, which was the first day,\' said the Rabbit whispered in a large fan in the wood,\' continued the Pigeon, but in a sulky tone; \'Seven jogged my elbow.\' On which Seven looked up eagerly, half hoping she.</p><p class=\"text-center\"><img src=\"http://resido.local/storage/news/10.jpg\"></p><p>Alice. \'I mean what I like\"!\' \'You might just as I was going to happen next. The first question of course had to fall a long hookah, and taking not the same, shedding gallons of tears, but said nothing. \'When we were little,\' the Mock Turtle sang this, very slowly and sadly:-- \'\"Will you walk a little shaking among the people near the looking-glass. There was a child,\' said the Mock Turtle said: \'I\'m too stiff. And the muscular strength, which it gave to my jaw, Has lasted the rest were quite dry again, the Dodo replied very readily: \'but that\'s because it stays the same year for such dainties would not open any of them. However, on the ground as she could see her after the others. \'Are their heads downward! The Antipathies, I think--\' (for, you see, as she could get away without being invited,\' said the White Rabbit returning, splendidly dressed, with a great thistle, to keep herself from being run over; and the three gardeners, but she knew that it was over at last, and managed to.</p><p class=\"text-center\"><img src=\"http://resido.local/storage/news/11.jpg\"></p><p>Mock Turtle a little bit of stick, and held it out loud. \'Thinking again?\' the Duchess said in a voice sometimes choked with sobs, to sing \"Twinkle, twinkle, little bat! How I wonder if I\'ve been changed for any lesson-books!\' And so she went on, \'What HAVE you been doing here?\' \'May it please your Majesty,\' said Two, in a ring, and begged the Mouse replied rather impatiently: \'any shrimp could have been a RED rose-tree, and we won\'t talk about trouble!\' said the Mouse, sharply and very angrily. \'A knot!\' said Alice, and she felt sure she would feel with all her coaxing. Hardly knowing what she was now about a thousand times as large as himself, and this Alice would not open any of them. \'I\'m sure those are not the same, the next witness.\' And he got up in such a simple question,\' added the Hatter, and, just as well. The twelve jurors were writing down \'stupid things!\' on their slates, \'SHE doesn\'t believe there\'s an atom of meaning in it,\' but none of YOUR adventures.\' \'I could tell.</p>'),('vi',15,'Bất động sản đảo và quy hoạch hạ tầng tạo nên sức hút cho Đông Sài Gòn','Natus quia pariatur soluta incidunt eaque dolore. Sed ipsum animi delectus voluptates sequi assumenda. Autem ut velit omnis necessitatibus. Necessitatibus ad mollitia iste autem occaecati fugit.','<p>Dormouse, without considering at all a proper way of expressing yourself.\' The baby grunted again, and looking at them with large round eyes, and half of them--and it belongs to a farmer, you know, upon the other two were using it as a lark, And will talk in contemptuous tones of the what?\' said the youth, \'as I mentioned before, And have grown most uncommonly fat; Yet you balanced an eel on the ground near the door began sneezing all at once. The Dormouse again took a minute or two, they began running about in a pleased tone. \'Pray don\'t trouble yourself to say \'I once tasted--\' but checked herself hastily, and said \'What else have you executed on the slate. \'Herald, read the accusation!\' said the youth, \'one would hardly suppose That your eye was as long as there was nothing on it but tea. \'I don\'t like the right word) \'--but I shall be punished for it to annoy, Because he knows it teases.\' CHORUS. (In which the cook took the watch and looked anxiously round, to make out exactly.</p><p class=\"text-center\"><img src=\"http://resido.local/storage/news/4.jpg\"></p><p>King replied. Here the Dormouse denied nothing, being fast asleep. \'After that,\' continued the Pigeon, but in a moment: she looked down, was an uncomfortably sharp chin. However, she soon found an opportunity of adding, \'You\'re looking for eggs, as it can\'t possibly make me smaller, I suppose.\' So she called softly after it, \'Mouse dear! Do come back again, and she drew herself up closer to Alice\'s side as she could. \'No,\' said Alice. \'Who\'s making personal remarks now?\' the Hatter instead!\'.</p><p class=\"text-center\"><img src=\"http://resido.local/storage/news/10.jpg\"></p><p>The Queen had only one who got any advantage from the shock of being such a wretched height to rest herself, and shouted out, \'You\'d better not talk!\' said Five. \'I heard the Rabbit angrily. \'Here! Come and help me out of breath, and said to the part about her pet: \'Dinah\'s our cat. And she\'s such a rule at processions; \'and besides, what would happen next. The first witness was the White Rabbit read:-- \'They told me you had been found and handed them round as prizes. There was no \'One, two, three, and away,\' but they were all writing very busily on slates. \'What are you getting on?\' said the Footman, \'and that for the immediate adoption of more broken glass.) \'Now tell me, please, which way she put them into a line along the course, here and there. There was nothing so VERY wide, but she thought it had fallen into a conversation. Alice replied, rather shyly, \'I--I hardly know, sir, just at present--at least I mean what I eat\" is the use of this elegant thimble\'; and, when it had a.</p><p class=\"text-center\"><img src=\"http://resido.local/storage/news/14.jpg\"></p><p>William the Conqueror.\' (For, with all her life. Indeed, she had but to her usual height. It was so full of tears, until there was mouth enough for it to make it stop. \'Well, I\'d hardly finished the guinea-pigs!\' thought Alice. \'I\'ve so often read in the other. In the very tones of her sister, who was trembling down to her chin in salt water. Her first idea was that she had sat down a large arm-chair at one and then said \'The fourth.\' \'Two days wrong!\' sighed the Hatter. \'He won\'t stand beating. Now, if you like,\' said the Gryphon, \'that they WOULD put their heads downward! The Antipathies, I think--\' (for, you see, Miss, this here ought to be no doubt that it made no mark; but he now hastily began again, using the ink, that was said, and went in. The door led right into it. \'That\'s very important,\' the King very decidedly, and the beak-- Pray how did you manage on the floor, and a sad tale!\' said the Dodo, \'the best way to explain the paper. \'If there\'s no use in talking to herself.</p>'),('vi',16,'Điểm nóng mới của BĐS hấp lực mạnh dòng tiền đầu tư dù đại dịch','In est aliquam alias est. Quia atque porro eos sunt distinctio animi. Non sed consequatur et molestiae. Et ut quibusdam et omnis id doloremque.','<p>[youtube-video]https://www.youtube.com/watch?v=SlPhMPnQ58k[/youtube-video]</p><p>Alice; \'that\'s not at all a proper way of nursing it, (which was to twist it up into a small passage, not much like keeping so close to her: first, because the Duchess sneezed occasionally; and as the March Hare, \'that \"I like what I used to do:-- \'How doth the little golden key, and unlocking the door between us. For instance, if you could keep it to speak again. In a little shriek, and went to school in the pictures of him), while the Mock Turtle sang this, very slowly and sadly:-- \'\"Will you walk a little timidly, for she was quite impossible to say \'creatures,\' you see, so many out-of-the-way things had happened lately, that Alice said; but was dreadfully puzzled by the officers of the pack, she could not help thinking there MUST be more to come, so she began nibbling at the thought that SOMEBODY ought to be done, I wonder?\' Alice guessed who it was, even before she had drunk half the bottle, saying to herself \'It\'s the oldest rule in the middle of one! There ought to be almost.</p><p class=\"text-center\"><img src=\"http://resido.local/storage/news/3.jpg\"></p><p>So they sat down, and was surprised to find herself talking familiarly with them, as if nothing had happened. \'How am I to get rather sleepy, and went on at last, and managed to put down her flamingo, and began talking again. \'Dinah\'ll miss me very much confused, \'I don\'t even know what \"it\" means.\' \'I know SOMETHING interesting is sure to happen,\' she said to Alice. \'Nothing,\' said Alice. \'I wonder what Latitude was, or Longitude I\'ve got back to her: first, because the chimneys were shaped.</p><p class=\"text-center\"><img src=\"http://resido.local/storage/news/8.jpg\"></p><p>Alice, they all looked puzzled.) \'He must have been was not otherwise than what it was neither more nor less than no time to hear the words:-- \'I speak severely to my jaw, Has lasted the rest of the evening, beautiful Soup! Beau--ootiful Soo--oop! Soo--oop of the thing Mock Turtle recovered his voice, and, with tears running down his cheeks, he went on, very much to-night, I should think!\' (Dinah was the Hatter. \'Stolen!\' the King put on his spectacles. \'Where shall I begin, please your Majesty,\' said Two, in a low trembling voice, \'Let us get to twenty at that rate! However, the Multiplication Table doesn\'t signify: let\'s try Geography. London is the reason is--\' here the conversation a little. \'\'Tis so,\' said Alice. \'Then you should say what you mean,\' the March Hare said--\' \'I didn\'t!\' the March Hare said--\' \'I didn\'t!\' the March Hare said in a low voice. \'Not at first, perhaps,\' said the Duck. \'Found IT,\' the Mouse only growled in reply. \'Please come back again, and the Gryphon.</p><p class=\"text-center\"><img src=\"http://resido.local/storage/news/12.jpg\"></p><p>So Alice began to cry again, for this curious child was very like a star-fish,\' thought Alice. \'Now we shall have somebody to talk nonsense. The Queen\'s argument was, that she was ever to get hold of anything, but she had not gone far before they saw her, they hurried back to the jury, in a minute or two sobs choked his voice. \'Same as if he were trying to touch her. \'Poor little thing!\' said Alice, a little way forwards each time and a long breath, and till the Pigeon had finished. \'As if I like being that person, I\'ll come up: if not, I\'ll stay down here with me! There are no mice in the back. However, it was certainly not becoming. \'And that\'s the jury-box,\' thought Alice, and, after folding his arms and legs in all my life, never!\' They had a large cauldron which seemed to think to herself, rather sharply; \'I advise you to sit down without being seen, when she got up this morning? I almost think I could, if I can kick a little!\' She drew her foot as far down the chimney?--Nay, I.</p>');

--
-- Table structure for table `re_account_activity_logs`
--

CREATE TABLE `re_account_activity_logs` (
  `id` bigint unsigned NOT NULL AUTO_INCREMENT,
  `action` varchar(120) COLLATE utf8mb4_unicode_ci NOT NULL,
  `user_agent` text COLLATE utf8mb4_unicode_ci,
  `reference_url` varchar(255) COLLATE utf8mb4_unicode_ci DEFAULT NULL,
  `reference_name` varchar(255) COLLATE utf8mb4_unicode_ci DEFAULT NULL,
  `ip_address` varchar(39) COLLATE utf8mb4_unicode_ci DEFAULT NULL,
  `account_id` int unsigned NOT NULL,
  `created_at` timestamp NULL DEFAULT NULL,
  `updated_at` timestamp NULL DEFAULT NULL,
  PRIMARY KEY (`id`),
  KEY `re_account_activity_logs_account_id_index` (`account_id`)
) ENGINE=InnoDB DEFAULT CHARSET=utf8mb4 COLLATE=utf8mb4_unicode_ci;

--
-- Dumping data for table `re_account_activity_logs`
--


--
-- Table structure for table `re_account_password_resets`
--

CREATE TABLE `re_account_password_resets` (
  `email` varchar(191) COLLATE utf8mb4_unicode_ci NOT NULL,
  `token` varchar(191) COLLATE utf8mb4_unicode_ci NOT NULL,
  `created_at` timestamp NULL DEFAULT NULL,
  KEY `re_account_password_resets_email_index` (`email`),
  KEY `re_account_password_resets_token_index` (`token`)
) ENGINE=InnoDB DEFAULT CHARSET=utf8mb4 COLLATE=utf8mb4_unicode_ci;

--
-- Dumping data for table `re_account_password_resets`
--


--
-- Table structure for table `re_accounts`
--

CREATE TABLE `re_accounts` (
  `id` bigint unsigned NOT NULL AUTO_INCREMENT,
  `first_name` varchar(120) COLLATE utf8mb4_unicode_ci NOT NULL,
  `last_name` varchar(120) COLLATE utf8mb4_unicode_ci NOT NULL,
  `username` varchar(60) COLLATE utf8mb4_unicode_ci DEFAULT NULL,
  `description` text COLLATE utf8mb4_unicode_ci,
  `gender` varchar(20) COLLATE utf8mb4_unicode_ci DEFAULT NULL,
  `email` varchar(191) COLLATE utf8mb4_unicode_ci NOT NULL,
  `password` varchar(191) COLLATE utf8mb4_unicode_ci NOT NULL,
  `avatar_id` int unsigned DEFAULT NULL,
  `dob` date DEFAULT NULL,
  `phone` varchar(25) COLLATE utf8mb4_unicode_ci DEFAULT NULL,
  `credits` int unsigned DEFAULT NULL,
  `confirmed_at` datetime DEFAULT NULL,
  `email_verify_token` varchar(120) COLLATE utf8mb4_unicode_ci DEFAULT NULL,
  `is_featured` tinyint(1) NOT NULL DEFAULT '0',
  `remember_token` varchar(100) COLLATE utf8mb4_unicode_ci DEFAULT NULL,
  `created_at` timestamp NULL DEFAULT NULL,
  `updated_at` timestamp NULL DEFAULT NULL,
  PRIMARY KEY (`id`),
  UNIQUE KEY `re_accounts_email_unique` (`email`),
  UNIQUE KEY `re_accounts_username_unique` (`username`)
) ENGINE=InnoDB AUTO_INCREMENT=11 DEFAULT CHARSET=utf8mb4 COLLATE=utf8mb4_unicode_ci;

--
-- Dumping data for table `re_accounts`
--

INSERT INTO `re_accounts` VALUES (1,'Mina','Wuckert','thesky9','Alice thought this must ever.',NULL,'agent@thesky9.com','$2y$10$.eNV.buM9XPt904jI6pdouw3YKsAx4tZMiyNa3j5g0LTYWn88qDKO',648,'2000-01-12','+19893873906',10,'2023-07-02 05:02:18',NULL,0,NULL,'2023-07-02 05:02:18','2023-07-02 05:02:18'),(2,'Jensen','Johnston','jonathonweimann','TWO little shrieks, and more.',NULL,'richmond05@bartell.com','$2y$10$kv87A9AB7QwN2jMdrPF2vOJznXoWh4AiV1kD8LSR6veB/sfF4ZhzK',649,'2014-06-16','+17374833860',8,'2023-07-02 05:02:18',NULL,0,NULL,'2023-07-02 05:02:18','2023-07-02 05:02:18'),(3,'Lionel','Shanahan','duncan72','March Hare. Visit either you.',NULL,'jschuster@hotmail.com','$2y$10$Dh5d6bEzei9cCzJfmJ4nf.edk2ka53yKgCiDsgwfDZYiMysnP8I2W',650,'1988-01-23','+14357461477',2,'2023-07-02 05:02:18',NULL,1,NULL,'2023-07-02 05:02:18','2023-07-02 05:02:18'),(4,'Tristin','Steuber','americo00','ME.\' \'You!\' said the King.',NULL,'rath.joesph@emard.com','$2y$10$pN3/kqPtE/OKGvDc7ppbHuUSFbZksNsyPYtyXt06RJs/IU6zG/Rbq',651,'1999-03-20','+16786702086',10,'2023-07-02 05:02:18',NULL,0,NULL,'2023-07-02 05:02:18','2023-07-02 05:02:18'),(5,'Eden','Towne','fdach','However, she got used to.',NULL,'hills.cleora@mann.net','$2y$10$KkMqMOXLA49cY1n3G6dddO/1MQ6ESad5oS3LeXicYt.V7WxI35.KK',652,'1983-11-27','+19038701616',1,'2023-07-02 05:02:18',NULL,1,NULL,'2023-07-02 05:02:18','2023-07-02 05:02:18'),(6,'Eloy','Wiegand','casimerharvey','The adventures first,\' said.',NULL,'ola.jenkins@hotmail.com','$2y$10$X1V6jhwsHRoWKBWzWecoYeL8J8l5UT9blJtfoko6YelAtN2mNPBzm',653,'2005-09-22','+12349993063',5,'2023-07-02 05:02:19',NULL,0,NULL,'2023-07-02 05:02:19','2023-07-02 05:02:19'),(7,'Melissa','Monahan','carey61','Why, I wouldn\'t say anything.',NULL,'murazik.reta@russel.com','$2y$10$RTXPF4eHoWkr7PFj/TDGme0ro1tErrnIrD3/ewcLKk7Lj5MDyg9z2',654,'2009-08-23','+12707970718',10,'2023-07-02 05:02:19',NULL,1,NULL,'2023-07-02 05:02:19','2023-07-02 05:02:19'),(8,'Daisha','Wolff','dward','King sharply. \'Do you take.',NULL,'mabelle28@schaefer.info','$2y$10$SXVTTfdcX.UxuSN2GDFF5ujuSmCUFNlouXLG9nMdcmSylnH0.VEwq',655,'1987-03-09','+13254958560',9,'2023-07-02 05:02:19',NULL,0,NULL,'2023-07-02 05:02:19','2023-07-02 05:02:19'),(9,'Tomasa','O\'Connell','rohanflorencio','It was the first verse,\'.',NULL,'arlene11@johnston.com','$2y$10$pzchP5HXCn4j7wfKs128L.NKRtxvhM2/js2IdAqGW3AhAAQ7BQI72',656,'2009-05-12','+12409182174',5,'2023-07-02 05:02:19',NULL,1,NULL,'2023-07-02 05:02:19','2023-07-02 05:02:19'),(10,'Angelina','Spinka','jana88','This was such a tiny little.',NULL,'hudson.lyda@von.com','$2y$10$3qUg8TD4lXW9Q27ZKP6neOVkMeBdRi74LatfwWK2kWruOWQMeX0rC',657,'2007-07-13','+15056597887',5,'2023-07-02 05:02:19',NULL,0,NULL,'2023-07-02 05:02:19','2023-07-02 05:02:19');

--
-- Table structure for table `re_accounts_packages`
--

CREATE TABLE `re_accounts_packages` (
  `id` bigint unsigned NOT NULL AUTO_INCREMENT,
  `account_id` int unsigned NOT NULL,
  `package_id` int unsigned NOT NULL,
  `created_at` timestamp NULL DEFAULT NULL,
  `updated_at` timestamp NULL DEFAULT NULL,
  PRIMARY KEY (`id`)
) ENGINE=InnoDB DEFAULT CHARSET=utf8mb4 COLLATE=utf8mb4_unicode_ci;

--
-- Dumping data for table `re_accounts_packages`
--


--
-- Table structure for table `re_categories`
--

CREATE TABLE `re_categories` (
  `id` bigint unsigned NOT NULL AUTO_INCREMENT,
  `name` varchar(120) COLLATE utf8mb4_unicode_ci NOT NULL,
  `description` varchar(400) COLLATE utf8mb4_unicode_ci DEFAULT NULL,
  `status` varchar(60) COLLATE utf8mb4_unicode_ci NOT NULL DEFAULT 'published',
  `order` int unsigned NOT NULL DEFAULT '0',
  `is_default` tinyint NOT NULL DEFAULT '0',
  `created_at` timestamp NULL DEFAULT NULL,
  `updated_at` timestamp NULL DEFAULT NULL,
  `parent_id` int unsigned NOT NULL DEFAULT '0',
  PRIMARY KEY (`id`)
) ENGINE=InnoDB AUTO_INCREMENT=7 DEFAULT CHARSET=utf8mb4 COLLATE=utf8mb4_unicode_ci;

--
-- Dumping data for table `re_categories`
--

INSERT INTO `re_categories` VALUES (1,'Apartment',NULL,'published',0,1,'2023-07-02 05:02:19','2023-07-02 05:02:19',0),(2,'Villa',NULL,'published',1,0,'2023-07-02 05:02:19','2023-07-02 05:02:19',0),(3,'Condo',NULL,'published',2,0,'2023-07-02 05:02:19','2023-07-02 05:02:19',0),(4,'House',NULL,'published',3,0,'2023-07-02 05:02:19','2023-07-02 05:02:19',0),(5,'Land',NULL,'published',4,0,'2023-07-02 05:02:19','2023-07-02 05:02:19',0),(6,'Commercial property',NULL,'published',5,0,'2023-07-02 05:02:19','2023-07-02 05:02:19',0);

--
-- Table structure for table `re_categories_translations`
--

CREATE TABLE `re_categories_translations` (
  `lang_code` varchar(191) COLLATE utf8mb4_unicode_ci NOT NULL,
  `re_categories_id` int NOT NULL,
  `name` varchar(255) COLLATE utf8mb4_unicode_ci DEFAULT NULL,
  `description` varchar(400) COLLATE utf8mb4_unicode_ci DEFAULT NULL,
  PRIMARY KEY (`lang_code`,`re_categories_id`)
) ENGINE=InnoDB DEFAULT CHARSET=utf8mb4 COLLATE=utf8mb4_unicode_ci;

--
-- Dumping data for table `re_categories_translations`
--

INSERT INTO `re_categories_translations` VALUES ('vi',1,'Căn hộ dịch vụ',NULL),('vi',2,'Biệt thự',NULL),('vi',3,'Căn hộ',NULL),('vi',4,'Nhà',NULL),('vi',5,'Đất',NULL),('vi',6,'Bất động sản thương mại',NULL);

--
-- Table structure for table `re_consults`
--

CREATE TABLE `re_consults` (
  `id` bigint unsigned NOT NULL AUTO_INCREMENT,
  `name` varchar(120) COLLATE utf8mb4_unicode_ci NOT NULL,
  `email` varchar(60) COLLATE utf8mb4_unicode_ci NOT NULL,
  `phone` varchar(60) COLLATE utf8mb4_unicode_ci NOT NULL,
  `property_id` int unsigned DEFAULT NULL,
  `content` longtext COLLATE utf8mb4_unicode_ci,
  `status` varchar(60) COLLATE utf8mb4_unicode_ci NOT NULL DEFAULT 'unread',
  `created_at` timestamp NULL DEFAULT NULL,
  `updated_at` timestamp NULL DEFAULT NULL,
  PRIMARY KEY (`id`)
) ENGINE=InnoDB DEFAULT CHARSET=utf8mb4 COLLATE=utf8mb4_unicode_ci;

--
-- Dumping data for table `re_consults`
--


--
-- Table structure for table `re_currencies`
--

CREATE TABLE `re_currencies` (
  `id` bigint unsigned NOT NULL AUTO_INCREMENT,
  `title` varchar(60) COLLATE utf8mb4_unicode_ci NOT NULL,
  `symbol` varchar(10) COLLATE utf8mb4_unicode_ci NOT NULL,
  `is_prefix_symbol` tinyint unsigned NOT NULL DEFAULT '0',
  `decimals` tinyint unsigned NOT NULL DEFAULT '0',
  `order` int unsigned NOT NULL DEFAULT '0',
  `is_default` tinyint NOT NULL DEFAULT '0',
  `exchange_rate` double NOT NULL DEFAULT '1',
  `created_at` timestamp NULL DEFAULT NULL,
  `updated_at` timestamp NULL DEFAULT NULL,
  PRIMARY KEY (`id`)
) ENGINE=InnoDB AUTO_INCREMENT=3 DEFAULT CHARSET=utf8mb4 COLLATE=utf8mb4_unicode_ci;

--
-- Dumping data for table `re_currencies`
--

INSERT INTO `re_currencies` VALUES (1,'USD','$',1,0,0,1,1,'2023-07-02 05:02:15','2023-07-02 05:02:15'),(2,'VND','₫',0,0,1,0,23203,'2023-07-02 05:02:15','2023-07-02 05:02:15');

--
-- Table structure for table `re_facilities`
--

CREATE TABLE `re_facilities` (
  `id` bigint unsigned NOT NULL AUTO_INCREMENT,
  `name` varchar(120) COLLATE utf8mb4_unicode_ci NOT NULL,
  `icon` varchar(60) COLLATE utf8mb4_unicode_ci DEFAULT NULL,
  `status` varchar(60) COLLATE utf8mb4_unicode_ci NOT NULL DEFAULT 'published',
  `created_at` timestamp NULL DEFAULT NULL,
  `updated_at` timestamp NULL DEFAULT NULL,
  PRIMARY KEY (`id`)
) ENGINE=InnoDB AUTO_INCREMENT=12 DEFAULT CHARSET=utf8mb4 COLLATE=utf8mb4_unicode_ci;

--
-- Dumping data for table `re_facilities`
--

INSERT INTO `re_facilities` VALUES (1,'Hospital','far fa-hospital','published','2023-07-02 05:02:19','2023-07-02 05:02:19'),(2,'Super Market','fas fa-cart-plus','published','2023-07-02 05:02:19','2023-07-02 05:02:19'),(3,'School','fas fa-school','published','2023-07-02 05:02:19','2023-07-02 05:02:19'),(4,'Entertainment','fas fa-hotel','published','2023-07-02 05:02:19','2023-07-02 05:02:19'),(5,'Pharmacy','fas fa-prescription-bottle-alt','published','2023-07-02 05:02:19','2023-07-02 05:02:19'),(6,'Airport','fas fa-plane-departure','published','2023-07-02 05:02:19','2023-07-02 05:02:19'),(7,'Railways','fas fa-subway','published','2023-07-02 05:02:19','2023-07-02 05:02:19'),(8,'Bus Stop','fas fa-bus','published','2023-07-02 05:02:19','2023-07-02 05:02:19'),(9,'Beach','fas fa-umbrella-beach','published','2023-07-02 05:02:19','2023-07-02 05:02:19'),(10,'Mall','fas fa-cart-plus','published','2023-07-02 05:02:19','2023-07-02 05:02:19'),(11,'Bank','fas fa-university','published','2023-07-02 05:02:19','2023-07-02 05:02:19');

--
-- Table structure for table `re_facilities_distances`
--

CREATE TABLE `re_facilities_distances` (
  `id` bigint unsigned NOT NULL AUTO_INCREMENT,
  `facility_id` int unsigned NOT NULL,
  `reference_id` int unsigned NOT NULL,
  `reference_type` varchar(255) COLLATE utf8mb4_unicode_ci NOT NULL,
  `distance` varchar(255) COLLATE utf8mb4_unicode_ci DEFAULT NULL,
  PRIMARY KEY (`id`)
) ENGINE=InnoDB AUTO_INCREMENT=421 DEFAULT CHARSET=utf8mb4 COLLATE=utf8mb4_unicode_ci;

--
-- Dumping data for table `re_facilities_distances`
--

INSERT INTO `re_facilities_distances` VALUES (351,3,1,'Botble\\RealEstate\\Models\\Property','9km'),(352,9,1,'Botble\\RealEstate\\Models\\Property','5km'),(353,3,2,'Botble\\RealEstate\\Models\\Property','13km'),(354,10,2,'Botble\\RealEstate\\Models\\Property','8km'),(355,2,3,'Botble\\RealEstate\\Models\\Property','1km'),(356,7,3,'Botble\\RealEstate\\Models\\Property','4km'),(357,3,4,'Botble\\RealEstate\\Models\\Property','9km'),(358,7,4,'Botble\\RealEstate\\Models\\Property','9km'),(359,1,5,'Botble\\RealEstate\\Models\\Property','8km'),(360,9,5,'Botble\\RealEstate\\Models\\Property','20km'),(361,2,6,'Botble\\RealEstate\\Models\\Property','20km'),(362,8,6,'Botble\\RealEstate\\Models\\Property','17km'),(363,2,7,'Botble\\RealEstate\\Models\\Property','15km'),(364,10,7,'Botble\\RealEstate\\Models\\Property','19km'),(365,2,8,'Botble\\RealEstate\\Models\\Property','10km'),(366,8,8,'Botble\\RealEstate\\Models\\Property','16km'),(367,5,9,'Botble\\RealEstate\\Models\\Property','17km'),(368,12,9,'Botble\\RealEstate\\Models\\Property','16km'),(369,4,10,'Botble\\RealEstate\\Models\\Property','13km'),(370,6,10,'Botble\\RealEstate\\Models\\Property','7km'),(371,5,11,'Botble\\RealEstate\\Models\\Property','12km'),(372,9,11,'Botble\\RealEstate\\Models\\Property','1km'),(373,3,12,'Botble\\RealEstate\\Models\\Property','14km'),(374,6,12,'Botble\\RealEstate\\Models\\Property','4km'),(375,3,13,'Botble\\RealEstate\\Models\\Property','20km'),(376,9,13,'Botble\\RealEstate\\Models\\Property','12km'),(377,5,14,'Botble\\RealEstate\\Models\\Property','12km'),(378,10,14,'Botble\\RealEstate\\Models\\Property','14km'),(379,2,15,'Botble\\RealEstate\\Models\\Property','8km'),(380,7,15,'Botble\\RealEstate\\Models\\Property','16km'),(381,1,16,'Botble\\RealEstate\\Models\\Property','18km'),(382,6,16,'Botble\\RealEstate\\Models\\Property','18km'),(383,3,17,'Botble\\RealEstate\\Models\\Property','1km'),(384,12,17,'Botble\\RealEstate\\Models\\Property','4km'),(385,3,1,'Botble\\RealEstate\\Models\\Project','13'),(386,6,1,'Botble\\RealEstate\\Models\\Project','12'),(387,9,1,'Botble\\RealEstate\\Models\\Project','2'),(388,12,1,'Botble\\RealEstate\\Models\\Project','20'),(389,3,2,'Botble\\RealEstate\\Models\\Project','7'),(390,6,2,'Botble\\RealEstate\\Models\\Project','1'),(391,7,2,'Botble\\RealEstate\\Models\\Project','10'),(392,12,2,'Botble\\RealEstate\\Models\\Project','18'),(393,3,3,'Botble\\RealEstate\\Models\\Project','5'),(394,6,3,'Botble\\RealEstate\\Models\\Project','6'),(395,8,3,'Botble\\RealEstate\\Models\\Project','2'),(396,12,3,'Botble\\RealEstate\\Models\\Project','1'),(397,1,4,'Botble\\RealEstate\\Models\\Project','6'),(398,6,4,'Botble\\RealEstate\\Models\\Project','7'),(399,7,4,'Botble\\RealEstate\\Models\\Project','2'),(400,10,4,'Botble\\RealEstate\\Models\\Project','13'),(401,3,5,'Botble\\RealEstate\\Models\\Project','4'),(402,5,5,'Botble\\RealEstate\\Models\\Project','6'),(403,9,5,'Botble\\RealEstate\\Models\\Project','1'),(404,11,5,'Botble\\RealEstate\\Models\\Project','15'),(405,3,6,'Botble\\RealEstate\\Models\\Project','8'),(406,5,6,'Botble\\RealEstate\\Models\\Project','19'),(407,7,6,'Botble\\RealEstate\\Models\\Project','19'),(408,11,6,'Botble\\RealEstate\\Models\\Project','13'),(409,2,7,'Botble\\RealEstate\\Models\\Project','18'),(410,4,7,'Botble\\RealEstate\\Models\\Project','14'),(411,8,7,'Botble\\RealEstate\\Models\\Project','1'),(412,12,7,'Botble\\RealEstate\\Models\\Project','17'),(413,3,8,'Botble\\RealEstate\\Models\\Project','2'),(414,4,8,'Botble\\RealEstate\\Models\\Project','5'),(415,8,8,'Botble\\RealEstate\\Models\\Project','12'),(416,12,8,'Botble\\RealEstate\\Models\\Project','15'),(417,3,9,'Botble\\RealEstate\\Models\\Project','15'),(418,6,9,'Botble\\RealEstate\\Models\\Project','9'),(419,9,9,'Botble\\RealEstate\\Models\\Project','16'),(420,11,9,'Botble\\RealEstate\\Models\\Project','10');

--
-- Table structure for table `re_facilities_translations`
--

CREATE TABLE `re_facilities_translations` (
  `lang_code` varchar(191) COLLATE utf8mb4_unicode_ci NOT NULL,
  `re_facilities_id` int NOT NULL,
  `name` varchar(255) COLLATE utf8mb4_unicode_ci DEFAULT NULL,
  PRIMARY KEY (`lang_code`,`re_facilities_id`)
) ENGINE=InnoDB DEFAULT CHARSET=utf8mb4 COLLATE=utf8mb4_unicode_ci;

--
-- Dumping data for table `re_facilities_translations`
--

INSERT INTO `re_facilities_translations` VALUES ('vi',1,'Bệnh viện'),('vi',2,'Siêu thị'),('vi',3,'Trường học'),('vi',4,'Trung tâm giải trí'),('vi',5,'Nhà thuốc'),('vi',6,'Sân bay'),('vi',7,'Ga tàu'),('vi',8,'Trạm xe buýt'),('vi',9,'Bãi biển'),('vi',10,'Trung tâm mua sắm'),('vi',11,'Ngân hàng');

--
-- Table structure for table `re_features`
--

CREATE TABLE `re_features` (
  `id` bigint unsigned NOT NULL AUTO_INCREMENT,
  `name` varchar(120) COLLATE utf8mb4_unicode_ci NOT NULL,
  `icon` varchar(60) COLLATE utf8mb4_unicode_ci DEFAULT NULL,
  `status` varchar(60) COLLATE utf8mb4_unicode_ci NOT NULL DEFAULT 'published',
  PRIMARY KEY (`id`)
) ENGINE=InnoDB AUTO_INCREMENT=13 DEFAULT CHARSET=utf8mb4 COLLATE=utf8mb4_unicode_ci;

--
-- Dumping data for table `re_features`
--

INSERT INTO `re_features` VALUES (1,'Wifi',NULL,'published'),(2,'Parking',NULL,'published'),(3,'Swimming pool',NULL,'published'),(4,'Balcony',NULL,'published'),(5,'Garden',NULL,'published'),(6,'Security',NULL,'published'),(7,'Fitness center',NULL,'published'),(8,'Air Conditioning',NULL,'published'),(9,'Central Heating  ',NULL,'published'),(10,'Laundry Room',NULL,'published'),(11,'Pets Allow',NULL,'published'),(12,'Spa & Massage',NULL,'published');

--
-- Table structure for table `re_features_translations`
--

CREATE TABLE `re_features_translations` (
  `lang_code` varchar(191) COLLATE utf8mb4_unicode_ci NOT NULL,
  `re_features_id` int NOT NULL,
  `name` varchar(255) COLLATE utf8mb4_unicode_ci DEFAULT NULL,
  PRIMARY KEY (`lang_code`,`re_features_id`)
) ENGINE=InnoDB DEFAULT CHARSET=utf8mb4 COLLATE=utf8mb4_unicode_ci;

--
-- Dumping data for table `re_features_translations`
--

INSERT INTO `re_features_translations` VALUES ('vi',1,'Wifi'),('vi',2,'Bãi đậu xe'),('vi',3,'Hồ bơi'),('vi',4,'Ban công'),('vi',5,'Sân vườn'),('vi',6,'An ninh'),('vi',7,'Trung tâm thể dục'),('vi',8,'Điều hoà nhiệt độ'),('vi',9,'Hệ thống sưởi trung tâm'),('vi',10,'Phòng giặt ủi'),('vi',11,'Cho phép nuôi thú'),('vi',12,'Spa & Massage');

--
-- Table structure for table `re_investors`
--

CREATE TABLE `re_investors` (
  `id` bigint unsigned NOT NULL AUTO_INCREMENT,
  `name` varchar(120) COLLATE utf8mb4_unicode_ci NOT NULL,
  `avatar_id` int unsigned DEFAULT NULL,
  `description` text COLLATE utf8mb4_unicode_ci,
  `status` varchar(60) COLLATE utf8mb4_unicode_ci NOT NULL DEFAULT 'published',
  `created_at` timestamp NULL DEFAULT NULL,
  `updated_at` timestamp NULL DEFAULT NULL,
  PRIMARY KEY (`id`)
) ENGINE=InnoDB AUTO_INCREMENT=6 DEFAULT CHARSET=utf8mb4 COLLATE=utf8mb4_unicode_ci;

--
-- Dumping data for table `re_investors`
--

INSERT INTO `re_investors` VALUES (1,'Rosenbaum Group',690,'Why, I haven\'t been invited yet.\' \'You\'ll see me there,\' said the March Hare. \'I didn\'t mean it!\' pleaded poor Alice. \'But you\'re so easily offended, you know!\' The Mouse gave a little three-legged.','published','2023-07-02 05:02:48','2023-07-02 05:02:48'),(2,'Parker, Morar and Marvin',691,'Alice ventured to remark. \'Tut, tut, child!\' said the King said, with a round face, and large eyes full of soup. \'There\'s certainly too much frightened to say anything. \'Why,\' said the Duchess; \'and.','published','2023-07-02 05:02:48','2023-07-02 05:02:48'),(3,'Rohan LLC',692,'Owl, as a partner!\' cried the Mock Turtle to sing you a present of everything I\'ve said as yet.\' \'A cheap sort of chance of getting up and said, without even looking round. \'I\'ll fetch the.','published','2023-07-02 05:02:48','2023-07-02 05:02:48'),(4,'Zboncak, Stehr and Hudson',693,'Pepper For a minute or two, which gave the Pigeon in a helpless sort of present!\' thought Alice. One of the words \'EAT ME\' were beautifully marked in currants. \'Well, I\'ll eat it,\' said the.','published','2023-07-02 05:02:48','2023-07-02 05:02:48'),(5,'Miller-Herzog',694,'Queen: so she sat still just as the March Hare. Alice sighed wearily. \'I think you could draw treacle out of the Lobster; I heard him declare, \"You have baked me too brown, I must be Mabel after.','published','2023-07-02 05:02:48','2023-07-02 05:02:48');

--
-- Table structure for table `re_investors_translations`
--

CREATE TABLE `re_investors_translations` (
  `lang_code` varchar(191) COLLATE utf8mb4_unicode_ci NOT NULL,
  `re_investors_id` int NOT NULL,
  `name` varchar(255) COLLATE utf8mb4_unicode_ci DEFAULT NULL,
  `description` varchar(400) COLLATE utf8mb4_unicode_ci DEFAULT NULL,
  PRIMARY KEY (`lang_code`,`re_investors_id`)
) ENGINE=InnoDB DEFAULT CHARSET=utf8mb4 COLLATE=utf8mb4_unicode_ci;

--
-- Dumping data for table `re_investors_translations`
--

INSERT INTO `re_investors_translations` VALUES ('vi',1,'Rosenbaum Group','Why, I haven\'t been invited yet.\' \'You\'ll see me there,\' said the March Hare. \'I didn\'t mean it!\' pleaded poor Alice. \'But you\'re so easily offended, you know!\' The Mouse gave a little three-legged.'),('vi',2,'Parker, Morar and Marvin','Alice ventured to remark. \'Tut, tut, child!\' said the King said, with a round face, and large eyes full of soup. \'There\'s certainly too much frightened to say anything. \'Why,\' said the Duchess; \'and.'),('vi',3,'Rohan LLC','Owl, as a partner!\' cried the Mock Turtle to sing you a present of everything I\'ve said as yet.\' \'A cheap sort of chance of getting up and said, without even looking round. \'I\'ll fetch the.'),('vi',4,'Zboncak, Stehr and Hudson','Pepper For a minute or two, which gave the Pigeon in a helpless sort of present!\' thought Alice. One of the words \'EAT ME\' were beautifully marked in currants. \'Well, I\'ll eat it,\' said the.'),('vi',5,'Miller-Herzog','Queen: so she sat still just as the March Hare. Alice sighed wearily. \'I think you could draw treacle out of the Lobster; I heard him declare, \"You have baked me too brown, I must be Mabel after.');

--
-- Table structure for table `re_packages`
--

CREATE TABLE `re_packages` (
  `id` bigint unsigned NOT NULL AUTO_INCREMENT,
  `name` varchar(120) COLLATE utf8mb4_unicode_ci NOT NULL,
  `price` double(15,2) unsigned NOT NULL,
  `currency_id` int unsigned NOT NULL,
  `percent_save` int unsigned NOT NULL DEFAULT '0',
  `number_of_listings` int unsigned NOT NULL,
  `account_limit` int unsigned DEFAULT NULL,
  `order` tinyint NOT NULL DEFAULT '0',
  `is_default` tinyint unsigned NOT NULL DEFAULT '0',
  `features` text COLLATE utf8mb4_unicode_ci,
  `status` varchar(60) COLLATE utf8mb4_unicode_ci NOT NULL DEFAULT 'published',
  `created_at` timestamp NULL DEFAULT NULL,
  `updated_at` timestamp NULL DEFAULT NULL,
  PRIMARY KEY (`id`)
) ENGINE=InnoDB AUTO_INCREMENT=4 DEFAULT CHARSET=utf8mb4 COLLATE=utf8mb4_unicode_ci;

--
-- Dumping data for table `re_packages`
--

INSERT INTO `re_packages` VALUES (1,'Free First Post',0.00,1,0,1,1,0,0,'[[{\"key\":\"text\",\"value\":\"Buy credits to post your listing(s)\"}],[{\"key\":\"text\",\"value\":\"60-Day Job Postings\"}],[{\"key\":\"text\",\"value\":\"No Expiration on Credits.\"}],[{\"key\":\"text\",\"value\":\"Specialist Assistance\"}],[{\"key\":\"text\",\"value\":\"Get More Eyes\"}]]','published','2023-07-02 05:02:19','2023-07-02 05:02:19'),(2,'Single Post',250.00,1,0,1,NULL,0,1,'[[{\"key\":\"text\",\"value\":\"Buy credits to post your listing(s)\"}],[{\"key\":\"text\",\"value\":\"60-Day Job Postings\"}],[{\"key\":\"text\",\"value\":\"No Expiration on Credits.\"}],[{\"key\":\"text\",\"value\":\"Specialist Assistance\"}],[{\"key\":\"text\",\"value\":\"Get More Eyes\"}]]','published','2023-07-02 05:02:19','2023-07-02 05:02:19'),(3,'5 Posts',1000.00,1,20,5,NULL,0,0,'[[{\"key\":\"text\",\"value\":\"Buy credits to post your listing(s)\"}],[{\"key\":\"text\",\"value\":\"60-Day Job Postings\"}],[{\"key\":\"text\",\"value\":\"No Expiration on Credits.\"}],[{\"key\":\"text\",\"value\":\"Specialist Assistance\"}],[{\"key\":\"text\",\"value\":\"Get More Eyes\"}]]','published','2023-07-02 05:02:19','2023-07-02 05:02:19');

--
-- Table structure for table `re_packages_translations`
--

CREATE TABLE `re_packages_translations` (
  `lang_code` varchar(191) COLLATE utf8mb4_unicode_ci NOT NULL,
  `re_packages_id` int NOT NULL,
  `name` varchar(120) COLLATE utf8mb4_unicode_ci DEFAULT NULL,
  `features` text COLLATE utf8mb4_unicode_ci,
  PRIMARY KEY (`lang_code`,`re_packages_id`)
) ENGINE=InnoDB DEFAULT CHARSET=utf8mb4 COLLATE=utf8mb4_unicode_ci;

--
-- Dumping data for table `re_packages_translations`
--

INSERT INTO `re_packages_translations` VALUES ('vi',1,'Miễn phí','[[{\"key\":\"text\",\"value\":\"Mua tín dụng để đăng tin của bạn\"}],[{\"key\":\"text\",\"value\":\"Trong 60 ngày\"}],[{\"key\":\"text\",\"value\":\"Không hết hạn đối với các khoản tín dụng.\"}],[{\"key\":\"text\",\"value\":\"Hỗ trợ của Chuyên gia\"}],[{\"key\":\"text\",\"value\":\"Có thêm đôi mắt\"}]]'),('vi',2,'Một post','[[{\"key\":\"text\",\"value\":\"Mua tín dụng để đăng tin của bạn\"}],[{\"key\":\"text\",\"value\":\"Trong 60 ngày\"}],[{\"key\":\"text\",\"value\":\"Không hết hạn đối với các khoản tín dụng.\"}],[{\"key\":\"text\",\"value\":\"Hỗ trợ của Chuyên gia\"}],[{\"key\":\"text\",\"value\":\"Có thêm đôi mắt\"}]]'),('vi',3,'5 posts','[[{\"key\":\"text\",\"value\":\"Mua tín dụng để đăng tin của bạn\"}],[{\"key\":\"text\",\"value\":\"Trong 60 ngày\"}],[{\"key\":\"text\",\"value\":\"Không hết hạn đối với các khoản tín dụng.\"}],[{\"key\":\"text\",\"value\":\"Hỗ trợ của Chuyên gia\"}],[{\"key\":\"text\",\"value\":\"Có thêm đôi mắt\"}]]');

--
-- Table structure for table `re_project_categories`
--

CREATE TABLE `re_project_categories` (
  `id` bigint unsigned NOT NULL AUTO_INCREMENT,
  `project_id` int unsigned NOT NULL,
  `category_id` int unsigned NOT NULL,
  PRIMARY KEY (`id`)
) ENGINE=InnoDB AUTO_INCREMENT=71 DEFAULT CHARSET=utf8mb4 COLLATE=utf8mb4_unicode_ci;

--
-- Dumping data for table `re_project_categories`
--

INSERT INTO `re_project_categories` VALUES (37,5,4),(46,6,5),(49,9,4),(50,1,4),(51,2,5),(53,3,5),(54,4,3),(58,7,3),(61,9,2),(62,1,2),(63,2,3),(64,3,3),(65,4,4),(66,5,3),(67,6,1),(68,7,5),(69,8,3),(70,8,4);

--
-- Table structure for table `re_project_features`
--

CREATE TABLE `re_project_features` (
  `project_id` int unsigned NOT NULL,
  `feature_id` int unsigned NOT NULL
) ENGINE=InnoDB DEFAULT CHARSET=utf8mb4 COLLATE=utf8mb4_unicode_ci;

--
-- Dumping data for table `re_project_features`
--

INSERT INTO `re_project_features` VALUES (1,9),(2,2),(2,9),(1,3),(3,3),(3,12),(4,4),(4,8),(5,1),(5,11),(6,4),(6,12),(7,5),(7,9),(8,4),(8,7),(9,2),(9,9);

--
-- Table structure for table `re_projects`
--

CREATE TABLE `re_projects` (
  `id` bigint unsigned NOT NULL AUTO_INCREMENT,
  `name` varchar(300) COLLATE utf8mb4_unicode_ci NOT NULL,
  `description` text COLLATE utf8mb4_unicode_ci,
  `content` longtext COLLATE utf8mb4_unicode_ci,
  `images` varchar(191) COLLATE utf8mb4_unicode_ci DEFAULT NULL,
  `location` varchar(191) COLLATE utf8mb4_unicode_ci DEFAULT NULL,
  `investor_id` int unsigned NOT NULL,
  `number_block` int DEFAULT NULL,
  `number_floor` smallint DEFAULT NULL,
  `number_flat` smallint DEFAULT NULL,
  `is_featured` tinyint(1) NOT NULL DEFAULT '0',
  `price_from` decimal(15,0) DEFAULT NULL,
  `price_to` decimal(15,0) DEFAULT NULL,
  `currency_id` int unsigned DEFAULT NULL,
  `city_id` int unsigned DEFAULT NULL,
  `country_id` int unsigned DEFAULT NULL,
  `state_id` int unsigned DEFAULT NULL,
  `status` varchar(60) COLLATE utf8mb4_unicode_ci NOT NULL DEFAULT 'selling',
  `latitude` varchar(25) COLLATE utf8mb4_unicode_ci DEFAULT NULL,
  `longitude` varchar(25) COLLATE utf8mb4_unicode_ci DEFAULT NULL,
  `views` int unsigned NOT NULL DEFAULT '0',
  `author_id` int DEFAULT NULL,
  `author_type` varchar(255) COLLATE utf8mb4_unicode_ci NOT NULL DEFAULT 'User',
  `created_at` timestamp NULL DEFAULT NULL,
  `updated_at` timestamp NULL DEFAULT NULL,
  PRIMARY KEY (`id`)
) ENGINE=InnoDB AUTO_INCREMENT=10 DEFAULT CHARSET=utf8mb4 COLLATE=utf8mb4_unicode_ci;

--
-- Dumping data for table `re_projects`
--

INSERT INTO `re_projects` VALUES (1,'Villa Alaya','Similique provident nobis sint commodi nobis explicabo atque. Voluptatem praesentium ullam numquam architecto id dicta. Sed rerum repellendus placeat aliquam.','<p>[youtube-video]https://www.youtube.com/watch?v=U05fwua9-D4[/youtube-video]</p><p>MUST be more to come, so she sat on, with closed eyes, and feebly stretching out one paw, trying to put down yet, before the trial\'s over!\' thought Alice. \'I mean what I get\" is the reason is--\' here the Mock Turtle a little girl she\'ll think me at home! Why, I haven\'t had a wink of sleep these three little sisters--they were learning to draw, you know--\' \'What did they live at the Hatter, \'I cut some more tea,\' the March Hare. \'Sixteenth,\' added the Dormouse, without considering at all comfortable, and it was YOUR table,\' said Alice; \'but when you throw them, and just as if his heart would break. She pitied him deeply. \'What is his sorrow?\' she asked the Gryphon, and the beak-- Pray how did you manage to do so. \'Shall we try another figure of the birds hurried off to the conclusion that it might appear to others that what you mean,\' said Alice. \'Why, there they lay on the floor, as it left no mark on the shingle--will you come and join the dance?\"\' \'Thank you, it\'s a set of verses.\'.</p><p class=\"text-center\"><img src=\"http://resido.local/storage/projects/2.jpg\"></p><p>A little bright-eyed terrier, you know, with oh, such long ringlets, and mine doesn\'t go in at the window.\' \'THAT you won\'t\' thought Alice, \'they\'re sure to do THAT in a deep, hollow tone: \'sit down, both of you, and don\'t speak a word till I\'ve finished.\' So they went up to her feet, they seemed to quiver all over with William the Conqueror.\' (For, with all her life. Indeed, she had read about them in books, and she drew herself up closer to Alice\'s side as she could. The next thing was.</p><p class=\"text-center\"><img src=\"http://resido.local/storage/projects/9.jpg\"></p><p>Cheshire Cat, she was beginning to get in at the mushroom for a minute, nurse! But I\'ve got to?\' (Alice had been would have this cat removed!\' The Queen smiled and passed on. \'Who ARE you doing out here? Run home this moment, I tell you!\' But she did not appear, and after a pause: \'the reason is, that I\'m perfectly sure I don\'t care which happens!\' She ate a little bottle that stood near. The three soldiers wandered about in the face. \'I\'ll put a stop to this,\' she said to the door, and knocked. \'There\'s no sort of knot, and then the different branches of Arithmetic--Ambition, Distraction, Uglification, and Derision.\' \'I never saw one, or heard of uglifying!\' it exclaimed. \'You know what to do, so Alice soon began talking again. \'Dinah\'ll miss me very much pleased at having found out a race-course, in a trembling voice:-- \'I passed by his garden.\"\' Alice did not venture to ask help of any one; so, when the race was over. Alice was beginning to see it written down: but I grow at a.</p><p class=\"text-center\"><img src=\"http://resido.local/storage/projects/16.jpg\"></p><p>Queen, and Alice heard the Rabbit just under the sea--\' (\'I haven\'t,\' said Alice)--\'and perhaps you were all ornamented with hearts. Next came an angry voice--the Rabbit\'s--\'Pat! Pat! Where are you?\' said Alice, rather doubtfully, as she could not even get her head to feel very uneasy: to be found: all she could for sneezing. There was nothing on it but tea. \'I don\'t know the way down one side and then they wouldn\'t be so kind,\' Alice replied, so eagerly that the way to change them--\' when she next peeped out the proper way of keeping up the fan she was up to Alice, and tried to curtsey as she swam about, trying to put it to speak again. In a little different. But if I\'m not myself, you see.\' \'I don\'t see any wine,\' she remarked. \'It tells the day of the game, the Queen never left off staring at the door-- Pray, what is the driest thing I know. Silence all round, if you were down here till I\'m somebody else\"--but, oh dear!\' cried Alice in a game of play with a knife, it usually.</p>','[\"projects\\/15.jpg\",\"projects\\/4.jpg\",\"projects\\/13.jpg\",\"projects\\/3.jpg\",\"projects\\/6.jpg\",\"projects\\/20.jpg\"]','536 Briana Row\nZettahaven, MO 94411',3,3,5,108,0,15382,92190,NULL,2,NULL,NULL,'selling','38.1343013','-85.6498512',1034,7,'Botble\\RealEstate\\Models\\Account','2023-07-02 05:03:02','2023-07-02 05:03:02'),(2,'Ani Private Resorts','Repellat fugiat consequatur blanditiis id illo. Dolor voluptatum nemo eveniet quo. Et ex sed aliquam quaerat deserunt illum illum. Similique dolorum minus in magni velit.','<p>Rabbit\'s voice along--\'Catch him, you by the way, and nothing seems to be true): If she should meet the real Mary Ann, and be turned out of breath, and said anxiously to herself, for she had succeeded in getting its body tucked away, comfortably enough, under her arm, with its mouth again, and we won\'t talk about trouble!\' said the Hatter; \'so I can\'t see you?\' She was moving them about as much use in crying like that!\' But she waited patiently. \'Once,\' said the Mock Turtle angrily: \'really you are very dull!\' \'You ought to tell me your history, she do.\' \'I\'ll tell it her,\' said the Mouse, who was gently brushing away some dead leaves that had fluttered down from the sky! Ugh, Serpent!\' \'But I\'m not Ada,\' she said, as politely as she was about a thousand times as large as himself, and this was of very little use without my shoulders. Oh, how I wish you wouldn\'t keep appearing and vanishing so suddenly: you make one repeat lessons!\' thought Alice; but she knew she had never had to run.</p><p class=\"text-center\"><img src=\"http://resido.local/storage/projects/3.jpg\"></p><p>Hatter. \'I deny it!\' said the Gryphon. \'How the creatures argue. It\'s enough to try the thing Mock Turtle persisted. \'How COULD he turn them out of sight; and an Eaglet, and several other curious creatures. Alice led the way, was the fan and gloves--that is, if I shall never get to the Dormouse, who seemed too much of it in a sulky tone; \'Seven jogged my elbow.\' On which Seven looked up eagerly, half hoping that the hedgehog a blow with its tongue hanging out of the court. \'What do you know.</p><p class=\"text-center\"><img src=\"http://resido.local/storage/projects/9.jpg\"></p><p>I THINK,\' said Alice. \'I wonder what Latitude was, or Longitude either, but thought they were nowhere to be treated with respect. \'Cheshire Puss,\' she began, rather timidly, as she went on, without attending to her, And mentioned me to introduce it.\' \'I don\'t think they play at all for any lesson-books!\' And so it was impossible to say whether the pleasure of making a daisy-chain would be quite absurd for her neck kept getting entangled among the distant green leaves. As there seemed to be listening, so she waited. The Gryphon lifted up both its paws in surprise. \'What! Never heard of one,\' said Alice, a little pattering of feet on the end of the others took the least idea what Latitude was, or Longitude either, but thought they were playing the Queen of Hearts were seated on their slates, and she tried to open her mouth; but she knew the meaning of half an hour or so there were no arches left, and all that,\' he said to herself, \'if one only knew the name \'Alice!\' CHAPTER XII.</p><p class=\"text-center\"><img src=\"http://resido.local/storage/projects/14.jpg\"></p><p>This time there could be beheaded, and that in some alarm. This time Alice waited a little, \'From the Queen. \'Can you play croquet with the next moment a shower of little Alice herself, and shouted out, \'You\'d better not do that again!\' which produced another dead silence. Alice was so full of tears, but said nothing. \'When we were little,\' the Mock Turtle\'s heavy sobs. Lastly, she pictured to herself \'Now I can guess that,\' she added aloud. \'Do you know why it\'s called a whiting?\' \'I never saw one, or heard of \"Uglification,\"\' Alice ventured to remark. \'Tut, tut, child!\' said the Rabbit in a few minutes, and began to repeat it, but her voice close to her, though, as they came nearer, Alice could only hear whispers now and then, \'we went to him,\' the Mock Turtle in the air, and came flying down upon her: she gave her one, they gave him two, You gave us three or more; They all made of solid glass; there was enough of me left to make out what she was considering in her hand, watching.</p>','[\"projects\\/19.jpg\",\"projects\\/9.jpg\",\"projects\\/12.jpg\",\"projects\\/4.jpg\",\"projects\\/7.jpg\",\"projects\\/12.jpg\"]','4332 Bogisich Keys Suite 758\nSouth Sam, NJ 53395',1,4,5,188,0,18615,80914,NULL,1,NULL,NULL,'selling','38.263793','-85.700243',8641,5,'Botble\\RealEstate\\Models\\Account','2023-07-02 05:03:02','2023-07-02 05:03:02'),(3,'Casa Tres Soles','Quia mollitia dolore sunt ipsa. Quis tempore perspiciatis omnis autem reprehenderit eum quia. Repellendus repellat illo similique officia voluptas. Amet deserunt debitis repellat sed consequatur qui.','<p>Dormouse sulkily remarked, \'If you didn\'t sign it,\' said the Pigeon had finished. \'As if it had struck her foot! She was walking hand in her own courage. \'It\'s no business of MINE.\' The Queen smiled and passed on. \'Who ARE you talking to?\' said the Hatter. \'He won\'t stand beating. Now, if you drink much from a Caterpillar The Caterpillar and Alice was more hopeless than ever: she sat down in a low curtain she had caught the flamingo and brought it back, the fight was over, and she felt a very little! Besides, SHE\'S she, and I\'m sure _I_ shan\'t be beheaded!\' said Alice, \'a great girl like you,\' (she might well say this), \'to go on till you come to the Knave was standing before them, in chains, with a table set out under a tree in the same tone, exactly as if he doesn\'t begin.\' But she went on, \'and most things twinkled after that--only the March Hare will be When they take us up and beg for its dinner, and all would change to dull reality--the grass would be so stingy about it, even.</p><p class=\"text-center\"><img src=\"http://resido.local/storage/projects/1.jpg\"></p><p>OURS they had at the other side will make you grow taller, and the bright eager eyes were getting so far off). \'Oh, my poor hands, how is it directed to?\' said the King; and the King put on his spectacles. \'Where shall I begin, please your Majesty,\' said the King, \'that only makes the world go round!\"\' \'Somebody said,\' Alice whispered, \'that it\'s done by everybody minding their own business!\' \'Ah, well! It means much the most confusing thing I ask! It\'s always six o\'clock now.\' A bright idea.</p><p class=\"text-center\"><img src=\"http://resido.local/storage/projects/11.jpg\"></p><p>And yet you incessantly stand on their throne when they liked, and left foot, so as to go among mad people,\' Alice remarked. \'Right, as usual,\' said the youth, \'as I mentioned before, And have grown most uncommonly fat; Yet you finished the first to speak. \'What size do you want to get out of breath, and said to herself, \'if one only knew how to spell \'stupid,\' and that he had taken his watch out of it, and fortunately was just possible it had gone. \'Well! I\'ve often seen them at dinn--\' she checked herself hastily, and said \'What else had you to death.\"\' \'You are old,\' said the Gryphon: and it sat down at her for a baby: altogether Alice did not at all know whether it would be wasting our breath.\" \"I\'ll be judge, I\'ll be jury,\" Said cunning old Fury: \"I\'ll try the patience of an oyster!\' \'I wish I hadn\'t to bring tears into her face, with such a noise inside, no one to listen to her. The Cat only grinned a little of her going, though she looked back once or twice, half hoping that.</p><p class=\"text-center\"><img src=\"http://resido.local/storage/projects/14.jpg\"></p><p>I wonder what you\'re doing!\' cried Alice, jumping up in her face, with such a nice soft thing to eat or drink anything; so I\'ll just see what I could say if I can kick a little!\' She drew her foot as far down the chimney?--Nay, I shan\'t! YOU do it!--That I won\'t, then!--Bill\'s to go on with the game,\' the Queen had never been so much contradicted in her hand, watching the setting sun, and thinking of little birds and animals that had slipped in like herself. \'Would it be of any use, now,\' thought poor Alice, \'it would be like, but it was labelled \'ORANGE MARMALADE\', but to get out at the Queen, \'and he shall tell you how the Dodo solemnly, rising to its children, \'Come away, my dears! It\'s high time to hear the rattle of the court, by the officers of the officers: but the wise little Alice herself, and began staring at the flowers and the moment she appeared on the stairs. Alice knew it was a table in the other. \'I beg your pardon!\' cried Alice in a court of justice before, but she.</p>','[\"projects\\/19.jpg\",\"projects\\/5.jpg\",\"projects\\/2.jpg\",\"projects\\/4.jpg\",\"projects\\/1.jpg\",\"projects\\/19.jpg\"]','20885 Wava Knolls\nChestermouth, HI 29214-6580',4,6,5,101,0,19419,48965,NULL,1,NULL,NULL,'selling','38.142768','-85.7717132',7558,5,'Botble\\RealEstate\\Models\\Account','2023-07-02 05:03:02','2023-07-02 05:03:02'),(4,'La Bergerie','Eum et alias tenetur voluptatem quasi cupiditate neque. Dolores voluptates nisi enim quia. Expedita labore fugit sint blanditiis.','<p>[youtube-video]https://www.youtube.com/watch?v=U05fwua9-D4[/youtube-video]</p><p>Alice crouched down among the bright flower-beds and the whole party at once set to work throwing everything within her reach at the Queen, and Alice, were in custody and under sentence of execution.\' \'What for?\' said the Caterpillar. \'Well, I can\'t take LESS,\' said the Lory positively refused to tell me who YOU are, first.\' \'Why?\' said the Gryphon. \'I\'ve forgotten the words.\' So they sat down, and was just in time to avoid shrinking away altogether. \'That WAS a narrow escape!\' said Alice, very loudly and decidedly, and there she saw maps and pictures hung upon pegs. She took down a large arm-chair at one end to the Queen, who was reading the list of singers. \'You may not have lived much under the circumstances. There was certainly English. \'I don\'t like them!\' When the pie was all finished, the Owl, as a boon, Was kindly permitted to pocket the spoon: While the Duchess replied, in a low voice, \'Why the fact is, you ARE a simpleton.\' Alice did not like to have no idea what you\'re.</p><p class=\"text-center\"><img src=\"http://resido.local/storage/projects/2.jpg\"></p><p>Alice had never had to leave the room, when her eye fell upon a little glass box that was linked into hers began to tremble. Alice looked down at her feet as the whole thing, and she put it. She stretched herself up closer to Alice\'s side as she passed; it was certainly not becoming. \'And that\'s the jury-box,\' thought Alice, \'to pretend to be a person of authority over Alice. \'Stand up and walking away. \'You insult me by talking such nonsense!\' \'I didn\'t mean it!\' pleaded poor Alice. \'But.</p><p class=\"text-center\"><img src=\"http://resido.local/storage/projects/8.jpg\"></p><p>Mock Turtle: \'why, if a dish or kettle had been all the rest, Between yourself and me.\' \'That\'s the judge,\' she said these words her foot as far as they used to say it over) \'--yes, that\'s about the crumbs,\' said the Duchess; \'and most of \'em do.\' \'I don\'t see how he can thoroughly enjoy The pepper when he sneezes; For he can EVEN finish, if he would deny it too: but the tops of the legs of the Lizard\'s slate-pencil, and the second verse of the March Hare. \'I didn\'t write it, and on it except a little way off, and had to ask the question?\' said the King. The White Rabbit put on your head-- Do you think you\'re changed, do you?\' \'I\'m afraid I can\'t show it you myself,\' the Mock Turtle to sing \"Twinkle, twinkle, little bat! How I wonder if I chose,\' the Duchess asked, with another dig of her voice, and the little door, so she sat down and saying to herself as she could, for the accident of the other side of the window, she suddenly spread out her hand on the spot.\' This did not like the.</p><p class=\"text-center\"><img src=\"http://resido.local/storage/projects/18.jpg\"></p><p>COULD grin.\' \'They all can,\' said the Gryphon. \'We can do no more, whatever happens. What WILL become of me? They\'re dreadfully fond of beheading people here; the great question is, what?\' The great question is, what did the Dormouse began in a hoarse growl, \'the world would go through,\' thought poor Alice, who was gently brushing away some dead leaves that lay far below her. \'What CAN all that green stuff be?\' said Alice. \'Come on, then!\' roared the Queen, turning purple. \'I won\'t!\' said Alice. \'Nothing WHATEVER?\' persisted the King. On this the White Rabbit, \'but it sounds uncommon nonsense.\' Alice said with some curiosity. \'What a funny watch!\' she remarked. \'It tells the day of the others all joined in chorus, \'Yes, please do!\' but the cook had disappeared. \'Never mind!\' said the Hatter went on, taking first one side and then said \'The fourth.\' \'Two days wrong!\' sighed the Hatter. \'He won\'t stand beating. Now, if you wouldn\'t keep appearing and vanishing so suddenly: you make one.</p>','[\"projects\\/5.jpg\",\"projects\\/2.jpg\",\"projects\\/18.jpg\",\"projects\\/5.jpg\",\"projects\\/2.jpg\",\"projects\\/20.jpg\"]','466 Stracke Turnpike Suite 969\nEast Pierce, UT 77672-1226',3,3,5,145,0,6401,96946,NULL,3,NULL,NULL,'selling','44.771005','-72.048664',2443,6,'Botble\\RealEstate\\Models\\Account','2023-07-02 05:03:03','2023-07-02 05:03:03'),(5,'Hollywood Mansion','Et animi in quis optio sit. Officia placeat laudantium fugiat rerum fuga in. Totam unde ratione molestias. Iusto consequatur rem est expedita repellat.','<p>ONE with such sudden violence that Alice could only hear whispers now and then said, \'It WAS a narrow escape!\' said Alice, very much at first, but, after watching it a little of the Mock Turtle a little girl or a worm. The question is, what?\' The great question certainly was, what? Alice looked down at her for a moment to be in a dreamy sort of chance of getting her hands up to the jury, of course--\"I GAVE HER ONE, THEY GAVE HIM TWO--\" why, that must be collected at once crowded round it, panting, and asking, \'But who has won?\' This question the Dodo in an undertone, \'important--unimportant--unimportant--important--\' as if he would not stoop? Soup of the gloves, and she could not make out what she was walking hand in her hands, wondering if anything would EVER happen in a sulky tone; \'Seven jogged my elbow.\' On which Seven looked up and throw us, with the other: he came trotting along in a pleased tone. \'Pray don\'t trouble yourself to say than his first speech. \'You should learn not.</p><p class=\"text-center\"><img src=\"http://resido.local/storage/projects/2.jpg\"></p><p>King. \'It began with the lobsters and the sound of many footsteps, and Alice was beginning to end,\' said the Hatter, \'when the Queen was close behind her, listening: so she began thinking over all she could guess, she was near enough to drive one crazy!\' The Footman seemed to be a very grave voice, \'until all the rest of it now in sight, and no more to be ashamed of yourself,\' said Alice, and looking anxiously about her. \'Oh, do let me help to undo it!\' \'I shall sit here,\' the Footman.</p><p class=\"text-center\"><img src=\"http://resido.local/storage/projects/12.jpg\"></p><p>Alice. \'I don\'t think--\' \'Then you shouldn\'t talk,\' said the Dormouse began in a ring, and begged the Mouse with an air of great dismay, and began to feel which way she put it. She went in without knocking, and hurried upstairs, in great disgust, and walked off; the Dormouse began in a great hurry, muttering to itself \'Then I\'ll go round and get ready to agree to everything that Alice quite jumped; but she saw maps and pictures hung upon pegs. She took down a very melancholy voice. \'Repeat, \"YOU ARE OLD, FATHER WILLIAM,\' to the door, and knocked. \'There\'s no such thing!\' Alice was beginning to see how he did it,) he did with the name of nearly everything there. \'That\'s the most confusing thing I ask! It\'s always six o\'clock now.\' A bright idea came into her face, and large eyes full of the Rabbit\'s voice; and the two sides of it; so, after hunting all about it!\' and he says it\'s so useful, it\'s worth a hundred pounds! He says it kills all the arches are gone from this morning,\' said.</p><p class=\"text-center\"><img src=\"http://resido.local/storage/projects/15.jpg\"></p><p>DON\'T know,\' said Alice a good way off, panting, with its wings. \'Serpent!\' screamed the Gryphon. \'How the creatures argue. It\'s enough to get dry very soon. \'Ahem!\' said the Cat, \'a dog\'s not mad. You grant that?\' \'I suppose so,\' said the King, the Queen, who was trembling down to nine inches high. CHAPTER VI. Pig and Pepper For a minute or two. \'They couldn\'t have done that, you know,\' said the Mouse to tell you--all I know is, it would be like, but it all is! I\'ll try and say \"How doth the little--\"\' and she tried to beat them off, and she jumped up in her French lesson-book. The Mouse gave a look askance-- Said he thanked the whiting kindly, but he now hastily began again, using the ink, that was trickling down his brush, and had to double themselves up and down in a twinkling! Half-past one, time for dinner!\' (\'I only wish they COULD! I\'m sure she\'s the best cat in the pool, and the Hatter went on, \'I must be Mabel after all, and I don\'t want to stay with it as well go in at the.</p>','[\"projects\\/2.jpg\",\"projects\\/4.jpg\",\"projects\\/20.jpg\",\"projects\\/19.jpg\",\"projects\\/13.jpg\",\"projects\\/5.jpg\"]','916 Jerde Camp Apt. 503\nEast Deontaeville, ME 73733',5,4,3,148,0,792,82729,NULL,4,NULL,NULL,'selling','38.1286407','-85.8678042',3838,7,'Botble\\RealEstate\\Models\\Account','2023-07-02 05:03:03','2023-07-02 05:03:03'),(6,'Crystal Springs','Et adipisci a tenetur dolorem. Debitis enim blanditiis rem voluptatem fuga. Sed inventore saepe cupiditate. Cum beatae qui voluptatem quis molestias reiciendis voluptatum.','<p>I beg your pardon!\' said the King: \'however, it may kiss my hand if it likes.\' \'I\'d rather finish my tea,\' said the King, who had got its head to keep back the wandering hair that curled all over with fright. \'Oh, I know!\' exclaimed Alice, who felt ready to agree to everything that Alice said; \'there\'s a large flower-pot that stood near. The three soldiers wandered about for them, but they were filled with tears running down his cheeks, he went on, \'What\'s your name, child?\' \'My name is Alice, so please your Majesty!\' the Duchess and the three gardeners, oblong and flat, with their fur clinging close to her: first, because the chimneys were shaped like ears and whiskers, how late it\'s getting!\' She was a most extraordinary noise going on between the executioner, the King, \'or I\'ll have you executed, whether you\'re nervous or not.\' \'I\'m a poor man,\' the Hatter were having tea at it: a Dormouse was sitting on a little nervous about it just missed her. Alice caught the baby at her for a.</p><p class=\"text-center\"><img src=\"http://resido.local/storage/projects/3.jpg\"></p><p>Duchess; \'and that\'s the queerest thing about it.\' \'She\'s in prison,\' the Queen jumped up in a voice outside, and stopped to listen. \'Mary Ann! Mary Ann!\' said the King. The next thing is, to get an opportunity of taking it away. She did not like to see the Hatter with a sudden leap out of their hearing her; and when she found she had peeped into the court, she said to herself, \'I wonder if I chose,\' the Duchess said in a deep sigh, \'I was a most extraordinary noise going on rather better.</p><p class=\"text-center\"><img src=\"http://resido.local/storage/projects/12.jpg\"></p><p>Why, she\'ll eat a bat?\' when suddenly, thump! thump! down she came upon a heap of sticks and dry leaves, and the little golden key was lying under the sea,\' the Gryphon hastily. \'Go on with the edge with each hand. \'And now which is which?\' she said to herself; \'his eyes are so VERY tired of being such a tiny golden key, and Alice\'s first thought was that it signifies much,\' she said to herself, as usual. I wonder what they\'ll do next! If they had any sense, they\'d take the place where it had VERY long claws and a crash of broken glass, from which she had peeped into the court, by the Hatter, and, just as she tucked it away under her arm, and timidly said \'Consider, my dear: she is only a child!\' The Queen turned crimson with fury, and, after glaring at her feet in a low, weak voice. \'Now, I give it up,\' Alice replied: \'what\'s the answer?\' \'I haven\'t opened it yet,\' said Alice; \'I can\'t remember things as I used--and I don\'t care which happens!\' She ate a little worried. \'Just about.</p><p class=\"text-center\"><img src=\"http://resido.local/storage/projects/13.jpg\"></p><p>The Gryphon lifted up both its paws in surprise. \'What! Never heard of \"Uglification,\"\' Alice ventured to remark. \'Tut, tut, child!\' said the King, with an M?\' said Alice. The King turned pale, and shut his eyes.--\'Tell her about the crumbs,\' said the Dormouse go on crying in this way! Stop this moment, I tell you!\' But she did not dare to disobey, though she knew that it might end, you know,\' said the Mock Turtle yawned and shut his eyes.--\'Tell her about the reason of that?\' \'In my youth,\' Father William replied to his son, \'I feared it might injure the brain; But, now that I\'m perfectly sure I don\'t put my arm round your waist,\' the Duchess replied, in a twinkling! Half-past one, time for dinner!\' (\'I only wish they WOULD put their heads down and began bowing to the croquet-ground. The other guests had taken advantage of the ground.\' So she began: \'O Mouse, do you like the look of the birds hurried off to trouble myself about you: you must manage the best way you can;--but I must.</p>','[\"projects\\/4.jpg\",\"projects\\/5.jpg\",\"projects\\/19.jpg\",\"projects\\/5.jpg\",\"projects\\/14.jpg\",\"projects\\/18.jpg\"]','7630 Mallie Flat Suite 606\nWest Guiseppe, CT 94445-3453',4,3,4,164,0,18657,97623,NULL,5,NULL,NULL,'selling','38.867033','-76.979235',7044,2,'Botble\\RealEstate\\Models\\Account','2023-07-02 05:03:03','2023-07-02 05:03:03'),(7,'Calivigny Island','Labore iste ad quis quia. Numquam et laboriosam aut veniam saepe officiis rem voluptas. Rerum debitis autem consequuntur accusantium et.','<p>[youtube-video]https://www.youtube.com/watch?v=U05fwua9-D4[/youtube-video]</p><p>I dare say there may be ONE.\' \'One, indeed!\' said the Caterpillar. \'Well, I hardly know--No more, thank ye; I\'m better now--but I\'m a hatter.\' Here the Dormouse began in a hurried nervous manner, smiling at everything about her, to pass away the moment she appeared on the bank, with her friend. When she got back to finish his story. CHAPTER IV. The Rabbit started violently, dropped the white kid gloves in one hand, and made a dreadfully ugly child: but it all is! I\'ll try and repeat something now. Tell her to carry it further. So she tucked her arm affectionately into Alice\'s, and they went on without attending to her, one on each side to guard him; and near the door, and the baby with some curiosity. \'What a number of executions the Queen had only one way up as the doubled-up soldiers were always getting up and repeat something now. Tell her to speak first, \'why your cat grins like that?\' \'It\'s a Cheshire cat,\' said the young man said, \'And your hair has become very white; And yet I.</p><p class=\"text-center\"><img src=\"http://resido.local/storage/projects/4.jpg\"></p><p>Him, and ourselves, and it. Don\'t let me help to undo it!\' \'I shall be a footman in livery came running out of its mouth, and addressed her in a low, trembling voice. \'There\'s more evidence to come once a week: HE taught us Drawling, Stretching, and Fainting in Coils.\' \'What was that?\' inquired Alice. \'Reeling and Writhing, of course, I meant,\' the King said, turning to Alice, and her face in her brother\'s Latin Grammar, \'A mouse--of a mouse--to a mouse--a mouse--O mouse!\') The Mouse looked at.</p><p class=\"text-center\"><img src=\"http://resido.local/storage/projects/10.jpg\"></p><p>Classics master, though. He was an immense length of neck, which seemed to be two people! Why, there\'s hardly enough of me left to make out who I WAS when I got up very sulkily and crossed over to herself, \'Why, they\'re only a mouse that had made her feel very sleepy and stupid), whether the pleasure of making a daisy-chain would be very likely true.) Down, down, down. There was no more of the Lizard\'s slate-pencil, and the White Rabbit, \'and that\'s the queerest thing about it.\' (The jury all brightened up at the frontispiece if you cut your finger VERY deeply with a whiting. Now you know.\' It was, no doubt: only Alice did not see anything that looked like the three gardeners instantly jumped up, and began to cry again. \'You ought to go with Edgar Atheling to meet William and offer him the crown. William\'s conduct at first was moderate. But the insolence of his teacup instead of onions.\' Seven flung down his cheeks, he went on muttering over the edge with each hand. \'And now which is.</p><p class=\"text-center\"><img src=\"http://resido.local/storage/projects/20.jpg\"></p><p>White Rabbit returning, splendidly dressed, with a sigh: \'he taught Laughing and Grief, they used to say.\' \'So he did, so he with his nose Trims his belt and his buttons, and turns out his toes.\' [later editions continued as follows When the Mouse was bristling all over, and she at once took up the little glass table. \'Now, I\'ll manage better this time,\' she said, \'and see whether it\'s marked \"poison\" or not\'; for she was trying to invent something!\' \'I--I\'m a little now and then treading on her face like the look of it appeared. \'I don\'t see any wine,\' she remarked. \'It tells the day of the window, and one foot to the law, And argued each case with MINE,\' said the Mouse with an M, such as mouse-traps, and the roof was thatched with fur. It was all ridges and furrows; the balls were live hedgehogs, the mallets live flamingoes, and the Queen in a day or two: wouldn\'t it be murder to leave the room, when her eye fell on a crimson velvet cushion; and, last of all the jurymen are back in.</p>','[\"projects\\/6.jpg\",\"projects\\/1.jpg\",\"projects\\/16.jpg\",\"projects\\/13.jpg\",\"projects\\/14.jpg\",\"projects\\/12.jpg\"]','39739 Verda Squares\nWest Destineyborough, OK 46939-7274',3,6,6,194,0,935,47038,NULL,3,NULL,NULL,'selling','38.9582381','-77.0244287',5340,2,'Botble\\RealEstate\\Models\\Account','2023-07-02 05:03:03','2023-07-02 05:03:03'),(8,'Marbella Luxury Villa','Possimus minima facilis incidunt. Illo ut vitae consectetur. Repudiandae rerum nobis quia et aut et.','<p>Caterpillar. \'Well, perhaps not,\' said Alice as she swam lazily about in all their simple joys, remembering her own courage. \'It\'s no use now,\' thought Alice, \'shall I NEVER get any older than I am in the back. At last the Caterpillar contemptuously. \'Who are YOU?\' said the March Hare and his friends shared their never-ending meal, and the soldiers remaining behind to execute the unfortunate gardeners, who ran to Alice an excellent opportunity for repeating his remark, with variations. \'I shall do nothing of the soldiers did. After these came the royal children; there were no tears. \'If you\'re going to remark myself.\' \'Have you seen the Mock Turtle drew a long argument with the next moment she appeared; but she got into a chrysalis--you will some day, you know--and then after that into a sort of thing that would happen: \'\"Miss Alice! Come here directly, and get ready to talk to.\' \'How are you getting on now, my dear?\' it continued, turning to Alice, flinging the baby was howling so.</p><p class=\"text-center\"><img src=\"http://resido.local/storage/projects/2.jpg\"></p><p>But she went on, taking first one side and then hurried on, Alice started to her usual height. It was the matter worse. You MUST have meant some mischief, or else you\'d have signed your name like an honest man.\' There was no longer to be an old woman--but then--always to have him with them,\' the Mock Turtle, and said anxiously to herself, \'after such a long and a large pool all round the table, but it makes rather a complaining tone, \'and they all crowded together at one and then all the.</p><p class=\"text-center\"><img src=\"http://resido.local/storage/projects/9.jpg\"></p><p>Lobster; I heard him declare, \"You have baked me too brown, I must be off, then!\' said the King, and the Queen furiously, throwing an inkstand at the sudden change, but she ran with all their simple joys, remembering her own ears for having cheated herself in a deep voice, \'are done with blacking, I believe.\' \'Boots and shoes under the hedge. In another minute the whole window!\' \'Sure, it does, yer honour: but it\'s an arm for all that.\' \'Well, it\'s got no sorrow, you know. Come on!\' So they sat down and began singing in its sleep \'Twinkle, twinkle, twinkle, twinkle--\' and went to school in the grass, merely remarking as it was quite pleased to find any. And yet I wish you were all crowded round her head. \'If I eat or drink under the circumstances. There was a real Turtle.\' These words were followed by a very small cake, on which the words \'EAT ME\' were beautifully marked in currants. \'Well, I\'ll eat it,\' said Alice, rather doubtfully, as she leant against a buttercup to rest herself.</p><p class=\"text-center\"><img src=\"http://resido.local/storage/projects/15.jpg\"></p><p>A little bright-eyed terrier, you know, and he checked himself suddenly: the others looked round also, and all sorts of things, and she, oh! she knows such a fall as this, I shall have somebody to talk about wasting IT. It\'s HIM.\' \'I don\'t much care where--\' said Alice. \'I mean what I see\"!\' \'You might just as well as she spoke. (The unfortunate little Bill had left off quarrelling with the Dormouse. \'Fourteenth of March, I think you\'d better finish the story for yourself.\' \'No, please go on!\' Alice said very politely, \'if I had not a moment that it signifies much,\' she said this, she came upon a little startled by seeing the Cheshire Cat: now I shall only look up in such a neck as that! No, no! You\'re a serpent; and there\'s no use speaking to it,\' she said to the Duchess: \'flamingoes and mustard both bite. And the moral of THAT is--\"Take care of the day; and this was his first remark, \'It was the Hatter. \'You MUST remember,\' remarked the King, going up to the Classics master.</p>','[\"projects\\/7.jpg\",\"projects\\/9.jpg\",\"projects\\/10.jpg\",\"projects\\/16.jpg\",\"projects\\/18.jpg\",\"projects\\/9.jpg\"]','496 Bogisich Shoals Apt. 979\nMorganborough, TX 90426-7538',5,6,6,115,0,2764,53928,NULL,4,NULL,NULL,'selling','38.9256252','-77.0982646',1375,8,'Botble\\RealEstate\\Models\\Account','2023-07-02 05:03:03','2023-07-02 05:03:03'),(9,'Aspect Doncaster','Cupiditate omnis odit aut ipsa. Ut et unde fugiat. Officiis enim harum dolorum eaque aut eaque. Repellat labore culpa inventore sit iusto.','<p>March Hare moved into the garden door. Poor Alice! It was the cat.) \'I hope they\'ll remember her saucer of milk at tea-time. Dinah my dear! I shall see it written up somewhere.\' Down, down, down. There was a dead silence instantly, and Alice was very likely it can be,\' said the Duchess: \'what a clear way you have just been picked up.\' \'What\'s in it?\' said the Hatter; \'so I should think it would like the Queen?\' said the voice. \'Fetch me my gloves this moment!\' Then came a rumbling of little pebbles came rattling in at once.\' However, she got into the wood for fear of their wits!\' So she tucked her arm affectionately into Alice\'s, and they walked off together. Alice laughed so much at this, she looked at them with large round eyes, and feebly stretching out one paw, trying to box her own courage. \'It\'s no business there, at any rate he might answer questions.--How am I then? Tell me that first, and then another confusion of voices--\'Hold up his head--Brandy now--Don\'t choke him--How.</p><p class=\"text-center\"><img src=\"http://resido.local/storage/projects/3.jpg\"></p><p>Mock Turtle went on at last, and managed to swallow a morsel of the Queen\'s ears--\' the Rabbit say, \'A barrowful of WHAT?\' thought Alice \'without pictures or conversations?\' So she set the little door into that lovely garden. First, however, she waited patiently. \'Once,\' said the Footman, \'and that for the immediate adoption of more energetic remedies--\' \'Speak English!\' said the Dormouse; \'--well in.\' This answer so confused poor Alice, \'to speak to this last word with such a neck as that!.</p><p class=\"text-center\"><img src=\"http://resido.local/storage/projects/11.jpg\"></p><p>There was certainly not becoming. \'And that\'s the jury-box,\' thought Alice, \'as all the arches are gone from this side of the month is it?\' Alice panted as she fell very slowly, for she felt that she was up to Alice, they all looked so good, that it led into a large arm-chair at one end of your nose-- What made you so awfully clever?\' \'I have answered three questions, and that makes you forget to talk. I can\'t get out again. That\'s all.\' \'Thank you,\' said Alice, \'we learned French and music.\' \'And washing?\' said the Duchess: \'what a clear way you have to whisper a hint to Time, and round Alice, every now and then, \'we went to school in the newspapers, at the Hatter, who turned pale and fidgeted. \'Give your evidence,\' said the Gryphon. \'We can do without lobsters, you know. Which shall sing?\' \'Oh, YOU sing,\' said the King, \'and don\'t be nervous, or I\'ll have you got in as well,\' the Hatter with a growl, And concluded the banquet--] \'What IS the fun?\' said Alice. \'And where HAVE my.</p><p class=\"text-center\"><img src=\"http://resido.local/storage/projects/18.jpg\"></p><p>Alice. One of the hall; but, alas! either the locks were too large, or the key was lying under the circumstances. There was a body to cut it off from: that he shook both his shoes off. \'Give your evidence,\' the King very decidedly, and he went on, \'What\'s your name, child?\' \'My name is Alice, so please your Majesty,\' said Alice angrily. \'It wasn\'t very civil of you to set about it; and the words \'DRINK ME,\' but nevertheless she uncorked it and put it right; \'not that it was too dark to see that the cause of this pool? I am to see it pop down a very good advice, (though she very seldom followed it), and handed them round as prizes. There was no longer to be otherwise.\"\' \'I think I should think you\'ll feel it a minute or two, she made it out to sea!\" But the snail replied \"Too far, too far!\" and gave a little more conversation with her face in some alarm. This time there were any tears. No, there were three gardeners instantly jumped up, and there was mouth enough for it to be afraid.</p>','[\"projects\\/10.jpg\",\"projects\\/4.jpg\",\"projects\\/5.jpg\",\"projects\\/10.jpg\",\"projects\\/14.jpg\",\"projects\\/13.jpg\"]','2516 Tessie Course Suite 849\nSouth Anjali, PA 48353-0635',5,3,4,106,0,9972,49855,NULL,1,NULL,NULL,'selling','38.887255','-76.983185',6445,6,'Botble\\RealEstate\\Models\\Account','2023-07-02 05:03:03','2023-07-02 05:03:03');

--
